{"id":14493,"date":"2025-07-15T13:03:33","date_gmt":"2025-07-15T11:03:33","guid":{"rendered":"https:\/\/uj.adatbank.ro\/lexikon\/termek\/malnasi-maria\/"},"modified":"2025-07-15T13:03:33","modified_gmt":"2025-07-15T11:03:33","slug":"malnasi-maria","status":"publish","type":"product","link":"https:\/\/uj.adatbank.ro\/lexikon\/termek\/malnasi-maria\/","title":{"rendered":"M\u00c1LN\u00c1SI M\u00e1ria"},"content":{"rendered":"<p>Ny\u00edrparasznya, 1908.j\u00fal.11. \u2020\u00a0?: adventsta. Mv.-en lakott. Letart\u00f3ztatt\u00e1k (1959.m\u00e1j.28.), el\u00edt\u00e9lt\u00e9k hat \u00e9vre. Szabadult (1963.jan.15). <br \/><strong>Irod.:<\/strong> 1956 Erd\u00e9lyben<\/br><\/p>\n","protected":false},"excerpt":{"rendered":"<p>Ny\u00edrparasznya, 1908.j\u00fal.11. \u2020\u00a0?: adventsta. Mv.-en lakott. Letart\u00f3ztatt\u00e1k (1959.m\u00e1j.28.), el\u00edt\u00e9lt\u00e9k hat \u00e9vre. Szabadult (1963.jan.15). Irod.: 1956 Erd\u00e9lyben<\/p>\n","protected":false},"featured_media":0,"comment_status":"open","ping_status":"closed","template":"","meta":[],"product_brand":[],"product_cat":[137],"product_tag":[],"class_list":{"0":"post-14493","1":"product","2":"type-product","3":"status-publish","5":"product_cat-maros-megyei-eletrajzi-lexikon","7":"first","8":"instock","9":"shipping-taxable","10":"product-type-simple"},"_links":{"self":[{"href":"https:\/\/uj.adatbank.ro\/lexikon\/wp-json\/wp\/v2\/product\/14493","targetHints":{"allow":["GET"]}}],"collection":[{"href":"https:\/\/uj.adatbank.ro\/lexikon\/wp-json\/wp\/v2\/product"}],"about":[{"href":"https:\/\/uj.adatbank.ro\/lexikon\/wp-json\/wp\/v2\/types\/product"}],"replies":[{"embeddable":true,"href":"https:\/\/uj.adatbank.ro\/lexikon\/wp-json\/wp\/v2\/comments?post=14493"}],"wp:attachment":[{"href":"https:\/\/uj.adatbank.ro\/lexikon\/wp-json\/wp\/v2\/media?parent=14493"}],"wp:term":[{"taxonomy":"product_brand","embeddable":true,"href":"https:\/\/uj.adatbank.ro\/lexikon\/wp-json\/wp\/v2\/product_brand?post=14493"},{"taxonomy":"product_cat","embeddable":true,"href":"https:\/\/uj.adatbank.ro\/lexikon\/wp-json\/wp\/v2\/product_cat?post=14493"},{"taxonomy":"product_tag","embeddable":true,"href":"https:\/\/uj.adatbank.ro\/lexikon\/wp-json\/wp\/v2\/product_tag?post=14493"}],"curies":[{"name":"wp","href":"https:\/\/api.w.org\/{rel}","templated":true}]}}