{"id":14494,"date":"2025-07-15T13:03:34","date_gmt":"2025-07-15T11:03:34","guid":{"rendered":"https:\/\/uj.adatbank.ro\/lexikon\/termek\/malnassy-laszlo-%c2%a7\/"},"modified":"2025-07-15T13:03:34","modified_gmt":"2025-07-15T11:03:34","slug":"malnassy-laszlo-%c2%a7","status":"publish","type":"product","link":"https:\/\/uj.adatbank.ro\/lexikon\/termek\/malnassy-laszlo-%c2%a7\/","title":{"rendered":"M\u00c1LN\u00c1SSY L\u00e1szl\u00f3, \u00a7"},"content":{"rendered":"<p>G\u00f6rg\u00e9nyhod\u00e1k, 1909. m\u00e1rc. 28., \u2020\u00a0Mv., 1970.m\u00e1rc. 28.: k\u00f6zgazd\u00e1sz, gombaszak\u00e9rt\u0151. \u2013 R\u00f6vid ideig Segesv\u00e1ron \u00e9s Zilahon is dolgozott, de \u00e9lete nagyr\u00e9sz\u00e9t Mv.-en t\u00f6lt\u00f6tte, utolj\u00e1ra a Maros megyei helyiipari v\u00e1llalatok f\u0151k\u00f6nyvel\u0151je volt nyugd\u00edjaz\u00e1s\u00e1ig (1969). Term\u00e9szetber\u00e1t \u00e9s gombaszak\u00e9rt\u0151 volt.Vezette a Bolyai Farkas l\u00edc. di\u00e1kjainak a term\u00e9szetbar\u00e1t- gomb\u00e1sz \u2013 madar\u00e1sz szakk\u00f6r\u00e9t. A mv.-i gomb\u00e1szegyes\u00fclet M. L. nevet vette fel. \u00cdr\u00e1sai a V. Z.-ban jelentek meg. \u2013 <strong>F. m.:<\/strong> Kis gomb\u00e1sk\u00f6nyv (Kv., 1972, Mv., 2003). <br \/><strong>Irod.:<\/strong> M\u00e1ln\u00e1si Andr\u00e1s: Eml\u00e9kez\u00e9s M. L.-ra (N\u00fa., 2005. m\u00e1rc. 25); M\u00e1ln\u00e1si Andr\u00e1s: 100 \u00e9ve sz\u00fcletett M. L. (N\u00fa., Sz\u00ednes Vil\u00e1g, 2009. \u00e1pr. 4.); <\/br><\/p>\n","protected":false},"excerpt":{"rendered":"<p>G\u00f6rg\u00e9nyhod\u00e1k, 1909. m\u00e1rc. 28., \u2020\u00a0Mv., 1970.m\u00e1rc. 28.: k\u00f6zgazd\u00e1sz, gombaszak\u00e9rt\u0151. \u2013 R\u00f6vid ideig Segesv\u00e1ron \u00e9s Zilahon is dolgozott, de \u00e9lete nagyr\u00e9sz\u00e9t Mv.-en t\u00f6lt\u00f6tte, utolj\u00e1ra a Maros megyei helyiipari v\u00e1llalatok f\u0151k\u00f6nyvel\u0151je volt nyugd\u00edjaz\u00e1s\u00e1ig (1969). Term\u00e9szetber\u00e1t \u00e9s gombaszak\u00e9rt\u0151 volt.Vezette a Bolyai Farkas l\u00edc. di\u00e1kjainak a term\u00e9szetbar\u00e1t- gomb\u00e1sz \u2013 madar\u00e1sz szakk\u00f6r\u00e9t. A mv.-i gomb\u00e1szegyes\u00fclet M. L. nevet vette fel. [&hellip;]<\/p>\n","protected":false},"featured_media":0,"comment_status":"open","ping_status":"closed","template":"","meta":[],"product_brand":[],"product_cat":[137],"product_tag":[],"class_list":{"0":"post-14494","1":"product","2":"type-product","3":"status-publish","5":"product_cat-maros-megyei-eletrajzi-lexikon","7":"first","8":"instock","9":"shipping-taxable","10":"product-type-simple"},"_links":{"self":[{"href":"https:\/\/uj.adatbank.ro\/lexikon\/wp-json\/wp\/v2\/product\/14494","targetHints":{"allow":["GET"]}}],"collection":[{"href":"https:\/\/uj.adatbank.ro\/lexikon\/wp-json\/wp\/v2\/product"}],"about":[{"href":"https:\/\/uj.adatbank.ro\/lexikon\/wp-json\/wp\/v2\/types\/product"}],"replies":[{"embeddable":true,"href":"https:\/\/uj.adatbank.ro\/lexikon\/wp-json\/wp\/v2\/comments?post=14494"}],"wp:attachment":[{"href":"https:\/\/uj.adatbank.ro\/lexikon\/wp-json\/wp\/v2\/media?parent=14494"}],"wp:term":[{"taxonomy":"product_brand","embeddable":true,"href":"https:\/\/uj.adatbank.ro\/lexikon\/wp-json\/wp\/v2\/product_brand?post=14494"},{"taxonomy":"product_cat","embeddable":true,"href":"https:\/\/uj.adatbank.ro\/lexikon\/wp-json\/wp\/v2\/product_cat?post=14494"},{"taxonomy":"product_tag","embeddable":true,"href":"https:\/\/uj.adatbank.ro\/lexikon\/wp-json\/wp\/v2\/product_tag?post=14494"}],"curies":[{"name":"wp","href":"https:\/\/api.w.org\/{rel}","templated":true}]}}

MÁLNÁSSY László, §

<p>Görgényhodák, 1909. márc. 28., † Mv., 1970.márc. 28.: közgazdász, gombaszakértő. – Rövid ideig Segesváron és Zilahon is dolgozott, de élete nagyrészét Mv.-en töltötte, utoljára a Maros megyei helyiipari vállalatok főkönyvelője volt nyugdíjazásáig (1969). Természetberát és gombaszakértő volt.Vezette a Bolyai Farkas líc. diákjainak a természetbarát- gombász – madarász szakkörét. A mv.-i gombászegyesület M. L. nevet vette fel. Írásai a V. Z.-ban jelentek meg. – <strong>F. m.:</strong> Kis gombáskönyv (Kv., 1972, Mv., 2003). <br /><strong>Irod.:</strong> Málnási András: Emlékezés M. L.-ra (Nú., 2005. márc. 25); Málnási András: 100 éve született M. L. (Nú., Színes Világ, 2009. ápr. 4.); </br></p>

<p>Görgényhodák, 1909. márc. 28., † Mv., 1970.márc. 28.: közgazdász, gombaszakértő. – Rövid ideig Segesváron és Zilahon is dolgozott, de élete nagyrészét Mv.-en töltötte, utoljára a Maros megyei helyiipari vállalatok főkönyvelője volt nyugdíjazásáig (1969). Természetberát és gombaszakértő volt.Vezette a Bolyai Farkas líc. diákjainak a természetbarát- gombász – madarász szakkörét. A mv.-i gombászegyesület M. L. nevet vette fel. [&hellip;]</p>
