{"id":14497,"date":"2025-07-15T13:03:38","date_gmt":"2025-07-15T11:03:38","guid":{"rendered":"https:\/\/uj.adatbank.ro\/lexikon\/termek\/malom-dezso-%c2%a7-malomvizi-malom-dezideriu\/"},"modified":"2025-07-15T13:03:38","modified_gmt":"2025-07-15T11:03:38","slug":"malom-dezso-%c2%a7-malomvizi-malom-dezideriu","status":"publish","type":"product","link":"https:\/\/uj.adatbank.ro\/lexikon\/termek\/malom-dezso-%c2%a7-malomvizi-malom-dezideriu\/","title":{"rendered":"MALOM Dezs\u0151, \u00a7 malomvizi, Malom Dezideriu"},"content":{"rendered":"<p>1868.? \u2020 Mv., 1925. okt. 9. Kv.-on temett\u00e9k: f\u0151orvos. \u2013 A mv.-i v\u00e1rosi t\u00f6rv\u00e9nyhat\u00f3s\u00e1gi test\u00fclet k\u00e9pvisel\u0151je (1910). Az \u00e1llami k\u00f3rh\u00e1zban belgy\u00f3gy\u00e1sz-sz\u00fcl\u00e9sz orvos (1913). Az I. vh.-ban f\u0151orvos volt a mv.-i m. kir. \u00e1llami k\u00f3rh\u00e1zban, ahov\u00e1 a legs\u00falyosabb sebes\u00fclteket vitt\u00e9k. A V\u00f6r\u00f6s Kereszt II. oszt. hadi\u00e9kitm\u00e9nyes tiszteletjelv\u00e9ny\u00e9t a hadi\u00e9k\u00edtm\u00e9nnyel kapta. A K\u00f6zeg\u00e9szs\u00e9g\u00fcgyi bizotts\u00e1g elln\u00f6ke (1920). k\u00f3rh\u00e1zi f\u0151orvos, a mv.-i b\u00e1bak\u00e9pz\u0151 int\u00e9zet vezet\u0151 tan\u00e1ra, az EME Orvos- Term\u00e9szettudom\u00e1nyi Szakoszt\u00e1ly\u00e1nak tagja (1894\u2013)-, a M. Seb\u00e9szt\u00e1rsas\u00e1g rendes tagja, a mv.-i ref. egyh\u00e1zk\u00f6zs\u00e9g presbitere. A Magyar Sz\u00f6vets\u00e9g mv.-i tagozata int\u00e9z\u0151bizotts\u00e1g\u00e1nak tagja (1921). A V\u00f6r\u00f6s-Kereszt Egylet hadi\u00e9kitm\u00e9nyes II-ik oszt. keresztj\u00e9nek \u00e9s a polg\u00e1ri \u00e9rdemkereszt II. oszt. tulajdonosa. A Mv.-i Kaszin\u00f3 tagja. <br \/><strong>Irod.:<\/strong> Almanah Tg.M.; Bi\u00e1s Istv\u00e1n; Gy\u00e1szjelent\u0151; Id\u0151t\u00e1r 2; Id\u0151t\u00e1r 3; Mv. \u00e9s a h\u00e1bor\u00fa 1\u20132.<\/br><\/p>\n","protected":false},"excerpt":{"rendered":"<p>1868.? \u2020 Mv., 1925. okt. 9. Kv.-on temett\u00e9k: f\u0151orvos. \u2013 A mv.-i v\u00e1rosi t\u00f6rv\u00e9nyhat\u00f3s\u00e1gi test\u00fclet k\u00e9pvisel\u0151je (1910). Az \u00e1llami k\u00f3rh\u00e1zban belgy\u00f3gy\u00e1sz-sz\u00fcl\u00e9sz orvos (1913). Az I. vh.-ban f\u0151orvos volt a mv.-i m. kir. \u00e1llami k\u00f3rh\u00e1zban, ahov\u00e1 a legs\u00falyosabb sebes\u00fclteket vitt\u00e9k. A V\u00f6r\u00f6s Kereszt II. oszt. hadi\u00e9kitm\u00e9nyes tiszteletjelv\u00e9ny\u00e9t a hadi\u00e9k\u00edtm\u00e9nnyel kapta. A K\u00f6zeg\u00e9szs\u00e9g\u00fcgyi bizotts\u00e1g elln\u00f6ke (1920). k\u00f3rh\u00e1zi [&hellip;]<\/p>\n","protected":false},"featured_media":0,"comment_status":"open","ping_status":"closed","template":"","meta":[],"product_brand":[],"product_cat":[137],"product_tag":[],"class_list":{"0":"post-14497","1":"product","2":"type-product","3":"status-publish","5":"product_cat-maros-megyei-eletrajzi-lexikon","7":"first","8":"instock","9":"shipping-taxable","10":"product-type-simple"},"_links":{"self":[{"href":"https:\/\/uj.adatbank.ro\/lexikon\/wp-json\/wp\/v2\/product\/14497","targetHints":{"allow":["GET"]}}],"collection":[{"href":"https:\/\/uj.adatbank.ro\/lexikon\/wp-json\/wp\/v2\/product"}],"about":[{"href":"https:\/\/uj.adatbank.ro\/lexikon\/wp-json\/wp\/v2\/types\/product"}],"replies":[{"embeddable":true,"href":"https:\/\/uj.adatbank.ro\/lexikon\/wp-json\/wp\/v2\/comments?post=14497"}],"wp:attachment":[{"href":"https:\/\/uj.adatbank.ro\/lexikon\/wp-json\/wp\/v2\/media?parent=14497"}],"wp:term":[{"taxonomy":"product_brand","embeddable":true,"href":"https:\/\/uj.adatbank.ro\/lexikon\/wp-json\/wp\/v2\/product_brand?post=14497"},{"taxonomy":"product_cat","embeddable":true,"href":"https:\/\/uj.adatbank.ro\/lexikon\/wp-json\/wp\/v2\/product_cat?post=14497"},{"taxonomy":"product_tag","embeddable":true,"href":"https:\/\/uj.adatbank.ro\/lexikon\/wp-json\/wp\/v2\/product_tag?post=14497"}],"curies":[{"name":"wp","href":"https:\/\/api.w.org\/{rel}","templated":true}]}}

MALOM Dezső, § malomvizi, Malom Dezideriu

<p>1868.? † Mv., 1925. okt. 9. Kv.-on temették: főorvos. – A mv.-i városi törvényhatósági testület képviselője (1910). Az állami kórházban belgyógyász-szülész orvos (1913). Az I. vh.-ban főorvos volt a mv.-i m. kir. állami kórházban, ahová a legsúlyosabb sebesülteket vitték. A Vörös Kereszt II. oszt. hadiékitményes tiszteletjelvényét a hadiékítménnyel kapta. A Közegészségügyi bizottság ellnöke (1920). kórházi főorvos, a mv.-i bábaképző intézet vezető tanára, az EME Orvos- Természettudományi Szakosztályának tagja (1894–)-, a M. Sebésztársaság rendes tagja, a mv.-i ref. egyházközség presbitere. A Magyar Szövetség mv.-i tagozata intézőbizottságának tagja (1921). A Vörös-Kereszt Egylet hadiékitményes II-ik oszt. keresztjének és a polgári érdemkereszt II. oszt. tulajdonosa. A Mv.-i Kaszinó tagja. <br /><strong>Irod.:</strong> Almanah Tg.M.; Biás István; Gyászjelentő; Időtár 2; Időtár 3; Mv. és a háború 1–2.</br></p>

<p>1868.? † Mv., 1925. okt. 9. Kv.-on temették: főorvos. – A mv.-i városi törvényhatósági testület képviselője (1910). Az állami kórházban belgyógyász-szülész orvos (1913). Az I. vh.-ban főorvos volt a mv.-i m. kir. állami kórházban, ahová a legsúlyosabb sebesülteket vitték. A Vörös Kereszt II. oszt. hadiékitményes tiszteletjelvényét a hadiékítménnyel kapta. A Közegészségügyi bizottság ellnöke (1920). kórházi [&hellip;]</p>
