{"id":14500,"date":"2025-07-15T13:03:44","date_gmt":"2025-07-15T11:03:44","guid":{"rendered":"https:\/\/uj.adatbank.ro\/lexikon\/termek\/malos-ioan-n-malos-ioan-i\/"},"modified":"2025-07-15T13:03:44","modified_gmt":"2025-07-15T11:03:44","slug":"malos-ioan-n-malos-ioan-i","status":"publish","type":"product","link":"https:\/\/uj.adatbank.ro\/lexikon\/termek\/malos-ioan-n-malos-ioan-i\/","title":{"rendered":"MALO\u015e, Ioan N., Malo\u015f, Ioan I."},"content":{"rendered":"<p>Nazn\u00e1nfalva, 1916. m\u00e1j. 4., \u2020 Frankfurt am Main, 1942. nov. 23. Sz\u00e1szr\u00e9genben temett\u00e9k el: tan\u00e1r, etnogr\u00e1fus, \u00fajs\u00e1gszerkeszt\u0151. \u2013 Ioan Malo\u015f fia. \u2013 Az elemit sz\u00fcl\u0151faluj\u00e1ban a k\u00f6z\u00e9piskol\u00e1t Mv.-en, a teol\u00f3giai akad.-t (1937), valamint a t\u00f6rt\u00e9nelem-f\u00f6ldrajz szakot Kv.-on v\u00e9gezte (1938). Romulus Vuia prof. labor\u00e1nsnak nevezte ki a kv.-i Etnogr\u00e1fiai M\u00fazeumban, majd aszisztensek\u00e9nt kezdett dolgozni Kv.-on az egyetem Etnogr\u00e1fia Kar\u00e1n (1937\u2013). Alkalma volt t\u00f6bb eur\u00f3pai etnogr\u00e1fiai m\u00fazeumot megl\u00e1togatni (Stockholm, Hamburg, N\u00fcrenberg, M\u00fcnchen, Lipcs, B\u00e9cs, Bp.). Az egyetemmel egy\u00fctt Szebenbe menek\u00fclt (1940). Megv\u00e1lasztott\u00e1k az Irodalmi \u00e9s Filoz\u00f3fiai T\u00e1rsas\u00e1g eln\u00f6k\u00e9nek (1940\u201341). T\u00f6bb t\u00e1rs\u00e1val Lucian Blaga vezet\u00e9s\u00e9vel kiadta a Cur\u0163ile dorului c. lapot. A Nemzeti Propaganda Miniszt\u00e9rium szervez\u00e9s\u00e9ben etnogr\u00e1fiai v\u00e1ndor ki\u00e1ll\u00edt\u00e1st vittek N\u00e9meto.-ba (B\u00e9cs, Stuttgard, Frankfurt an Maine, K\u00f6ln, Berlin), megbetegedett \u00e9s utk\u00f6zben hazafel\u00e9 elhunyt. T\u00f6bb sajt\u00f3term\u00e9k munkat\u00e1rsa volt. N\u00e9prajzi \u00e9s folklor tanulm\u00e1nyai : Plut\u0103ritul pe Valea Mure\u015fului, P\u0103storitul la Luieriu, Piv\u0103ritul \u00een comuna Ib\u0103ne\u015fti, A\u015fez\u0103rile omene\u015fti dintre Mure\u015f \u015fi r\u00e2ul Gurghiului, C\u00e2teva \u00eensemn\u0103ri asupra a\u015fez\u0103rii omene\u015fti rurale din Regiunea Reghinului, Contribu\u0163ii la metoda de cercetare a obiceiurilor de cr\u0103ciun, Elemente religioase cre\u015ftine \u00een poezia popular\u0103 de pe Valea Mure\u015fului \u2013 a Telegraful Rom\u00e2n, Cur\u0163ile dorului, Via\u0163a ilustrat\u0103, Rena\u015fterea, Tribuna c. lapokban jelentek meg. Pl. a Tribuna k\u00f6z\u00f6lte Elemente religioase cre\u015ftine \u00een poezia popular\u0103 de pe Valea Mure\u015fului c. tanulm\u00e1ny\u00e1t (1939). <br \/><strong>Irod.:<\/strong> F\u0103r\u0103g\u0103u; Pop, Valer: Ioan N. Malo\u015f (Tg. M., 2008); Reg. Cult. 3.; Todea 2013<\/br><\/p>\n","protected":false},"excerpt":{"rendered":"<p>Nazn\u00e1nfalva, 1916. m\u00e1j. 4., \u2020 Frankfurt am Main, 1942. nov. 23. Sz\u00e1szr\u00e9genben temett\u00e9k el: tan\u00e1r, etnogr\u00e1fus, \u00fajs\u00e1gszerkeszt\u0151. \u2013 Ioan Malo\u015f fia. \u2013 Az elemit sz\u00fcl\u0151faluj\u00e1ban a k\u00f6z\u00e9piskol\u00e1t Mv.-en, a teol\u00f3giai akad.-t (1937), valamint a t\u00f6rt\u00e9nelem-f\u00f6ldrajz szakot Kv.-on v\u00e9gezte (1938). Romulus Vuia prof. labor\u00e1nsnak nevezte ki a kv.-i Etnogr\u00e1fiai M\u00fazeumban, majd aszisztensek\u00e9nt kezdett dolgozni Kv.-on az [&hellip;]<\/p>\n","protected":false},"featured_media":0,"comment_status":"open","ping_status":"closed","template":"","meta":[],"product_brand":[],"product_cat":[137],"product_tag":[],"class_list":{"0":"post-14500","1":"product","2":"type-product","3":"status-publish","5":"product_cat-maros-megyei-eletrajzi-lexikon","7":"first","8":"instock","9":"shipping-taxable","10":"product-type-simple"},"_links":{"self":[{"href":"https:\/\/uj.adatbank.ro\/lexikon\/wp-json\/wp\/v2\/product\/14500","targetHints":{"allow":["GET"]}}],"collection":[{"href":"https:\/\/uj.adatbank.ro\/lexikon\/wp-json\/wp\/v2\/product"}],"about":[{"href":"https:\/\/uj.adatbank.ro\/lexikon\/wp-json\/wp\/v2\/types\/product"}],"replies":[{"embeddable":true,"href":"https:\/\/uj.adatbank.ro\/lexikon\/wp-json\/wp\/v2\/comments?post=14500"}],"wp:attachment":[{"href":"https:\/\/uj.adatbank.ro\/lexikon\/wp-json\/wp\/v2\/media?parent=14500"}],"wp:term":[{"taxonomy":"product_brand","embeddable":true,"href":"https:\/\/uj.adatbank.ro\/lexikon\/wp-json\/wp\/v2\/product_brand?post=14500"},{"taxonomy":"product_cat","embeddable":true,"href":"https:\/\/uj.adatbank.ro\/lexikon\/wp-json\/wp\/v2\/product_cat?post=14500"},{"taxonomy":"product_tag","embeddable":true,"href":"https:\/\/uj.adatbank.ro\/lexikon\/wp-json\/wp\/v2\/product_tag?post=14500"}],"curies":[{"name":"wp","href":"https:\/\/api.w.org\/{rel}","templated":true}]}}

MALOŞ, Ioan N., Maloş, Ioan I.

<p>Naznánfalva, 1916. máj. 4., † Frankfurt am Main, 1942. nov. 23. Szászrégenben temették el: tanár, etnográfus, újságszerkesztő. – Ioan Maloş fia. – Az elemit szülőfalujában a középiskolát Mv.-en, a teológiai akad.-t (1937), valamint a történelem-földrajz szakot Kv.-on végezte (1938). Romulus Vuia prof. laboránsnak nevezte ki a kv.-i Etnográfiai Múzeumban, majd aszisztenseként kezdett dolgozni Kv.-on az egyetem Etnográfia Karán (1937–). Alkalma volt több európai etnográfiai múzeumot meglátogatni (Stockholm, Hamburg, Nürenberg, München, Lipcs, Bécs, Bp.). Az egyetemmel együtt Szebenbe menekült (1940). Megválasztották az Irodalmi és Filozófiai Társaság elnökének (1940–41). Több társával Lucian Blaga vezetésével kiadta a Curţile dorului c. lapot. A Nemzeti Propaganda Minisztérium szervezésében etnográfiai vándor kiállítást vittek Németo.-ba (Bécs, Stuttgard, Frankfurt an Maine, Köln, Berlin), megbetegedett és utközben hazafelé elhunyt. Több sajtótermék munkatársa volt. Néprajzi és folklor tanulmányai : Plutăritul pe Valea Mureşului, Păstoritul la Luieriu, Pivăritul în comuna Ibăneşti, Aşezările omeneşti dintre Mureş şi râul Gurghiului, Câteva însemnări asupra aşezării omeneşti rurale din Regiunea Reghinului, Contribuţii la metoda de cercetare a obiceiurilor de crăciun, Elemente religioase creştine în poezia populară de pe Valea Mureşului – a Telegraful Român, Curţile dorului, Viaţa ilustrată, Renaşterea, Tribuna c. lapokban jelentek meg. Pl. a Tribuna közölte Elemente religioase creştine în poezia populară de pe Valea Mureşului c. tanulmányát (1939). <br /><strong>Irod.:</strong> Fărăgău; Pop, Valer: Ioan N. Maloş (Tg. M., 2008); Reg. Cult. 3.; Todea 2013</br></p>

<p>Naznánfalva, 1916. máj. 4., † Frankfurt am Main, 1942. nov. 23. Szászrégenben temették el: tanár, etnográfus, újságszerkesztő. – Ioan Maloş fia. – Az elemit szülőfalujában a középiskolát Mv.-en, a teológiai akad.-t (1937), valamint a történelem-földrajz szakot Kv.-on végezte (1938). Romulus Vuia prof. laboránsnak nevezte ki a kv.-i Etnográfiai Múzeumban, majd aszisztenseként kezdett dolgozni Kv.-on az [&hellip;]</p>
