{"id":14503,"date":"2025-07-15T13:03:52","date_gmt":"2025-07-15T11:03:52","guid":{"rendered":"https:\/\/uj.adatbank.ro\/lexikon\/termek\/man-aurel\/"},"modified":"2025-07-15T13:03:52","modified_gmt":"2025-07-15T11:03:52","slug":"man-aurel","status":"publish","type":"product","link":"https:\/\/uj.adatbank.ro\/lexikon\/termek\/man-aurel\/","title":{"rendered":"MAN, Aurel"},"content":{"rendered":"<p>G\u00f6rg\u00e9nyhod\u00e1k, 1920, m\u00e1j. 5., \u2020 Segesv\u00e1r, 1944. okt. 1.: tizedes, a Mv. felszabad\u00edt\u00e1s\u00e1ban r\u00e9sztvev\u0151 katona. \u2013 A b\u00e9csi dikt\u00e1tum ut\u00e1n Erd\u00e9lyben maradt, a hadseregb\u0151l megsz\u00f6k\u00f6tt, Brass\u00f3ban be\u00e1llt az 1. hadoszt\u00e1ly 7. hegyivad\u00e1sz z\u00e1szl\u00f3aljba (1944. aug. 23.) \u00e9s r\u00e9szt vett Brass\u00f3, Predeal, Sepsiszengy\u00f6rgy, majd a Ny\u00e1r\u00e1d v\u00f6lgye falvainak : Szentgerice, Harasztker\u00e9k, Backamadaras, \u00c1kosfalva felszabad\u00edt\u00e1s\u00e1ban. S\u00falyosan megsebes\u00fclt a Mv.-n\u00e9l v\u00edvott harcokban \u00e9s meghalt a segesv\u00e1ri k\u00f3rh\u00e1zban. <br \/><strong>Irod.:<\/strong> MMK; Suciu<\/br><\/p>\n","protected":false},"excerpt":{"rendered":"<p>G\u00f6rg\u00e9nyhod\u00e1k, 1920, m\u00e1j. 5., \u2020 Segesv\u00e1r, 1944. okt. 1.: tizedes, a Mv. felszabad\u00edt\u00e1s\u00e1ban r\u00e9sztvev\u0151 katona. \u2013 A b\u00e9csi dikt\u00e1tum ut\u00e1n Erd\u00e9lyben maradt, a hadseregb\u0151l megsz\u00f6k\u00f6tt, Brass\u00f3ban be\u00e1llt az 1. hadoszt\u00e1ly 7. hegyivad\u00e1sz z\u00e1szl\u00f3aljba (1944. aug. 23.) \u00e9s r\u00e9szt vett Brass\u00f3, Predeal, Sepsiszengy\u00f6rgy, majd a Ny\u00e1r\u00e1d v\u00f6lgye falvainak : Szentgerice, Harasztker\u00e9k, Backamadaras, \u00c1kosfalva felszabad\u00edt\u00e1s\u00e1ban. S\u00falyosan megsebes\u00fclt [&hellip;]<\/p>\n","protected":false},"featured_media":0,"comment_status":"open","ping_status":"closed","template":"","meta":[],"product_brand":[],"product_cat":[137],"product_tag":[],"class_list":{"0":"post-14503","1":"product","2":"type-product","3":"status-publish","5":"product_cat-maros-megyei-eletrajzi-lexikon","7":"first","8":"instock","9":"shipping-taxable","10":"product-type-simple"},"_links":{"self":[{"href":"https:\/\/uj.adatbank.ro\/lexikon\/wp-json\/wp\/v2\/product\/14503","targetHints":{"allow":["GET"]}}],"collection":[{"href":"https:\/\/uj.adatbank.ro\/lexikon\/wp-json\/wp\/v2\/product"}],"about":[{"href":"https:\/\/uj.adatbank.ro\/lexikon\/wp-json\/wp\/v2\/types\/product"}],"replies":[{"embeddable":true,"href":"https:\/\/uj.adatbank.ro\/lexikon\/wp-json\/wp\/v2\/comments?post=14503"}],"wp:attachment":[{"href":"https:\/\/uj.adatbank.ro\/lexikon\/wp-json\/wp\/v2\/media?parent=14503"}],"wp:term":[{"taxonomy":"product_brand","embeddable":true,"href":"https:\/\/uj.adatbank.ro\/lexikon\/wp-json\/wp\/v2\/product_brand?post=14503"},{"taxonomy":"product_cat","embeddable":true,"href":"https:\/\/uj.adatbank.ro\/lexikon\/wp-json\/wp\/v2\/product_cat?post=14503"},{"taxonomy":"product_tag","embeddable":true,"href":"https:\/\/uj.adatbank.ro\/lexikon\/wp-json\/wp\/v2\/product_tag?post=14503"}],"curies":[{"name":"wp","href":"https:\/\/api.w.org\/{rel}","templated":true}]}}

<p>Görgényhodák, 1920, máj. 5., † Segesvár, 1944. okt. 1.: tizedes, a Mv. felszabadításában résztvevő katona. – A bécsi diktátum után Erdélyben maradt, a hadseregből megszökött, Brassóban beállt az 1. hadosztály 7. hegyivadász zászlóaljba (1944. aug. 23.) és részt vett Brassó, Predeal, Sepsiszengyörgy, majd a Nyárád völgye falvainak : Szentgerice, Harasztkerék, Backamadaras, Ákosfalva felszabadításában. Súlyosan megsebesült a Mv.-nél vívott harcokban és meghalt a segesvári kórházban. <br /><strong>Irod.:</strong> MMK; Suciu</br></p>

<p>Görgényhodák, 1920, máj. 5., † Segesvár, 1944. okt. 1.: tizedes, a Mv. felszabadításában résztvevő katona. – A bécsi diktátum után Erdélyben maradt, a hadseregből megszökött, Brassóban beállt az 1. hadosztály 7. hegyivadász zászlóaljba (1944. aug. 23.) és részt vett Brassó, Predeal, Sepsiszengyörgy, majd a Nyárád völgye falvainak : Szentgerice, Harasztkerék, Backamadaras, Ákosfalva felszabadításában. Súlyosan megsebesült [&hellip;]</p>
