{"id":14509,"date":"2025-07-15T13:04:05","date_gmt":"2025-07-15T11:04:05","guid":{"rendered":"https:\/\/uj.adatbank.ro\/lexikon\/termek\/man-i-vasile-%c2%a7\/"},"modified":"2025-07-15T13:04:05","modified_gmt":"2025-07-15T11:04:05","slug":"man-i-vasile-%c2%a7","status":"publish","type":"product","link":"https:\/\/uj.adatbank.ro\/lexikon\/termek\/man-i-vasile-%c2%a7\/","title":{"rendered":"MAN, I. Vasile, \u00a7"},"content":{"rendered":"<p>Mez\u0151szabad, 1934. szept. 9., \u2020 Mez\u0151r\u00fccs, 1997. okt. 27.: tan\u00e1r. \u2013 Sz\u00fcl\u0151faluj\u00e1ban v\u00e9gezte az elemi iskol\u00e1t, Mv.-en a P\u00e1piu Ilarian Lic.-ban, a Kereskedelmi K\u00f6z\u00e9piskola tanult (1948\u201352), Kv.-on a BBTE t\u00f6rt\u00e9nelem szak\u00e1n v\u00e9gzett (1952\u201356). P\u00e1ly\u00e1j\u00e1t Mez\u0151gerebenesen (Maros) kezdte (1956\u201362), azut\u00e1n R\u00fccs\u00f6n iskolaigazgat\u00f3 (1962\u201373), majd hal\u00e1l\u00e1ig uo. t\u00f6rt\u00e9nelemtan\u00e1r. Minden tan\u00fcgyi fokozati vizsg\u00e1t letett. Igazgat\u00f3s\u00e1ga ideje alatt 8 \u00faj tantermet \u00e9p\u00edttetett, bevezettette az iskol\u00e1ba a g\u00e1zf\u0171t\u00e9st \u00e9s a villanyt, melegh\u00e1zat l\u00e9tes\u00edtett. Meg\u00edrta R\u00fccs k\u00f6zs\u00e9g monogr\u00e1fi\u00e1j\u00e1t. <br \/><strong>Irod.:<\/strong> Dasc\u0103li mure\u015feni, 1.<\/br><\/p>\n","protected":false},"excerpt":{"rendered":"<p>Mez\u0151szabad, 1934. szept. 9., \u2020 Mez\u0151r\u00fccs, 1997. okt. 27.: tan\u00e1r. \u2013 Sz\u00fcl\u0151faluj\u00e1ban v\u00e9gezte az elemi iskol\u00e1t, Mv.-en a P\u00e1piu Ilarian Lic.-ban, a Kereskedelmi K\u00f6z\u00e9piskola tanult (1948\u201352), Kv.-on a BBTE t\u00f6rt\u00e9nelem szak\u00e1n v\u00e9gzett (1952\u201356). P\u00e1ly\u00e1j\u00e1t Mez\u0151gerebenesen (Maros) kezdte (1956\u201362), azut\u00e1n R\u00fccs\u00f6n iskolaigazgat\u00f3 (1962\u201373), majd hal\u00e1l\u00e1ig uo. t\u00f6rt\u00e9nelemtan\u00e1r. Minden tan\u00fcgyi fokozati vizsg\u00e1t letett. Igazgat\u00f3s\u00e1ga ideje alatt 8 [&hellip;]<\/p>\n","protected":false},"featured_media":0,"comment_status":"open","ping_status":"closed","template":"","meta":[],"product_brand":[],"product_cat":[137],"product_tag":[],"class_list":{"0":"post-14509","1":"product","2":"type-product","3":"status-publish","5":"product_cat-maros-megyei-eletrajzi-lexikon","7":"first","8":"instock","9":"shipping-taxable","10":"product-type-simple"},"_links":{"self":[{"href":"https:\/\/uj.adatbank.ro\/lexikon\/wp-json\/wp\/v2\/product\/14509","targetHints":{"allow":["GET"]}}],"collection":[{"href":"https:\/\/uj.adatbank.ro\/lexikon\/wp-json\/wp\/v2\/product"}],"about":[{"href":"https:\/\/uj.adatbank.ro\/lexikon\/wp-json\/wp\/v2\/types\/product"}],"replies":[{"embeddable":true,"href":"https:\/\/uj.adatbank.ro\/lexikon\/wp-json\/wp\/v2\/comments?post=14509"}],"wp:attachment":[{"href":"https:\/\/uj.adatbank.ro\/lexikon\/wp-json\/wp\/v2\/media?parent=14509"}],"wp:term":[{"taxonomy":"product_brand","embeddable":true,"href":"https:\/\/uj.adatbank.ro\/lexikon\/wp-json\/wp\/v2\/product_brand?post=14509"},{"taxonomy":"product_cat","embeddable":true,"href":"https:\/\/uj.adatbank.ro\/lexikon\/wp-json\/wp\/v2\/product_cat?post=14509"},{"taxonomy":"product_tag","embeddable":true,"href":"https:\/\/uj.adatbank.ro\/lexikon\/wp-json\/wp\/v2\/product_tag?post=14509"}],"curies":[{"name":"wp","href":"https:\/\/api.w.org\/{rel}","templated":true}]}}

<p>Mezőszabad, 1934. szept. 9., † Mezőrücs, 1997. okt. 27.: tanár. – Szülőfalujában végezte az elemi iskolát, Mv.-en a Pápiu Ilarian Lic.-ban, a Kereskedelmi Középiskola tanult (1948–52), Kv.-on a BBTE történelem szakán végzett (1952–56). Pályáját Mezőgerebenesen (Maros) kezdte (1956–62), azután Rücsön iskolaigazgató (1962–73), majd haláláig uo. történelemtanár. Minden tanügyi fokozati vizsgát letett. Igazgatósága ideje alatt 8 új tantermet építtetett, bevezettette az iskolába a gázfűtést és a villanyt, melegházat létesített. Megírta Rücs község monográfiáját. <br /><strong>Irod.:</strong> Dascăli mureşeni, 1.</br></p>

<p>Mezőszabad, 1934. szept. 9., † Mezőrücs, 1997. okt. 27.: tanár. – Szülőfalujában végezte az elemi iskolát, Mv.-en a Pápiu Ilarian Lic.-ban, a Kereskedelmi Középiskola tanult (1948–52), Kv.-on a BBTE történelem szakán végzett (1952–56). Pályáját Mezőgerebenesen (Maros) kezdte (1956–62), azután Rücsön iskolaigazgató (1962–73), majd haláláig uo. történelemtanár. Minden tanügyi fokozati vizsgát letett. Igazgatósága ideje alatt 8 [&hellip;]</p>
