{"id":14513,"date":"2025-07-15T13:04:12","date_gmt":"2025-07-15T11:04:12","guid":{"rendered":"https:\/\/uj.adatbank.ro\/lexikon\/termek\/man-iuliu-man-gyula\/"},"modified":"2025-07-15T13:04:12","modified_gmt":"2025-07-15T11:04:12","slug":"man-iuliu-man-gyula","status":"publish","type":"product","link":"https:\/\/uj.adatbank.ro\/lexikon\/termek\/man-iuliu-man-gyula\/","title":{"rendered":"MAN, Iuliu; M\u00e1n Gyula"},"content":{"rendered":"<p>Marosb\u00e1rdos, 1906., \u2020 ?: g. kat. pap. \u2013 K\u00f6z\u00e9piskol\u00e1it Mv.-en, a teol\u00f3gi\u00e1t Kv.-on v\u00e9gezte, de jogot \u00e9s b\u00f6lcs\u00e9szetet is hallgatott 3 \u00e9vig; papp\u00e1 szentelt\u00e9k (1930). Feket\u00e9n kezdte lelk\u00e9szi m\u0171k\u00f6d\u00e9s\u00e9t, Mez\u0151madarasra, majd G\u00f6rg\u00e9nyszentimr\u00e9re (1936\u201344) \u00e9s Sz\u00e1szr\u00e9genbe ker\u00fclt. Ortodox pap lett Mv.-en (1948\u2013), a K\u0151templomban szolg\u00e1lt \u00e9s Mv. ortodox esperese (1949\u201357). Felsz\u00e1molt\u00e1k a mez\u0151r\u00fccsi esperess\u00e9g k\u00f6r\u00e9t, Mihai Ciobanu esperest\u0151l \u00e1tvette a lev\u00e9lt\u00e1rat \u00e9s az \u00fcgyvezet\u00e9st (1951 jan. 26\u201327.). Egyh\u00e1zi fel\u00fcgyel\u0151 beoszt\u00e1sba helyezt\u00e9k a Buk.-i \u00c9rseks\u00e9gre (1957\u2013). T\u00f6bb irodalmi munk\u00e1ja \u00e9s egyh\u00e1zi t\u00e1rgy\u00fa cikke jelent meg szaklapokban. Az egyh\u00e1zak egyes\u00edt\u00e9s\u00e9ben kifejtett \u00e9rdemei\u00e9rt kit\u00fcntet\u00e9st kapott \u201eGyulafeh\u00e9rv\u00e1ri eml\u00e9kkeresztet\u201d (\u201eCrucea comemorativ\u0103 de la Alba Iulia\u201d, 1953). <br \/><strong>Irod.:<\/strong> B\u0103ciu\u0163, Nicolae-\u015eincan, Gheorghe Nicolae: Biserica de piatr\u0103 \u201e\u00cen\u0103l\u0163area Domnului\u201d T\u00e2rgu-Mure\u015f (Vatra veche, nr. 11., 2009); Reghin, Protopopiat; Sz\u00e9kelyf\u00f6ld \u00ed. k.<\/br><\/p>\n","protected":false},"excerpt":{"rendered":"<p>Marosb\u00e1rdos, 1906., \u2020 ?: g. kat. pap. \u2013 K\u00f6z\u00e9piskol\u00e1it Mv.-en, a teol\u00f3gi\u00e1t Kv.-on v\u00e9gezte, de jogot \u00e9s b\u00f6lcs\u00e9szetet is hallgatott 3 \u00e9vig; papp\u00e1 szentelt\u00e9k (1930). Feket\u00e9n kezdte lelk\u00e9szi m\u0171k\u00f6d\u00e9s\u00e9t, Mez\u0151madarasra, majd G\u00f6rg\u00e9nyszentimr\u00e9re (1936\u201344) \u00e9s Sz\u00e1szr\u00e9genbe ker\u00fclt. Ortodox pap lett Mv.-en (1948\u2013), a K\u0151templomban szolg\u00e1lt \u00e9s Mv. ortodox esperese (1949\u201357). Felsz\u00e1molt\u00e1k a mez\u0151r\u00fccsi esperess\u00e9g k\u00f6r\u00e9t, Mihai [&hellip;]<\/p>\n","protected":false},"featured_media":0,"comment_status":"open","ping_status":"closed","template":"","meta":[],"product_brand":[],"product_cat":[137],"product_tag":[],"class_list":{"0":"post-14513","1":"product","2":"type-product","3":"status-publish","5":"product_cat-maros-megyei-eletrajzi-lexikon","7":"first","8":"instock","9":"shipping-taxable","10":"product-type-simple"},"_links":{"self":[{"href":"https:\/\/uj.adatbank.ro\/lexikon\/wp-json\/wp\/v2\/product\/14513","targetHints":{"allow":["GET"]}}],"collection":[{"href":"https:\/\/uj.adatbank.ro\/lexikon\/wp-json\/wp\/v2\/product"}],"about":[{"href":"https:\/\/uj.adatbank.ro\/lexikon\/wp-json\/wp\/v2\/types\/product"}],"replies":[{"embeddable":true,"href":"https:\/\/uj.adatbank.ro\/lexikon\/wp-json\/wp\/v2\/comments?post=14513"}],"wp:attachment":[{"href":"https:\/\/uj.adatbank.ro\/lexikon\/wp-json\/wp\/v2\/media?parent=14513"}],"wp:term":[{"taxonomy":"product_brand","embeddable":true,"href":"https:\/\/uj.adatbank.ro\/lexikon\/wp-json\/wp\/v2\/product_brand?post=14513"},{"taxonomy":"product_cat","embeddable":true,"href":"https:\/\/uj.adatbank.ro\/lexikon\/wp-json\/wp\/v2\/product_cat?post=14513"},{"taxonomy":"product_tag","embeddable":true,"href":"https:\/\/uj.adatbank.ro\/lexikon\/wp-json\/wp\/v2\/product_tag?post=14513"}],"curies":[{"name":"wp","href":"https:\/\/api.w.org\/{rel}","templated":true}]}}

MAN, Iuliu; Mán Gyula

<p>Marosbárdos, 1906., † ?: g. kat. pap. – Középiskoláit Mv.-en, a teológiát Kv.-on végezte, de jogot és bölcsészetet is hallgatott 3 évig; pappá szentelték (1930). Feketén kezdte lelkészi működését, Mezőmadarasra, majd Görgényszentimrére (1936–44) és Szászrégenbe került. Ortodox pap lett Mv.-en (1948–), a Kőtemplomban szolgált és Mv. ortodox esperese (1949–57). Felszámolták a mezőrücsi esperesség körét, Mihai Ciobanu esperestől átvette a levéltárat és az ügyvezetést (1951 jan. 26–27.). Egyházi felügyelő beosztásba helyezték a Buk.-i Érsekségre (1957–). Több irodalmi munkája és egyházi tárgyú cikke jelent meg szaklapokban. Az egyházak egyesítésében kifejtett érdemeiért kitüntetést kapott „Gyulafehérvári emlékkeresztet” („Crucea comemorativă de la Alba Iulia”, 1953). <br /><strong>Irod.:</strong> Băciuţ, Nicolae-Şincan, Gheorghe Nicolae: Biserica de piatră „Înălţarea Domnului” Târgu-Mureş (Vatra veche, nr. 11., 2009); Reghin, Protopopiat; Székelyföld í. k.</br></p>

<p>Marosbárdos, 1906., † ?: g. kat. pap. – Középiskoláit Mv.-en, a teológiát Kv.-on végezte, de jogot és bölcsészetet is hallgatott 3 évig; pappá szentelték (1930). Feketén kezdte lelkészi működését, Mezőmadarasra, majd Görgényszentimrére (1936–44) és Szászrégenbe került. Ortodox pap lett Mv.-en (1948–), a Kőtemplomban szolgált és Mv. ortodox esperese (1949–57). Felszámolták a mezőrücsi esperesség körét, Mihai [&hellip;]</p>
