{"id":14518,"date":"2025-07-15T13:04:22","date_gmt":"2025-07-15T11:04:22","guid":{"rendered":"https:\/\/uj.adatbank.ro\/lexikon\/termek\/man-vasile\/"},"modified":"2025-07-15T13:04:22","modified_gmt":"2025-07-15T11:04:22","slug":"man-vasile","status":"publish","type":"product","link":"https:\/\/uj.adatbank.ro\/lexikon\/termek\/man-vasile\/","title":{"rendered":"MAN, Vasile"},"content":{"rendered":"<p>Mez\u0151szabad, 1934. szept. 9., \u2020 R\u00fccs, 1997. okt. 27.: tan\u00e1r. \u2013 Az elemi iskol\u00e1t a sz\u00fcl\u0151faluban, V-VII. oszt.-t (1945\u201348), Mv.-en Kereskedelmi K\u00f6z\u00e9piskol\u00e1ban (1948\u201352), \u00e9s Kv.-on Victor Babe\u015f Egyetem, t\u00f6rt\u00e9nelemtan\u00e1ri szak\u00e1n v\u00e9gzett (1952\u201356). Iskolaigazgat\u00f3 Mez\u0151gerebenesen, R\u00fccs\u00f6n (1962\u201373), hal\u00e1l\u00e1ig uo. t\u00f6rt\u00e9nelemtan\u00e1r volt (1973\u201397). Minden tan\u00fcgyi fokozati vizsg\u00e1t letett: v\u00e9gleges\u00edt\u0151 (1961); II. fokozat (1974), I. fokozat (1977). Meg\u00edrta R\u00fccs k\u00f6zs\u00e9g monogr\u00e1fi\u00e1j\u00e1t. Iskolaigazgat\u00e1sa ideje alatt 8 tanteremmel b\u0151v\u00edtette az iskola \u00e9p\u00fclet\u00e9t, villanyt, g\u00e1zt vezettetett be, l\u00edc.-ot hozott l\u00e9tre, intern\u00e1tust \u00e9s melegh\u00e1zat l\u00e9tes\u00edtett. <br \/><strong>Irod.:<\/strong> Dasc\u0103li mure\u015feni, 1.<\/br><\/p>\n","protected":false},"excerpt":{"rendered":"<p>Mez\u0151szabad, 1934. szept. 9., \u2020 R\u00fccs, 1997. okt. 27.: tan\u00e1r. \u2013 Az elemi iskol\u00e1t a sz\u00fcl\u0151faluban, V-VII. oszt.-t (1945\u201348), Mv.-en Kereskedelmi K\u00f6z\u00e9piskol\u00e1ban (1948\u201352), \u00e9s Kv.-on Victor Babe\u015f Egyetem, t\u00f6rt\u00e9nelemtan\u00e1ri szak\u00e1n v\u00e9gzett (1952\u201356). Iskolaigazgat\u00f3 Mez\u0151gerebenesen, R\u00fccs\u00f6n (1962\u201373), hal\u00e1l\u00e1ig uo. t\u00f6rt\u00e9nelemtan\u00e1r volt (1973\u201397). Minden tan\u00fcgyi fokozati vizsg\u00e1t letett: v\u00e9gleges\u00edt\u0151 (1961); II. fokozat (1974), I. fokozat (1977). Meg\u00edrta [&hellip;]<\/p>\n","protected":false},"featured_media":0,"comment_status":"open","ping_status":"closed","template":"","meta":[],"product_brand":[],"product_cat":[137],"product_tag":[],"class_list":{"0":"post-14518","1":"product","2":"type-product","3":"status-publish","5":"product_cat-maros-megyei-eletrajzi-lexikon","7":"first","8":"instock","9":"shipping-taxable","10":"product-type-simple"},"_links":{"self":[{"href":"https:\/\/uj.adatbank.ro\/lexikon\/wp-json\/wp\/v2\/product\/14518","targetHints":{"allow":["GET"]}}],"collection":[{"href":"https:\/\/uj.adatbank.ro\/lexikon\/wp-json\/wp\/v2\/product"}],"about":[{"href":"https:\/\/uj.adatbank.ro\/lexikon\/wp-json\/wp\/v2\/types\/product"}],"replies":[{"embeddable":true,"href":"https:\/\/uj.adatbank.ro\/lexikon\/wp-json\/wp\/v2\/comments?post=14518"}],"wp:attachment":[{"href":"https:\/\/uj.adatbank.ro\/lexikon\/wp-json\/wp\/v2\/media?parent=14518"}],"wp:term":[{"taxonomy":"product_brand","embeddable":true,"href":"https:\/\/uj.adatbank.ro\/lexikon\/wp-json\/wp\/v2\/product_brand?post=14518"},{"taxonomy":"product_cat","embeddable":true,"href":"https:\/\/uj.adatbank.ro\/lexikon\/wp-json\/wp\/v2\/product_cat?post=14518"},{"taxonomy":"product_tag","embeddable":true,"href":"https:\/\/uj.adatbank.ro\/lexikon\/wp-json\/wp\/v2\/product_tag?post=14518"}],"curies":[{"name":"wp","href":"https:\/\/api.w.org\/{rel}","templated":true}]}}

<p>Mezőszabad, 1934. szept. 9., † Rücs, 1997. okt. 27.: tanár. – Az elemi iskolát a szülőfaluban, V-VII. oszt.-t (1945–48), Mv.-en Kereskedelmi Középiskolában (1948–52), és Kv.-on Victor Babeş Egyetem, történelemtanári szakán végzett (1952–56). Iskolaigazgató Mezőgerebenesen, Rücsön (1962–73), haláláig uo. történelemtanár volt (1973–97). Minden tanügyi fokozati vizsgát letett: véglegesítő (1961); II. fokozat (1974), I. fokozat (1977). Megírta Rücs község monográfiáját. Iskolaigazgatása ideje alatt 8 tanteremmel bővítette az iskola épületét, villanyt, gázt vezettetett be, líc.-ot hozott létre, internátust és melegházat létesített. <br /><strong>Irod.:</strong> Dascăli mureşeni, 1.</br></p>

<p>Mezőszabad, 1934. szept. 9., † Rücs, 1997. okt. 27.: tanár. – Az elemi iskolát a szülőfaluban, V-VII. oszt.-t (1945–48), Mv.-en Kereskedelmi Középiskolában (1948–52), és Kv.-on Victor Babeş Egyetem, történelemtanári szakán végzett (1952–56). Iskolaigazgató Mezőgerebenesen, Rücsön (1962–73), haláláig uo. történelemtanár volt (1973–97). Minden tanügyi fokozati vizsgát letett: véglegesítő (1961); II. fokozat (1974), I. fokozat (1977). Megírta [&hellip;]</p>
