{"id":14519,"date":"2025-07-15T13:04:24","date_gmt":"2025-07-15T11:04:24","guid":{"rendered":"https:\/\/uj.adatbank.ro\/lexikon\/termek\/manchen-gyorgy\/"},"modified":"2025-07-15T13:04:24","modified_gmt":"2025-07-15T11:04:24","slug":"manchen-gyorgy","status":"publish","type":"product","link":"https:\/\/uj.adatbank.ro\/lexikon\/termek\/manchen-gyorgy\/","title":{"rendered":"MANCHEN Gy\u00f6rgy"},"content":{"rendered":"<p>Sz\u00e1szn\u00e1das, 1844. jan. 29., \u2020 Segesv\u00e1r, 1905. m\u00e1j. 7.: ev. lelk\u00e9sz, tan\u00e1r. \u2013 Szemin\u00e1riumot, ev. tan\u00edt\u00f3k\u00e9pz\u0151t v\u00e9gzett Segesv\u00e1ron (1863). Tan\u00edtott a segesv\u00e1ri elemi fi\u00faiskol\u00e1ban (1863\u2013), majd az elemi le\u00e1nyiskol\u00e1ban (1878\u2013); gyulafeh\u00e9rv\u00e1ron lelk\u00e9sz volt (1888\u2013). \u2013 <strong>F. m.:<\/strong> Bilder aus der Geschichte&#8230; (Brass\u00f3, 1889); Die ev. Kirchengemeinde A. B. zu Karlsburg. Zu ihrer 100 j\u00e4hrigen Gedenkfeier im J. 1893 in Geschichtsbildern dargestellt (Hermannstadt, 1893). M.-h\u00e1z, Segesv\u00e1ron \u00e9p\u00fclt a 17, 19. sz. -ban, \u201cA\u201d kateg\u00f3ri\u00e1ba tartoz\u00f3 m\u0171eml\u00e9k (Oberth Hermann t\u00e9r 47. sz.). <br \/><strong>Irod.:<\/strong> Guly\u00e1s; Szinnyei; Valori mure\u015fene de patrimoniu<\/br><\/p>\n","protected":false},"excerpt":{"rendered":"<p>Sz\u00e1szn\u00e1das, 1844. jan. 29., \u2020 Segesv\u00e1r, 1905. m\u00e1j. 7.: ev. lelk\u00e9sz, tan\u00e1r. \u2013 Szemin\u00e1riumot, ev. tan\u00edt\u00f3k\u00e9pz\u0151t v\u00e9gzett Segesv\u00e1ron (1863). Tan\u00edtott a segesv\u00e1ri elemi fi\u00faiskol\u00e1ban (1863\u2013), majd az elemi le\u00e1nyiskol\u00e1ban (1878\u2013); gyulafeh\u00e9rv\u00e1ron lelk\u00e9sz volt (1888\u2013). \u2013 F. m.: Bilder aus der Geschichte&#8230; (Brass\u00f3, 1889); Die ev. Kirchengemeinde A. B. zu Karlsburg. Zu ihrer 100 j\u00e4hrigen Gedenkfeier [&hellip;]<\/p>\n","protected":false},"featured_media":0,"comment_status":"open","ping_status":"closed","template":"","meta":[],"product_brand":[],"product_cat":[137],"product_tag":[],"class_list":{"0":"post-14519","1":"product","2":"type-product","3":"status-publish","5":"product_cat-maros-megyei-eletrajzi-lexikon","7":"first","8":"instock","9":"shipping-taxable","10":"product-type-simple"},"_links":{"self":[{"href":"https:\/\/uj.adatbank.ro\/lexikon\/wp-json\/wp\/v2\/product\/14519","targetHints":{"allow":["GET"]}}],"collection":[{"href":"https:\/\/uj.adatbank.ro\/lexikon\/wp-json\/wp\/v2\/product"}],"about":[{"href":"https:\/\/uj.adatbank.ro\/lexikon\/wp-json\/wp\/v2\/types\/product"}],"replies":[{"embeddable":true,"href":"https:\/\/uj.adatbank.ro\/lexikon\/wp-json\/wp\/v2\/comments?post=14519"}],"wp:attachment":[{"href":"https:\/\/uj.adatbank.ro\/lexikon\/wp-json\/wp\/v2\/media?parent=14519"}],"wp:term":[{"taxonomy":"product_brand","embeddable":true,"href":"https:\/\/uj.adatbank.ro\/lexikon\/wp-json\/wp\/v2\/product_brand?post=14519"},{"taxonomy":"product_cat","embeddable":true,"href":"https:\/\/uj.adatbank.ro\/lexikon\/wp-json\/wp\/v2\/product_cat?post=14519"},{"taxonomy":"product_tag","embeddable":true,"href":"https:\/\/uj.adatbank.ro\/lexikon\/wp-json\/wp\/v2\/product_tag?post=14519"}],"curies":[{"name":"wp","href":"https:\/\/api.w.org\/{rel}","templated":true}]}}

MANCHEN György

<p>Szásznádas, 1844. jan. 29., † Segesvár, 1905. máj. 7.: ev. lelkész, tanár. – Szemináriumot, ev. tanítóképzőt végzett Segesváron (1863). Tanított a segesvári elemi fiúiskolában (1863–), majd az elemi leányiskolában (1878–); gyulafehérváron lelkész volt (1888–). – <strong>F. m.:</strong> Bilder aus der Geschichte&#8230; (Brassó, 1889); Die ev. Kirchengemeinde A. B. zu Karlsburg. Zu ihrer 100 jährigen Gedenkfeier im J. 1893 in Geschichtsbildern dargestellt (Hermannstadt, 1893). M.-ház, Segesváron épült a 17, 19. sz. -ban, “A” kategóriába tartozó műemlék (Oberth Hermann tér 47. sz.). <br /><strong>Irod.:</strong> Gulyás; Szinnyei; Valori mureşene de patrimoniu</br></p>

<p>Szásznádas, 1844. jan. 29., † Segesvár, 1905. máj. 7.: ev. lelkész, tanár. – Szemináriumot, ev. tanítóképzőt végzett Segesváron (1863). Tanított a segesvári elemi fiúiskolában (1863–), majd az elemi leányiskolában (1878–); gyulafehérváron lelkész volt (1888–). – F. m.: Bilder aus der Geschichte&#8230; (Brassó, 1889); Die ev. Kirchengemeinde A. B. zu Karlsburg. Zu ihrer 100 jährigen Gedenkfeier [&hellip;]</p>
