{"id":14521,"date":"2025-07-15T13:04:29","date_gmt":"2025-07-15T11:04:29","guid":{"rendered":"https:\/\/uj.adatbank.ro\/lexikon\/termek\/mancz-janos\/"},"modified":"2025-07-15T13:04:29","modified_gmt":"2025-07-15T11:04:29","slug":"mancz-janos","status":"publish","type":"product","link":"https:\/\/uj.adatbank.ro\/lexikon\/termek\/mancz-janos\/","title":{"rendered":"M\u00c1NCZ J\u00e1nos"},"content":{"rendered":"<p>Mez\u0151f\u00e9ny, 1893. febr. 5., \u2020 Mez\u0151f\u00e9ny, 1970. aug. 29. : tan\u00e1r, gimn\u00e1ziumi igazgat\u00f3, karnagy. \u2013 Tanulm\u00e1nyait Halmiban a gazdas\u00e1gi iskol\u00e1ban kezdte, Szatm\u00e1rn\u00e9metiben v\u00e9gezte, majd Bp.-en tanult a Pedag\u00f3giumban, sz-mtan-fizika szakos tan\u00e1ri oklevelet szerzett (1918). A szatm\u00e1rn\u00e9meti tan\u00edt\u00f3k\u00e9pz\u0151nek volt sz\u00e1mtan tan\u00e1ra (1917\u201322), az int\u00e9zet bez\u00e1r\u00e1sakor Sz\u00e1szr\u00e9genbe ker\u00fclt, ahol a polg. isk. majd a r. k. gimn\u00e1zium tan\u00e1ra lett \u00e9s v\u00e9g\u00fcl igazgat\u00f3ja (1924\u201348). A M. Polg\u00e1ri Dalk\u00f6r helyettes karnagya, a MP tagja, a kat. egyh\u00e1zi tan\u00e1cstag \u00e9s p\u00e9nzt\u00e1ros, a tanonciskola \u00e9s a tanoncotthon igazgat\u00f3ja volt. Politikai okokb\u00f3l letart\u00f3ztatt\u00e1k \u00e9s b\u00f6rt\u00f6nbe z\u00e1rt\u00e1k (1948\u2013). Kiszabadul\u00e1sa ut\u00e1n visszat\u00e9rt sz\u00fcl\u0151faluj\u00e1ba, itt k\u00e1ntork\u00e9nt m\u0171k\u00f6d\u00f6tt, \u00e9nekkart szervezett \u00e9s vezetet, az \u00e9nekkarral szerepeltek kultur\u00e1lis rendezv\u00e9nyeken. <br \/><strong>Irod.:<\/strong> B\u00edr\u00f3 Don\u00e1t; Sz\u00e9kelyf\u00f6ld \u00ed.k.<\/br><\/p>\n","protected":false},"excerpt":{"rendered":"<p>Mez\u0151f\u00e9ny, 1893. febr. 5., \u2020 Mez\u0151f\u00e9ny, 1970. aug. 29. : tan\u00e1r, gimn\u00e1ziumi igazgat\u00f3, karnagy. \u2013 Tanulm\u00e1nyait Halmiban a gazdas\u00e1gi iskol\u00e1ban kezdte, Szatm\u00e1rn\u00e9metiben v\u00e9gezte, majd Bp.-en tanult a Pedag\u00f3giumban, sz-mtan-fizika szakos tan\u00e1ri oklevelet szerzett (1918). A szatm\u00e1rn\u00e9meti tan\u00edt\u00f3k\u00e9pz\u0151nek volt sz\u00e1mtan tan\u00e1ra (1917\u201322), az int\u00e9zet bez\u00e1r\u00e1sakor Sz\u00e1szr\u00e9genbe ker\u00fclt, ahol a polg. isk. majd a r. k. gimn\u00e1zium [&hellip;]<\/p>\n","protected":false},"featured_media":0,"comment_status":"open","ping_status":"closed","template":"","meta":[],"product_brand":[],"product_cat":[137],"product_tag":[],"class_list":{"0":"post-14521","1":"product","2":"type-product","3":"status-publish","5":"product_cat-maros-megyei-eletrajzi-lexikon","7":"first","8":"instock","9":"shipping-taxable","10":"product-type-simple"},"_links":{"self":[{"href":"https:\/\/uj.adatbank.ro\/lexikon\/wp-json\/wp\/v2\/product\/14521","targetHints":{"allow":["GET"]}}],"collection":[{"href":"https:\/\/uj.adatbank.ro\/lexikon\/wp-json\/wp\/v2\/product"}],"about":[{"href":"https:\/\/uj.adatbank.ro\/lexikon\/wp-json\/wp\/v2\/types\/product"}],"replies":[{"embeddable":true,"href":"https:\/\/uj.adatbank.ro\/lexikon\/wp-json\/wp\/v2\/comments?post=14521"}],"wp:attachment":[{"href":"https:\/\/uj.adatbank.ro\/lexikon\/wp-json\/wp\/v2\/media?parent=14521"}],"wp:term":[{"taxonomy":"product_brand","embeddable":true,"href":"https:\/\/uj.adatbank.ro\/lexikon\/wp-json\/wp\/v2\/product_brand?post=14521"},{"taxonomy":"product_cat","embeddable":true,"href":"https:\/\/uj.adatbank.ro\/lexikon\/wp-json\/wp\/v2\/product_cat?post=14521"},{"taxonomy":"product_tag","embeddable":true,"href":"https:\/\/uj.adatbank.ro\/lexikon\/wp-json\/wp\/v2\/product_tag?post=14521"}],"curies":[{"name":"wp","href":"https:\/\/api.w.org\/{rel}","templated":true}]}}

MÁNCZ János

<p>Mezőfény, 1893. febr. 5., † Mezőfény, 1970. aug. 29. : tanár, gimnáziumi igazgató, karnagy. – Tanulmányait Halmiban a gazdasági iskolában kezdte, Szatmárnémetiben végezte, majd Bp.-en tanult a Pedagógiumban, sz-mtan-fizika szakos tanári oklevelet szerzett (1918). A szatmárnémeti tanítóképzőnek volt számtan tanára (1917–22), az intézet bezárásakor Szászrégenbe került, ahol a polg. isk. majd a r. k. gimnázium tanára lett és végül igazgatója (1924–48). A M. Polgári Dalkör helyettes karnagya, a MP tagja, a kat. egyházi tanácstag és pénztáros, a tanonciskola és a tanoncotthon igazgatója volt. Politikai okokból letartóztatták és börtönbe zárták (1948–). Kiszabadulása után visszatért szülőfalujába, itt kántorként működött, énekkart szervezett és vezetet, az énekkarral szerepeltek kulturális rendezvényeken. <br /><strong>Irod.:</strong> Bíró Donát; Székelyföld í.k.</br></p>

<p>Mezőfény, 1893. febr. 5., † Mezőfény, 1970. aug. 29. : tanár, gimnáziumi igazgató, karnagy. – Tanulmányait Halmiban a gazdasági iskolában kezdte, Szatmárnémetiben végezte, majd Bp.-en tanult a Pedagógiumban, sz-mtan-fizika szakos tanári oklevelet szerzett (1918). A szatmárnémeti tanítóképzőnek volt számtan tanára (1917–22), az intézet bezárásakor Szászrégenbe került, ahol a polg. isk. majd a r. k. gimnázium [&hellip;]</p>
