{"id":14524,"date":"2025-07-15T13:04:35","date_gmt":"2025-07-15T11:04:35","guid":{"rendered":"https:\/\/uj.adatbank.ro\/lexikon\/termek\/mandelbaum-armin-mose-aharon-mandelbaum\/"},"modified":"2025-07-15T13:04:35","modified_gmt":"2025-07-15T11:04:35","slug":"mandelbaum-armin-mose-aharon-mandelbaum","status":"publish","type":"product","link":"https:\/\/uj.adatbank.ro\/lexikon\/termek\/mandelbaum-armin-mose-aharon-mandelbaum\/","title":{"rendered":"MANDELBAUM Armin, Mose Aharon Mandelbaum"},"content":{"rendered":"<p>? \u2020 Mv., 1916.: rabbi. \u2013 A szatm\u00e1ri ortodox rabbi fia. \u2013 A mv.-i ortodox hitk\u00f6zs\u00e9g rabbija hal\u00e1l\u00e1ig (1887. szept. 6.\u20131916). Tev\u00e9kenys\u00e9g\u00e9nek 29 \u00e9ve alatt a mv.-i hitk\u00f6zs\u00e9gnek sokir\u00e1ny\u00fa fejl\u0151d\u00e9se volt, megszaporodtak h\u00edvei, szellemi int\u00e9zm\u00e9nyei. Vit\u00e1k voltak az ortodox \u00e9s status-quo k\u00f6z\u00f6ss\u00e9geiben, ekkor kezd\u00f6d\u00f6tt a cionista mozgalom kialakul\u00e1sa, siker\u00fclt fenntartania az egyens\u00falyt az ortodoxi\u00e1n bel\u00fcli k\u00e9t ir\u00e1nyzat, az asken\u00e1ziak \u00e9s a szfaradiak k\u00f6z\u00f6tt. Kezdem\u00e9nyezte egy \u00faj, nagyobb, t\u00f6bb f\u00e9r\u0151hely\u0171, a kultusz szempontjaihoz igazod\u00f3 templom \u00e9p\u00edt\u00e9s\u00e9t Mv.-en, V\u00e1rady Jen\u0151 \u00e9p\u00edt\u00e9sz tervei alapj\u00e1n (1925), majd a v\u00e1rosi f\u0151m\u00e9rn\u00f6k, Maetz Ervin k\u00e9sz\u00edtett \u00faj tervet, amit enged\u00e9lyeztek (1926). <br \/><strong>Irod.:<\/strong> Mv. zsid\u00f3s\u00e1ga; Sebesty\u00e9n Mih\u00e1ly-Diamanstein Gy\u00f6rgy: Egy els\u00fclyedt vil\u00e1g \u00e9breszt\u00e9se = Eml\u00e9kk. Szab\u00f3 Mikl\u00f3s<\/br><\/p>\n","protected":false},"excerpt":{"rendered":"<p>? \u2020 Mv., 1916.: rabbi. \u2013 A szatm\u00e1ri ortodox rabbi fia. \u2013 A mv.-i ortodox hitk\u00f6zs\u00e9g rabbija hal\u00e1l\u00e1ig (1887. szept. 6.\u20131916). Tev\u00e9kenys\u00e9g\u00e9nek 29 \u00e9ve alatt a mv.-i hitk\u00f6zs\u00e9gnek sokir\u00e1ny\u00fa fejl\u0151d\u00e9se volt, megszaporodtak h\u00edvei, szellemi int\u00e9zm\u00e9nyei. Vit\u00e1k voltak az ortodox \u00e9s status-quo k\u00f6z\u00f6ss\u00e9geiben, ekkor kezd\u00f6d\u00f6tt a cionista mozgalom kialakul\u00e1sa, siker\u00fclt fenntartania az egyens\u00falyt az ortodoxi\u00e1n bel\u00fcli [&hellip;]<\/p>\n","protected":false},"featured_media":0,"comment_status":"open","ping_status":"closed","template":"","meta":[],"product_brand":[],"product_cat":[137],"product_tag":[],"class_list":{"0":"post-14524","1":"product","2":"type-product","3":"status-publish","5":"product_cat-maros-megyei-eletrajzi-lexikon","7":"first","8":"instock","9":"shipping-taxable","10":"product-type-simple"},"_links":{"self":[{"href":"https:\/\/uj.adatbank.ro\/lexikon\/wp-json\/wp\/v2\/product\/14524","targetHints":{"allow":["GET"]}}],"collection":[{"href":"https:\/\/uj.adatbank.ro\/lexikon\/wp-json\/wp\/v2\/product"}],"about":[{"href":"https:\/\/uj.adatbank.ro\/lexikon\/wp-json\/wp\/v2\/types\/product"}],"replies":[{"embeddable":true,"href":"https:\/\/uj.adatbank.ro\/lexikon\/wp-json\/wp\/v2\/comments?post=14524"}],"wp:attachment":[{"href":"https:\/\/uj.adatbank.ro\/lexikon\/wp-json\/wp\/v2\/media?parent=14524"}],"wp:term":[{"taxonomy":"product_brand","embeddable":true,"href":"https:\/\/uj.adatbank.ro\/lexikon\/wp-json\/wp\/v2\/product_brand?post=14524"},{"taxonomy":"product_cat","embeddable":true,"href":"https:\/\/uj.adatbank.ro\/lexikon\/wp-json\/wp\/v2\/product_cat?post=14524"},{"taxonomy":"product_tag","embeddable":true,"href":"https:\/\/uj.adatbank.ro\/lexikon\/wp-json\/wp\/v2\/product_tag?post=14524"}],"curies":[{"name":"wp","href":"https:\/\/api.w.org\/{rel}","templated":true}]}}

<p>? † Mv., 1916.: rabbi. – A szatmári ortodox rabbi fia. – A mv.-i ortodox hitközség rabbija haláláig (1887. szept. 6.–1916). Tevékenységének 29 éve alatt a mv.-i hitközségnek sokirányú fejlődése volt, megszaporodtak hívei, szellemi intézményei. Viták voltak az ortodox és status-quo közösségeiben, ekkor kezdödött a cionista mozgalom kialakulása, sikerült fenntartania az egyensúlyt az ortodoxián belüli két irányzat, az askenáziak és a szfaradiak között. Kezdeményezte egy új, nagyobb, több férőhelyű, a kultusz szempontjaihoz igazodó templom építését Mv.-en, Várady Jenő építész tervei alapján (1925), majd a városi főmérnök, Maetz Ervin készített új tervet, amit engedélyeztek (1926). <br /><strong>Irod.:</strong> Mv. zsidósága; Sebestyén Mihály-Diamanstein György: Egy elsülyedt világ ébresztése = Emlékk. Szabó Miklós</br></p>

<p>? † Mv., 1916.: rabbi. – A szatmári ortodox rabbi fia. – A mv.-i ortodox hitközség rabbija haláláig (1887. szept. 6.–1916). Tevékenységének 29 éve alatt a mv.-i hitközségnek sokirányú fejlődése volt, megszaporodtak hívei, szellemi intézményei. Viták voltak az ortodox és status-quo közösségeiben, ekkor kezdödött a cionista mozgalom kialakulása, sikerült fenntartania az egyensúlyt az ortodoxián belüli [&hellip;]</p>
