{"id":14525,"date":"2025-07-15T13:04:36","date_gmt":"2025-07-15T11:04:36","guid":{"rendered":"https:\/\/uj.adatbank.ro\/lexikon\/termek\/mandoky-sandor-alfalvi\/"},"modified":"2025-07-15T13:04:36","modified_gmt":"2025-07-15T11:04:36","slug":"mandoky-sandor-alfalvi","status":"publish","type":"product","link":"https:\/\/uj.adatbank.ro\/lexikon\/termek\/mandoky-sandor-alfalvi\/","title":{"rendered":"M\u00c1NDOKY S\u00e1ndor, alfalvi"},"content":{"rendered":"<p>Mv, 1864. szept. 7., \u2020 ? : m. kir. honv\u00e9d seg\u00e9dlelk\u00e9sz-tan\u00e1r. \u2013 M. B\u00e9la, a debreceni orsz\u00e1gos sz\u00ednh\u00e1z tagja \u00e9s Bukaresty R\u00f3zsa (1843.? \u2013 Mv., 1865. okt. 4.) fia. \u2013 K\u00f6z\u00e9piskolai tanulm\u00e1nyait a zirc-ciszterciek sz\u00e9kesfeh\u00e9rv\u00e1ri f\u0151gimn\u00e1zum\u00e1ban v\u00e9gezte; innen a budapesti egyetem orvosi fakult\u00e1s\u00e1ra iratkozott be; majd a nagyv\u00e1radi latin szert. papnevel\u0151 int\u00e9zet n\u00f6vend\u00e9ke lett; felszentelt\u00e9k (1892. szept. 4). \u00e9s t\u00f6bb helyt seg\u00e9dlelk\u00e9szkedett, majd a nagyv\u00e1radi p\u00fcsp\u00f6ki sz\u00e9kesegyh\u00e1z kark\u00e1pl\u00e1nja (1898) \u00e9s pedig a soproni honv\u00e9df\u0151re\u00e1liskola lelk\u00e9sz-tan\u00e1r\u00e1v\u00e1 \u00e9s int\u00e9zeti k\u00f6nyvt\u00e1rnoka lett (1900). Cikkeket, elbesz\u00e9l\u00e9seket \u00e9s rajzokat \u00edrt 1887 \u00f3ta a Debrecen, Debrecen-Nagyv\u00e1radi \u00c9rtes\u00edt\u0151, nagyv\u00e1radi Szabads\u00e1g, Nagyv\u00e1rad, Tisz\u00e1nt\u00fal, B\u00e9k\u00e9s, M. \u00c1llam c lapokba s az Orsz\u00e1g-Vil\u00e1gba. \u2013 <strong>F. m.:<\/strong> T\u00f6viskoszor\u00fa. Elbesz\u00e9l\u00e9sek. (Gyula, 1895); Havasi levelek. (Nagyv\u00e1rad, 1897; Elbesz\u00e9l\u00e9sek. (Nagyv\u00e1rad, 1899). <br \/><strong>Irod.:<\/strong> Gy\u00e1szjelent\u0151; Szinnyei<\/br><\/p>\n","protected":false},"excerpt":{"rendered":"<p>Mv, 1864. szept. 7., \u2020 ? : m. kir. honv\u00e9d seg\u00e9dlelk\u00e9sz-tan\u00e1r. \u2013 M. B\u00e9la, a debreceni orsz\u00e1gos sz\u00ednh\u00e1z tagja \u00e9s Bukaresty R\u00f3zsa (1843.? \u2013 Mv., 1865. okt. 4.) fia. \u2013 K\u00f6z\u00e9piskolai tanulm\u00e1nyait a zirc-ciszterciek sz\u00e9kesfeh\u00e9rv\u00e1ri f\u0151gimn\u00e1zum\u00e1ban v\u00e9gezte; innen a budapesti egyetem orvosi fakult\u00e1s\u00e1ra iratkozott be; majd a nagyv\u00e1radi latin szert. papnevel\u0151 int\u00e9zet n\u00f6vend\u00e9ke lett; felszentelt\u00e9k [&hellip;]<\/p>\n","protected":false},"featured_media":0,"comment_status":"open","ping_status":"closed","template":"","meta":[],"product_brand":[],"product_cat":[137],"product_tag":[],"class_list":{"0":"post-14525","1":"product","2":"type-product","3":"status-publish","5":"product_cat-maros-megyei-eletrajzi-lexikon","7":"first","8":"instock","9":"shipping-taxable","10":"product-type-simple"},"_links":{"self":[{"href":"https:\/\/uj.adatbank.ro\/lexikon\/wp-json\/wp\/v2\/product\/14525","targetHints":{"allow":["GET"]}}],"collection":[{"href":"https:\/\/uj.adatbank.ro\/lexikon\/wp-json\/wp\/v2\/product"}],"about":[{"href":"https:\/\/uj.adatbank.ro\/lexikon\/wp-json\/wp\/v2\/types\/product"}],"replies":[{"embeddable":true,"href":"https:\/\/uj.adatbank.ro\/lexikon\/wp-json\/wp\/v2\/comments?post=14525"}],"wp:attachment":[{"href":"https:\/\/uj.adatbank.ro\/lexikon\/wp-json\/wp\/v2\/media?parent=14525"}],"wp:term":[{"taxonomy":"product_brand","embeddable":true,"href":"https:\/\/uj.adatbank.ro\/lexikon\/wp-json\/wp\/v2\/product_brand?post=14525"},{"taxonomy":"product_cat","embeddable":true,"href":"https:\/\/uj.adatbank.ro\/lexikon\/wp-json\/wp\/v2\/product_cat?post=14525"},{"taxonomy":"product_tag","embeddable":true,"href":"https:\/\/uj.adatbank.ro\/lexikon\/wp-json\/wp\/v2\/product_tag?post=14525"}],"curies":[{"name":"wp","href":"https:\/\/api.w.org\/{rel}","templated":true}]}}

MÁNDOKY Sándor, alfalvi

<p>Mv, 1864. szept. 7., † ? : m. kir. honvéd segédlelkész-tanár. – M. Béla, a debreceni országos színház tagja és Bukaresty Rózsa (1843.? – Mv., 1865. okt. 4.) fia. – Középiskolai tanulmányait a zirc-ciszterciek székesfehérvári főgimnázumában végezte; innen a budapesti egyetem orvosi fakultására iratkozott be; majd a nagyváradi latin szert. papnevelő intézet növendéke lett; felszentelték (1892. szept. 4). és több helyt segédlelkészkedett, majd a nagyváradi püspöki székesegyház karkáplánja (1898) és pedig a soproni honvédfőreáliskola lelkész-tanárává és intézeti könyvtárnoka lett (1900). Cikkeket, elbeszéléseket és rajzokat írt 1887 óta a Debrecen, Debrecen-Nagyváradi Értesítő, nagyváradi Szabadság, Nagyvárad, Tiszántúl, Békés, M. Állam c lapokba s az Ország-Világba. – <strong>F. m.:</strong> Töviskoszorú. Elbeszélések. (Gyula, 1895); Havasi levelek. (Nagyvárad, 1897; Elbeszélések. (Nagyvárad, 1899). <br /><strong>Irod.:</strong> Gyászjelentő; Szinnyei</br></p>

<p>Mv, 1864. szept. 7., † ? : m. kir. honvéd segédlelkész-tanár. – M. Béla, a debreceni országos színház tagja és Bukaresty Rózsa (1843.? – Mv., 1865. okt. 4.) fia. – Középiskolai tanulmányait a zirc-ciszterciek székesfehérvári főgimnázumában végezte; innen a budapesti egyetem orvosi fakultására iratkozott be; majd a nagyváradi latin szert. papnevelő intézet növendéke lett; felszentelték [&hellip;]</p>
