{"id":14526,"date":"2025-07-15T13:04:38","date_gmt":"2025-07-15T11:04:38","guid":{"rendered":"https:\/\/uj.adatbank.ro\/lexikon\/termek\/mandrascu-ioan\/"},"modified":"2025-07-15T13:04:38","modified_gmt":"2025-07-15T11:04:38","slug":"mandrascu-ioan","status":"publish","type":"product","link":"https:\/\/uj.adatbank.ro\/lexikon\/termek\/mandrascu-ioan\/","title":{"rendered":"M\u00c2NDRA\u015eCU, Ioan"},"content":{"rendered":"<p>Magyarpete, 1910., \u2020 Uzdiszentp\u00e9ter, ?: jegyz\u0151. \u2013 Uzdiszentp\u00e9ter lak\u00f3ja (1934\u2013), ahol jegyz\u0151 volt (1938\u201348). A rendszerv\u00e1lt\u00e1s ut\u00e1n kul\u00e1kk\u00e1 nyilv\u00e1n\u00edtott\u00e1k, \u00e9s elt\u00e1vol\u00edtott\u00e1k funkci\u00f3j\u00e1b\u00f3l (1949), mert a feles\u00e9g\u00e9nek 23 ha f\u00f6ldje volt. Ezut\u00e1n, nyugd\u00edjaz\u00e1s\u00e1ig tisztvisel\u0151k\u00e9nt dolgozott a k\u00f6rnyez\u0151 falvakban (1965), majd Uzdiszentp\u00e9terben f\u00f6ldjeit m\u0171velte, sok \u00faj term\u00e9nyt honos\u00edtott meg a faluban, ahol \u00e9lenj\u00e1r\u00f3 gazda volt. A kollektiviz\u00e1l\u00e1skor minden\u00e9b\u0151l kiforgatt\u00e1k, \u00e9s a csal\u00e1d csak 1989 ut\u00e1n kapta vissza birtokait. <br \/><strong>Irod.:<\/strong> S\u00e2npetru de C\u00e2mpie<\/br><\/p>\n","protected":false},"excerpt":{"rendered":"<p>Magyarpete, 1910., \u2020 Uzdiszentp\u00e9ter, ?: jegyz\u0151. \u2013 Uzdiszentp\u00e9ter lak\u00f3ja (1934\u2013), ahol jegyz\u0151 volt (1938\u201348). A rendszerv\u00e1lt\u00e1s ut\u00e1n kul\u00e1kk\u00e1 nyilv\u00e1n\u00edtott\u00e1k, \u00e9s elt\u00e1vol\u00edtott\u00e1k funkci\u00f3j\u00e1b\u00f3l (1949), mert a feles\u00e9g\u00e9nek 23 ha f\u00f6ldje volt. Ezut\u00e1n, nyugd\u00edjaz\u00e1s\u00e1ig tisztvisel\u0151k\u00e9nt dolgozott a k\u00f6rnyez\u0151 falvakban (1965), majd Uzdiszentp\u00e9terben f\u00f6ldjeit m\u0171velte, sok \u00faj term\u00e9nyt honos\u00edtott meg a faluban, ahol \u00e9lenj\u00e1r\u00f3 gazda volt. A kollektiviz\u00e1l\u00e1skor [&hellip;]<\/p>\n","protected":false},"featured_media":0,"comment_status":"open","ping_status":"closed","template":"","meta":[],"product_brand":[],"product_cat":[137],"product_tag":[],"class_list":{"0":"post-14526","1":"product","2":"type-product","3":"status-publish","5":"product_cat-maros-megyei-eletrajzi-lexikon","7":"first","8":"instock","9":"shipping-taxable","10":"product-type-simple"},"_links":{"self":[{"href":"https:\/\/uj.adatbank.ro\/lexikon\/wp-json\/wp\/v2\/product\/14526","targetHints":{"allow":["GET"]}}],"collection":[{"href":"https:\/\/uj.adatbank.ro\/lexikon\/wp-json\/wp\/v2\/product"}],"about":[{"href":"https:\/\/uj.adatbank.ro\/lexikon\/wp-json\/wp\/v2\/types\/product"}],"replies":[{"embeddable":true,"href":"https:\/\/uj.adatbank.ro\/lexikon\/wp-json\/wp\/v2\/comments?post=14526"}],"wp:attachment":[{"href":"https:\/\/uj.adatbank.ro\/lexikon\/wp-json\/wp\/v2\/media?parent=14526"}],"wp:term":[{"taxonomy":"product_brand","embeddable":true,"href":"https:\/\/uj.adatbank.ro\/lexikon\/wp-json\/wp\/v2\/product_brand?post=14526"},{"taxonomy":"product_cat","embeddable":true,"href":"https:\/\/uj.adatbank.ro\/lexikon\/wp-json\/wp\/v2\/product_cat?post=14526"},{"taxonomy":"product_tag","embeddable":true,"href":"https:\/\/uj.adatbank.ro\/lexikon\/wp-json\/wp\/v2\/product_tag?post=14526"}],"curies":[{"name":"wp","href":"https:\/\/api.w.org\/{rel}","templated":true}]}}

MÂNDRAŞCU, Ioan

<p>Magyarpete, 1910., † Uzdiszentpéter, ?: jegyző. – Uzdiszentpéter lakója (1934–), ahol jegyző volt (1938–48). A rendszerváltás után kulákká nyilvánították, és eltávolították funkciójából (1949), mert a feleségének 23 ha földje volt. Ezután, nyugdíjazásáig tisztviselőként dolgozott a környező falvakban (1965), majd Uzdiszentpéterben földjeit művelte, sok új terményt honosított meg a faluban, ahol élenjáró gazda volt. A kollektivizáláskor mindenéből kiforgatták, és a család csak 1989 után kapta vissza birtokait. <br /><strong>Irod.:</strong> Sânpetru de Câmpie</br></p>

<p>Magyarpete, 1910., † Uzdiszentpéter, ?: jegyző. – Uzdiszentpéter lakója (1934–), ahol jegyző volt (1938–48). A rendszerváltás után kulákká nyilvánították, és eltávolították funkciójából (1949), mert a feleségének 23 ha földje volt. Ezután, nyugdíjazásáig tisztviselőként dolgozott a környező falvakban (1965), majd Uzdiszentpéterben földjeit művelte, sok új terményt honosított meg a faluban, ahol élenjáró gazda volt. A kollektivizáláskor [&hellip;]</p>
