{"id":14527,"date":"2025-07-15T13:04:40","date_gmt":"2025-07-15T11:04:40","guid":{"rendered":"https:\/\/uj.adatbank.ro\/lexikon\/termek\/mandrescu-simion-c-%c2%a7\/"},"modified":"2025-07-15T13:04:40","modified_gmt":"2025-07-15T11:04:40","slug":"mandrescu-simion-c-%c2%a7","status":"publish","type":"product","link":"https:\/\/uj.adatbank.ro\/lexikon\/termek\/mandrescu-simion-c-%c2%a7\/","title":{"rendered":"M\u00c2NDRESCU, Simion C., \u00a7"},"content":{"rendered":"<p>Als\u00f3r\u00e9pa (Maros), 1868. j\u00fal. 18., \u2020 Buk., 1947. szept. 30. a Belu Temet\u0151ben van eltemetve : egyetemi tan\u00e1r, irodalomt\u00f6rt\u00e9n\u00e9sz, nyelv\u00e9sz, folklorista, politikus. \u2013 Tanult Als\u00f3r\u00e9p\u00e1n (1875\u201376), Monorban, Sz\u00e1szr\u00e9genben N\u00e9met Gimn\u00e1ziumba (1875\u201381), Evang\u00e9likus L\u00edc.\u2013ot Szebenben \u00e9s Nasz\u00f3don (1988); filol\u00f3giai tanulm\u00e1nyokat v\u00e9gzett Buk.-ben (1888\u201391), tan\u00e1rai voltak: B. P. Ha\u015fdeu, Al. Odobescu, Titu Maiorescu stb. Latin tan\u00e1r volt B\u00e2rladon, majd \u00f6szt\u00f6nd\u00edjat szerzett, k\u00fclf\u00f6ld\u00f6n tanult, a filoz\u00f3fia doktora lett n\u00e9met ny. \u00e9s irodalomb\u00f3l Berlinben (1899). Ia\u015fi-ban n\u00e9mettan\u00e1ri kinevez\u00e9st kapott (1900\u20130), doktor\u00e1lt (1905), megh\u00edvt\u00e1k a buk.-i egyetem els\u0151 n\u00e9met nyelv \u00e9s irodalom katedr\u00e1j\u00e1ra tan\u00e1rnak, amit nyugd\u00edjaz\u00e1s\u00e1ig vezetett (1904\u20131937). Kezdem\u00e9nyez\u0151je volt a Liga pentru unitatea cultural\u0103 a tuturor rom\u00e2nilor t\u00e1rsas\u00e1gnak (1890), a rom\u00e1n egys\u00e9g l\u00e9trej\u00f6tte \u00e9s az erd\u00e9lyi rom\u00e1ns\u00e1g megseg\u00edt\u00e9se c\u00e9lj\u00e1b\u00f3l \u00e9s a Cercul rom\u00e2nilor de peste mun\u0163i, szervezet alen\u00f6ke, majd vezet\u0151je (1909). Az I. vh. ut\u00e1n vehemensen harcolt Erd\u00e9ly osztr\u00e1k-m. uralom aloli felszabad\u00edt\u00e1s\u00e1\u00e9rt, cikkei, felh\u00edv\u00e1sai, besz\u00e9dei a k\u00fcl\u00f6nb\u00f6z\u0151 politikai \u00f6sszej\u00f6vetelen a rom\u00e1n- f\u00f6ld \u00e9s n\u00e9p felszabad\u00edt\u00e1s\u00e1t c\u00e9lozt\u00e1k. Jelent\u0151sen hozz\u00e1j\u00e1rult a hat\u00e1ron kiv\u00fcli rom\u00e1nok konferenci\u00e1j\u00e1nak a megszervez\u00e9s\u00e9hez (1915. m\u00e1rc. 15.), melynek c\u00e9lja a rom\u00e1nok politikai egys\u00e9g\u00e9nek k\u00f6vetel\u00e9se volt. A Rom\u00e1n egyetemi tan\u00e1rok sz\u00f6vets\u00e9g\u00e9ben javasolta a tan\u00e1rok k\u00fclf\u00f6ldre k\u00fcld\u00e9s\u00e9t, pl. Franciao.-ba, hogy a rom\u00e1n \u00fcgy \u00e9rdek\u00e9ben n\u00e9pszer\u0171s\u00edts\u00e9k kiv\u00e1ns\u00e1gaikat (1917). R\u00e9szt vett az erd\u00e9lyi, b\u00e1n\u00e1ti \u00e9s bukoviniai rom\u00e1nok deleg\u00e1ci\u00f3j\u00e1ban, Clemenceau fogadta \u0151ket P\u00e1rizsban, a 4 milli\u00f3 hat\u00e1rokon k\u00edv\u00fcli rom\u00e1n \u00e9rdekeit k\u00e9pviselt\u00e9k (1918), innen R\u00f3m\u00e1ba mentek \u00e9s r\u00e9szt vettek a Monarchia elnyomot nemzeteinek a kongresszus\u00e1n (1918. \u00e1pr. 11.), k\u00f6vetelve az \u00f6nrendelkez\u00e9shez val\u00f3 jogukat, eg\u00e9szen az elszakad\u00e1sukig. M\u00e9g Olaszo.-ban maradt, rom\u00e1n \u00f6nk\u00e9ntes l\u00e9gi\u00f3 megszervez\u00e9s\u00e9ben seg\u00e9dkezett, a korm\u00e1ny j\u00f3v\u00e1hagy\u00e1s\u00e1val, l\u00e9tej\u00f6tt a \u201dPro Rumeni\u201d nev\u0171 bizotts\u00e1g \u00e9s a \u201dComitetul de ac\u0163iune al rom\u00e2nilor din Transilvania, Banat si Bucovina\u201d. Az olasz hat\u00f3s\u00e1gok t\u00e1mogat\u00e1s\u00e1val megszervezte Cittaducaleban a \u201eRom\u00e1n L\u00e9gi\u00f3t\u201d (1918), a \u201eHoria, Clo\u015fca, Cri\u015fan \u00e9s Avram Iancu ezredekkel, \u201d amelynek tagjai a t\u00f6bb ezer rom\u00e1n fogoly volt az osztr\u00e1k-m. hadseregb\u0151l. Ezeknek az ezredeknek jelent\u0151s hozz\u00e1j\u00e1rul\u00e1suk volt a v\u00e9gs\u0151 gy\u0151zelemhez.Gy\u0151zelm\u00fck ut\u00e1n visszat\u00e9rt Buk.-be (1919 elej\u00e9n). Liber\u00e1lis k\u00e9pvisel\u0151 volt a Rom\u00e1n Parlamentben (1922\u201325), meghatalmazott miniszter Tiran\u00e1ban (Alb\u00e1nia) (1924\u201326). \u00c9rdekl\u0151d\u00e9ssel fordult az arom\u00e1n lakoss\u00e1g\u00e1hoz, l\u00edc.-ot \u00e9s ortdox templomot \u00e9p\u00edttetett a sz\u00e1mukra..Megalap\u00edtotta a Graiul Rom\u00e2nesc c. foly\u00f3iratot. L\u00e9trehozta a Rom\u00e1niai Germanisztikai Egyes\u00fcletet (1932), a Rom\u00e1n-N\u00e9met M\u0171vel\u0151d\u00e9si Int\u00e9zetet (1935), amely int\u00e9zm\u00e9ny az \u0151 nev\u00e9t viselte. Tagja volt a n\u00e9meto.-i Schiller Akad\u00e9mi\u00e1nak, \u00e9s a m\u00fcncheni N\u00e9met Akad\u00e9mi\u00e1nak. A Graiul rom\u00e2nesc (1926\u2013) \u00e9s a Revista germani\u015ftilor rom\u00e2ni (1932) szerkeszt\u0151je. <strong>Cikkei:<\/strong> Ardealul, Convorbiri literare, Epoca, Universul, Viea\u0163a nou\u0103, Revista nou\u0103, Viitorul c. lapokban jelentek meg. Sz\u00fcl\u0151faluj\u00e1ban adom\u00e1ny\u00e1b\u00f3l \u00faj iskol\u00e1t \u00e9p\u00edtettek, melynek megnyit\u00e1s\u00e1n r\u00e9szt vett (1933) \u00e9s egy buk.-i h\u00e1zat hagyott az iskol\u00e1ra, amelynek j\u00f6vedelm\u00e9b\u0151l \u00e9vente di\u00e1k folytathatta k\u00fclf\u00fcld\u00f6n tanulm\u00e1nyait. Sz\u00fcl\u0151faluj\u00e1ban az a h\u00e1z, ahol lakott (1868\u20131917), ma az \u201cA\u201d kateg\u00f3ri\u00e1ba tartoz\u00f3 m\u0171eml\u00e9k. \u2013 F. m.\u00a0: Elemente ungure\u015fti \u00een limba rom\u00e2n\u0103: tez\u0103 (Buc., 1892); Literatur\u0103 \u015fi obiceiuri poporane din comuna R\u00eepa de Jos (Transilvania) (1892); Doina (B\u00e2rlad, 1893; 1897); Literatura \u015fi obiceiuri poporane din comuna R\u00eepa de Jos (1894); Gramatica limbei latine (1897, 1898); Exerci\u0163ii (1897); Strig\u0103turi sau chiuituri poporane (B\u00e2rlad, 1898); Limba latin\u0103 (1899); Influen\u0163a german\u0103 asupra limbei noastre (Ia\u015fi, 1904); Influen\u0163a culturii germane asupra noastr\u0103 (Ia\u015fi, 1904); Lec\u0163iunea de deschidere a cursului de limba \u015fi literatura german\u0103 (Buc., 1905); Friedrich Gottlieb Klopstock (Buc., 1906); Mittelhochdeutsch: Gramatic\u0103, texte, explic\u0103ri, vocabular (Buc., 1906); Din istoria literaturii germane: Friedrich Gottlieb Klopstock (Buc., 1911); \u00cen Fran\u0163a \u015fi Italia pentru cauza noastr\u0103 (1919), <strong>antol\u00f3g.:<\/strong> Congresul rom\u00e2nilor de peste hotare (Buc., 1915). <br \/><strong>Irod.:<\/strong> Cosma; Datcu; Dasc\u0103li mure\u015feni, 2.; Figuri politice \u015fi administrative din epoca consol\u0103rii (Buc., 1924); F\u00fcl\u00f6p\u2013Ferencz; Guly\u00e1s; Id\u0151t\u00e1r 3; Politics and political parties in Roumania (London, 1936); Predescu; Profiluri mure\u015fene. 1.; Simion C. M\u00e2ndrescu \u00een serviciul unit\u0103\u0163ii nostre na\u0163ionale (Buc., 1928); \u015eerban 2006; Tanco; Transilvania; Valori mure\u015fene de patrimoniu<\/br><\/p>\n","protected":false},"excerpt":{"rendered":"<p>Als\u00f3r\u00e9pa (Maros), 1868. j\u00fal. 18., \u2020 Buk., 1947. szept. 30. a Belu Temet\u0151ben van eltemetve : egyetemi tan\u00e1r, irodalomt\u00f6rt\u00e9n\u00e9sz, nyelv\u00e9sz, folklorista, politikus. \u2013 Tanult Als\u00f3r\u00e9p\u00e1n (1875\u201376), Monorban, Sz\u00e1szr\u00e9genben N\u00e9met Gimn\u00e1ziumba (1875\u201381), Evang\u00e9likus L\u00edc.\u2013ot Szebenben \u00e9s Nasz\u00f3don (1988); filol\u00f3giai tanulm\u00e1nyokat v\u00e9gzett Buk.-ben (1888\u201391), tan\u00e1rai voltak: B. P. Ha\u015fdeu, Al. Odobescu, Titu Maiorescu stb. Latin tan\u00e1r volt [&hellip;]<\/p>\n","protected":false},"featured_media":0,"comment_status":"open","ping_status":"closed","template":"","meta":[],"product_brand":[],"product_cat":[137],"product_tag":[],"class_list":{"0":"post-14527","1":"product","2":"type-product","3":"status-publish","5":"product_cat-maros-megyei-eletrajzi-lexikon","7":"first","8":"instock","9":"shipping-taxable","10":"product-type-simple"},"_links":{"self":[{"href":"https:\/\/uj.adatbank.ro\/lexikon\/wp-json\/wp\/v2\/product\/14527","targetHints":{"allow":["GET"]}}],"collection":[{"href":"https:\/\/uj.adatbank.ro\/lexikon\/wp-json\/wp\/v2\/product"}],"about":[{"href":"https:\/\/uj.adatbank.ro\/lexikon\/wp-json\/wp\/v2\/types\/product"}],"replies":[{"embeddable":true,"href":"https:\/\/uj.adatbank.ro\/lexikon\/wp-json\/wp\/v2\/comments?post=14527"}],"wp:attachment":[{"href":"https:\/\/uj.adatbank.ro\/lexikon\/wp-json\/wp\/v2\/media?parent=14527"}],"wp:term":[{"taxonomy":"product_brand","embeddable":true,"href":"https:\/\/uj.adatbank.ro\/lexikon\/wp-json\/wp\/v2\/product_brand?post=14527"},{"taxonomy":"product_cat","embeddable":true,"href":"https:\/\/uj.adatbank.ro\/lexikon\/wp-json\/wp\/v2\/product_cat?post=14527"},{"taxonomy":"product_tag","embeddable":true,"href":"https:\/\/uj.adatbank.ro\/lexikon\/wp-json\/wp\/v2\/product_tag?post=14527"}],"curies":[{"name":"wp","href":"https:\/\/api.w.org\/{rel}","templated":true}]}}

MÂNDRESCU, Simion C., §

<p>Alsórépa (Maros), 1868. júl. 18., † Buk., 1947. szept. 30. a Belu Temetőben van eltemetve : egyetemi tanár, irodalomtörténész, nyelvész, folklorista, politikus. – Tanult Alsórépán (1875–76), Monorban, Szászrégenben Német Gimnáziumba (1875–81), Evangélikus Líc.–ot Szebenben és Naszódon (1988); filológiai tanulmányokat végzett Buk.-ben (1888–91), tanárai voltak: B. P. Haşdeu, Al. Odobescu, Titu Maiorescu stb. Latin tanár volt Bârladon, majd ösztöndíjat szerzett, külföldön tanult, a filozófia doktora lett német ny. és irodalomból Berlinben (1899). Iaşi-ban némettanári kinevezést kapott (1900–0), doktorált (1905), meghívták a buk.-i egyetem első német nyelv és irodalom katedrájára tanárnak, amit nyugdíjazásáig vezetett (1904–1937). Kezdeményezője volt a Liga pentru unitatea culturală a tuturor românilor társaságnak (1890), a román egység létrejötte és az erdélyi románság megsegítése céljából és a Cercul românilor de peste munţi, szervezet alenöke, majd vezetője (1909). Az I. vh. után vehemensen harcolt Erdély osztrák-m. uralom aloli felszabadításáért, cikkei, felhívásai, beszédei a különböző politikai összejövetelen a román- föld és nép felszabadítását célozták. Jelentősen hozzájárult a határon kivüli románok konferenciájának a megszervezéséhez (1915. márc. 15.), melynek célja a románok politikai egységének követelése volt. A Román egyetemi tanárok szövetségében javasolta a tanárok külföldre küldését, pl. Franciao.-ba, hogy a román ügy érdekében népszerűsítsék kivánságaikat (1917). Részt vett az erdélyi, bánáti és bukoviniai románok delegációjában, Clemenceau fogadta őket Párizsban, a 4 millió határokon kívüli román érdekeit képviselték (1918), innen Rómába mentek és részt vettek a Monarchia elnyomot nemzeteinek a kongresszusán (1918. ápr. 11.), követelve az önrendelkezéshez való jogukat, egészen az elszakadásukig. Még Olaszo.-ban maradt, román önkéntes légió megszervezésében segédkezett, a kormány jóváhagyásával, létejött a ”Pro Rumeni” nevű bizottság és a ”Comitetul de acţiune al românilor din Transilvania, Banat si Bucovina”. Az olasz hatóságok támogatásával megszervezte Cittaducaleban a „Román Légiót” (1918), a „Horia, Cloşca, Crişan és Avram Iancu ezredekkel, ” amelynek tagjai a több ezer román fogoly volt az osztrák-m. hadseregből. Ezeknek az ezredeknek jelentős hozzájárulásuk volt a végső győzelemhez.Győzelmük után visszatért Buk.-be (1919 elején). Liberális képviselő volt a Román Parlamentben (1922–25), meghatalmazott miniszter Tiranában (Albánia) (1924–26). Érdeklődéssel fordult az aromán lakosságához, líc.-ot és ortdox templomot építtetett a számukra..Megalapította a Graiul Românesc c. folyóiratot. Létrehozta a Romániai Germanisztikai Egyesületet (1932), a Román-Német Művelődési Intézetet (1935), amely intézmény az ő nevét viselte. Tagja volt a németo.-i Schiller Akadémiának, és a müncheni Német Akadémiának. A Graiul românesc (1926–) és a Revista germaniştilor români (1932) szerkesztője. <strong>Cikkei:</strong> Ardealul, Convorbiri literare, Epoca, Universul, Vieaţa nouă, Revista nouă, Viitorul c. lapokban jelentek meg. Szülőfalujában adományából új iskolát építettek, melynek megnyitásán részt vett (1933) és egy buk.-i házat hagyott az iskolára, amelynek jövedelméből évente diák folytathatta külfüldön tanulmányait. Szülőfalujában az a ház, ahol lakott (1868–1917), ma az “A” kategóriába tartozó műemlék. – F. m. : Elemente ungureşti în limba română: teză (Buc., 1892); Literatură şi obiceiuri poporane din comuna Rîpa de Jos (Transilvania) (1892); Doina (Bârlad, 1893; 1897); Literatura şi obiceiuri poporane din comuna Rîpa de Jos (1894); Gramatica limbei latine (1897, 1898); Exerciţii (1897); Strigături sau chiuituri poporane (Bârlad, 1898); Limba latină (1899); Influenţa germană asupra limbei noastre (Iaşi, 1904); Influenţa culturii germane asupra noastră (Iaşi, 1904); Lecţiunea de deschidere a cursului de limba şi literatura germană (Buc., 1905); Friedrich Gottlieb Klopstock (Buc., 1906); Mittelhochdeutsch: Gramatică, texte, explicări, vocabular (Buc., 1906); Din istoria literaturii germane: Friedrich Gottlieb Klopstock (Buc., 1911); În Franţa şi Italia pentru cauza noastră (1919), <strong>antológ.:</strong> Congresul românilor de peste hotare (Buc., 1915). <br /><strong>Irod.:</strong> Cosma; Datcu; Dascăli mureşeni, 2.; Figuri politice şi administrative din epoca consolării (Buc., 1924); Fülöp–Ferencz; Gulyás; Időtár 3; Politics and political parties in Roumania (London, 1936); Predescu; Profiluri mureşene. 1.; Simion C. Mândrescu în serviciul unităţii nostre naţionale (Buc., 1928); Şerban 2006; Tanco; Transilvania; Valori mureşene de patrimoniu</br></p>

<p>Alsórépa (Maros), 1868. júl. 18., † Buk., 1947. szept. 30. a Belu Temetőben van eltemetve : egyetemi tanár, irodalomtörténész, nyelvész, folklorista, politikus. – Tanult Alsórépán (1875–76), Monorban, Szászrégenben Német Gimnáziumba (1875–81), Evangélikus Líc.–ot Szebenben és Naszódon (1988); filológiai tanulmányokat végzett Buk.-ben (1888–91), tanárai voltak: B. P. Haşdeu, Al. Odobescu, Titu Maiorescu stb. Latin tanár volt [&hellip;]</p>
