{"id":14529,"date":"2025-07-15T13:04:43","date_gmt":"2025-07-15T11:04:43","guid":{"rendered":"https:\/\/uj.adatbank.ro\/lexikon\/termek\/mandula-mor-ferenc\/"},"modified":"2025-07-15T13:04:43","modified_gmt":"2025-07-15T11:04:43","slug":"mandula-mor-ferenc","status":"publish","type":"product","link":"https:\/\/uj.adatbank.ro\/lexikon\/termek\/mandula-mor-ferenc\/","title":{"rendered":"MANDULA M\u00f3r Ferenc"},"content":{"rendered":"<p>Marosludas, 1901. jan. 4., \u2020 Bp., 1973. dec. 2.: vegy\u00e9sz, im\u00admunol\u00f3gus \u2013 A bp.-i m\u0171egy. g\u00e9p\u00e9szm\u00e9rn\u00f6ki oszt\u00e1ly\u00e1n k\u00e9t f\u00e9l\u00e9vet hallgatott (1918\u2013). Bel\u00e9pett a KMP-be (1919), a prolet\u00e1rdiktat\u00fara lever\u00e9se ut\u00e1n visszat\u00e9rt Marosludasra, majd Ausztri\u00e1ba ment. A b\u00e9csi egy.-en k\u00e9mi\u00e1t tanult (1921\u2013), ahol b\u00f6l\u00adcs\u00e9szdoktori oklevelet szerzett (1927). A b\u00e9\u00adcsi egy. orvosk\u00e9miai int.-ben kutat\u00f3asszisz\u00adtens (1927\u2013), R. Willheim professzor vezet\u00e9s\u00e9vel feh\u00e9rjek\u00e9miai kutat\u00e1sokat folytatott. A b\u00e9csi Allgemeine Krankenhaus Serodiagnostische Untersuchungsanstaltban (1928. dec.\u2013) R. M\u00fcller mellett kutat\u00f3asszisztens, itt saj\u00e1t\u00ed\u00adtotta el a lues-szerol\u00f3gia munkam\u00f3dszereit. F\u0151n\u00f6k\u00e9vel egy\u00fctt kidolgozta a M\u00fcller-Ballung-reakci\u00f3 (M. B. R. II.) egyszer\u0171s\u00edtett v\u00e1l\u00adtozat\u00e1t, amely nemzetk\u00f6zi elismer\u00e9st v\u00e1ltott ki a N\u00e9psz\u00f6vets\u00e9g 1930-ban Montevide\u00f3ban megrendezett III. lues-szerol\u00f3giai munkakon\u00adferenci\u00e1j\u00e1n. Zsid\u00f3 sz\u00e1rma\u00adz\u00e1sa miatt az int. elhagy\u00e1s\u00e1ra k\u00e9nyszer\u00fclt (1933. szept.1.). B\u00e9csben \u00f6n\u00e1ll\u00f3 laborat\u00f3riumot tar\u00adtott fenn (1934\u201339), amit a n\u00e9meto.-i zsid\u00f3tv.-ek miatt be kellett z\u00e1rnia. A b\u00e9csi Rothschild-k\u00f3rh\u00e1z laborat\u00f3rium\u00e1nak munka\u00adt\u00e1rsa (1939\u2013), siker\u00fclt N\u00e9meto.-b\u00f3l elmene\u00adk\u00fclnie, visszat\u00e9rt Bp.-re (1942\u201345-ig) illega\u00adlit\u00e1sban \u00e9lt. A bp.-i Orsz. K\u00f6z\u00adeg\u00e9szs\u00e9g\u00fcgyi Int. szerol\u00f3giai oszt\u00e1ly\u00e1n adjunk\u00adtus (1945. aug.\u2013), oszt\u00e1lyvezet\u0151 nyugd\u00edjaz\u00e1s\u00e1ig (1949\u201366). Kossuth-d\u00edj (1949). Legjelent\u0151sebb eredm\u00e9nyeit a lues-szerol\u00f3giai antig\u00e9nek el\u0151\u00e1ll\u00edt\u00e1s\u00e1ban \u00e9rte el. Kidolgozta a r\u00f3la elnevezett M.-reakci\u00f3t (1948), amely lehet\u0151v\u00e9 tette a v\u00e9rbaj t\u00f6meges sz\u0171r\u0151vizsg\u00e1lat\u00e1t. \u2013 <strong>F. m.:<\/strong> \u00datmutat\u00e1s a lueszes szerol\u00f3giai reakci\u00f3k v\u00e9gz\u00e9s\u00e9re (N\u00e9peg\u00e9szs\u00e9g\u00fcgy, 1948). <br \/><strong>Irod.:<\/strong> R\u00daL; \u00daM\u00c9L<\/br><\/p>\n","protected":false},"excerpt":{"rendered":"<p>Marosludas, 1901. jan. 4., \u2020 Bp., 1973. dec. 2.: vegy\u00e9sz, im\u00admunol\u00f3gus \u2013 A bp.-i m\u0171egy. g\u00e9p\u00e9szm\u00e9rn\u00f6ki oszt\u00e1ly\u00e1n k\u00e9t f\u00e9l\u00e9vet hallgatott (1918\u2013). Bel\u00e9pett a KMP-be (1919), a prolet\u00e1rdiktat\u00fara lever\u00e9se ut\u00e1n visszat\u00e9rt Marosludasra, majd Ausztri\u00e1ba ment. A b\u00e9csi egy.-en k\u00e9mi\u00e1t tanult (1921\u2013), ahol b\u00f6l\u00adcs\u00e9szdoktori oklevelet szerzett (1927). A b\u00e9\u00adcsi egy. orvosk\u00e9miai int.-ben kutat\u00f3asszisz\u00adtens (1927\u2013), R. Willheim professzor [&hellip;]<\/p>\n","protected":false},"featured_media":0,"comment_status":"open","ping_status":"closed","template":"","meta":[],"product_brand":[],"product_cat":[137],"product_tag":[],"class_list":{"0":"post-14529","1":"product","2":"type-product","3":"status-publish","5":"product_cat-maros-megyei-eletrajzi-lexikon","7":"first","8":"instock","9":"shipping-taxable","10":"product-type-simple"},"_links":{"self":[{"href":"https:\/\/uj.adatbank.ro\/lexikon\/wp-json\/wp\/v2\/product\/14529","targetHints":{"allow":["GET"]}}],"collection":[{"href":"https:\/\/uj.adatbank.ro\/lexikon\/wp-json\/wp\/v2\/product"}],"about":[{"href":"https:\/\/uj.adatbank.ro\/lexikon\/wp-json\/wp\/v2\/types\/product"}],"replies":[{"embeddable":true,"href":"https:\/\/uj.adatbank.ro\/lexikon\/wp-json\/wp\/v2\/comments?post=14529"}],"wp:attachment":[{"href":"https:\/\/uj.adatbank.ro\/lexikon\/wp-json\/wp\/v2\/media?parent=14529"}],"wp:term":[{"taxonomy":"product_brand","embeddable":true,"href":"https:\/\/uj.adatbank.ro\/lexikon\/wp-json\/wp\/v2\/product_brand?post=14529"},{"taxonomy":"product_cat","embeddable":true,"href":"https:\/\/uj.adatbank.ro\/lexikon\/wp-json\/wp\/v2\/product_cat?post=14529"},{"taxonomy":"product_tag","embeddable":true,"href":"https:\/\/uj.adatbank.ro\/lexikon\/wp-json\/wp\/v2\/product_tag?post=14529"}],"curies":[{"name":"wp","href":"https:\/\/api.w.org\/{rel}","templated":true}]}}

MANDULA Mór Ferenc

<p>Marosludas, 1901. jan. 4., † Bp., 1973. dec. 2.: vegyész, im­munológus – A bp.-i műegy. gépészmérnöki osztályán két félévet hallgatott (1918–). Belépett a KMP-be (1919), a proletárdiktatúra leverése után visszatért Marosludasra, majd Ausztriába ment. A bécsi egy.-en kémiát tanult (1921–), ahol böl­csészdoktori oklevelet szerzett (1927). A bé­csi egy. orvoskémiai int.-ben kutatóasszisz­tens (1927–), R. Willheim professzor vezetésével fehérjekémiai kutatásokat folytatott. A bécsi Allgemeine Krankenhaus Serodiagnostische Untersuchungsanstaltban (1928. dec.–) R. Müller mellett kutatóasszisztens, itt sajátí­totta el a lues-szerológia munkamódszereit. Főnökével együtt kidolgozta a Müller-Ballung-reakció (M. B. R. II.) egyszerűsített vál­tozatát, amely nemzetközi elismerést váltott ki a Népszövetség 1930-ban Montevideóban megrendezett III. lues-szerológiai munkakon­ferenciáján. Zsidó szárma­zása miatt az int. elhagyására kényszerült (1933. szept.1.). Bécsben önálló laboratóriumot tar­tott fenn (1934–39), amit a németo.-i zsidótv.-ek miatt be kellett zárnia. A bécsi Rothschild-kórház laboratóriumának munka­társa (1939–), sikerült Németo.-ból elmene­külnie, visszatért Bp.-re (1942–45-ig) illega­litásban élt. A bp.-i Orsz. Köz­egészségügyi Int. szerológiai osztályán adjunk­tus (1945. aug.–), osztályvezető nyugdíjazásáig (1949–66). Kossuth-díj (1949). Legjelentősebb eredményeit a lues-szerológiai antigének előállításában érte el. Kidolgozta a róla elnevezett M.-reakciót (1948), amely lehetővé tette a vérbaj tömeges szűrővizsgálatát. – <strong>F. m.:</strong> Útmutatás a lueszes szerológiai reakciók végzésére (Népegészségügy, 1948). <br /><strong>Irod.:</strong> RÚL; ÚMÉL</br></p>

<p>Marosludas, 1901. jan. 4., † Bp., 1973. dec. 2.: vegyész, im­munológus – A bp.-i műegy. gépészmérnöki osztályán két félévet hallgatott (1918–). Belépett a KMP-be (1919), a proletárdiktatúra leverése után visszatért Marosludasra, majd Ausztriába ment. A bécsi egy.-en kémiát tanult (1921–), ahol böl­csészdoktori oklevelet szerzett (1927). A bé­csi egy. orvoskémiai int.-ben kutatóasszisz­tens (1927–), R. Willheim professzor [&hellip;]</p>
