{"id":14533,"date":"2025-07-15T13:04:51","date_gmt":"2025-07-15T11:04:51","guid":{"rendered":"https:\/\/uj.adatbank.ro\/lexikon\/termek\/manfi-iosif\/"},"modified":"2025-07-15T13:04:51","modified_gmt":"2025-07-15T11:04:51","slug":"manfi-iosif","status":"publish","type":"product","link":"https:\/\/uj.adatbank.ro\/lexikon\/termek\/manfi-iosif\/","title":{"rendered":"MANFI Iosif"},"content":{"rendered":"<p>Teke, 1790., \u2020\u00a01872.: tan\u00edt\u00f3, tan\u00e1r, sz\u00e1mvev\u0151. \u2013A k\u00f6z\u00e9piskol\u00e1t Bal\u00e1zsfalv\u00e1n \u00e9s Mv.-en v\u00e9gezte (1813).Tan\u00edt\u00f3k\u00e9nt m\u0171k\u00f6d\u00f6tt (1813\u20131814). Asachi \u00e9s Veniamin h\u00edv\u00e1s\u00e1ra Moldov\u00e1ba ment (1814); tan\u00e1r Mez\u0151szokolon (1820\u201322), h\u00e1zitan\u00edt\u00f3 Spl\u00e9ny b\u00e1r\u00f3 csal\u00e1dj\u00e1n\u00e1l Pan\u00e1don (1822\u201332); Lem\u00e9ny p\u00fcsp\u00f6k sz\u00e1mvev\u0151je (1832\u201350); tan\u00edt\u00f3 (1860\u201365).-<br \/><strong>Irod.:<\/strong> Com\u015fa<\/br><\/p>\n","protected":false},"excerpt":{"rendered":"<p>Teke, 1790., \u2020\u00a01872.: tan\u00edt\u00f3, tan\u00e1r, sz\u00e1mvev\u0151. \u2013A k\u00f6z\u00e9piskol\u00e1t Bal\u00e1zsfalv\u00e1n \u00e9s Mv.-en v\u00e9gezte (1813).Tan\u00edt\u00f3k\u00e9nt m\u0171k\u00f6d\u00f6tt (1813\u20131814). Asachi \u00e9s Veniamin h\u00edv\u00e1s\u00e1ra Moldov\u00e1ba ment (1814); tan\u00e1r Mez\u0151szokolon (1820\u201322), h\u00e1zitan\u00edt\u00f3 Spl\u00e9ny b\u00e1r\u00f3 csal\u00e1dj\u00e1n\u00e1l Pan\u00e1don (1822\u201332); Lem\u00e9ny p\u00fcsp\u00f6k sz\u00e1mvev\u0151je (1832\u201350); tan\u00edt\u00f3 (1860\u201365).-Irod.: Com\u015fa<\/p>\n","protected":false},"featured_media":0,"comment_status":"open","ping_status":"closed","template":"","meta":[],"product_brand":[],"product_cat":[137],"product_tag":[],"class_list":{"0":"post-14533","1":"product","2":"type-product","3":"status-publish","5":"product_cat-maros-megyei-eletrajzi-lexikon","7":"first","8":"instock","9":"shipping-taxable","10":"product-type-simple"},"_links":{"self":[{"href":"https:\/\/uj.adatbank.ro\/lexikon\/wp-json\/wp\/v2\/product\/14533","targetHints":{"allow":["GET"]}}],"collection":[{"href":"https:\/\/uj.adatbank.ro\/lexikon\/wp-json\/wp\/v2\/product"}],"about":[{"href":"https:\/\/uj.adatbank.ro\/lexikon\/wp-json\/wp\/v2\/types\/product"}],"replies":[{"embeddable":true,"href":"https:\/\/uj.adatbank.ro\/lexikon\/wp-json\/wp\/v2\/comments?post=14533"}],"wp:attachment":[{"href":"https:\/\/uj.adatbank.ro\/lexikon\/wp-json\/wp\/v2\/media?parent=14533"}],"wp:term":[{"taxonomy":"product_brand","embeddable":true,"href":"https:\/\/uj.adatbank.ro\/lexikon\/wp-json\/wp\/v2\/product_brand?post=14533"},{"taxonomy":"product_cat","embeddable":true,"href":"https:\/\/uj.adatbank.ro\/lexikon\/wp-json\/wp\/v2\/product_cat?post=14533"},{"taxonomy":"product_tag","embeddable":true,"href":"https:\/\/uj.adatbank.ro\/lexikon\/wp-json\/wp\/v2\/product_tag?post=14533"}],"curies":[{"name":"wp","href":"https:\/\/api.w.org\/{rel}","templated":true}]}}