{"id":14540,"date":"2025-07-15T13:05:03","date_gmt":"2025-07-15T11:05:03","guid":{"rendered":"https:\/\/uj.adatbank.ro\/lexikon\/termek\/mann-stephanus\/"},"modified":"2025-07-15T13:05:03","modified_gmt":"2025-07-15T11:05:03","slug":"mann-stephanus","status":"publish","type":"product","link":"https:\/\/uj.adatbank.ro\/lexikon\/termek\/mann-stephanus\/","title":{"rendered":"MANN, Stephanus"},"content":{"rendered":"<p>1590., \u2020\u00a0? 1647.: \u00f6tv\u00f6smester, tan\u00e1csos, polg\u00e1rmester. \u2013 Segesv\u00e1ri polg\u00e1r, \u00f6tv\u00f6smester. Sz\u00e9kb\u00edr\u00f3 (1627\u201331), segesv\u00e1ri tan\u00e1csos, mint ilyen r\u00e9szt vett az I. R\u00e1k\u00f3czi Gy\u00f6rgy vezet\u00e9se alatt D\u00e9sen tartott ogy.-en (1638. j\u00fal. 7.\u2013). Kir\u00e1lyb\u00edr\u00f3 \u00e9s polg\u00e1rmester (1633, 1637\u201338, 1640\u201347). Egykori lak\u00f3h\u00e1za az \u00fan. Velencei h\u00e1z volt, amely ma is a Szarvas h\u00e1zzal egy\u00fctt, a v\u00e1ros egyik nevezetess\u00e9ge. A segesv\u00e1ri Hegyi Templomban, a v\u00e1rtemplomban vannak hamvai, t\u00f6bb m\u00e1s sz\u00e1sz notabilit\u00e1ssal egy\u00fctt, s\u00edrk\u00f6v\u00e9n k\u0151b\u0151l faragott arcm\u00e1sa is megmaradt, Elias Nikolai, Erd\u00e9ly neves szobr\u00e1sz\u00e1nak alkot\u00e1sa. <br \/><strong>Irod.:<\/strong> K\u00e9nosi-Uzoni 2.; Kraus: Erd\u00e9lyi kr\u00f3nika; Sighi\u015foara: Comorile Trans.<\/br><\/p>\n","protected":false},"excerpt":{"rendered":"<p>1590., \u2020\u00a0? 1647.: \u00f6tv\u00f6smester, tan\u00e1csos, polg\u00e1rmester. \u2013 Segesv\u00e1ri polg\u00e1r, \u00f6tv\u00f6smester. Sz\u00e9kb\u00edr\u00f3 (1627\u201331), segesv\u00e1ri tan\u00e1csos, mint ilyen r\u00e9szt vett az I. R\u00e1k\u00f3czi Gy\u00f6rgy vezet\u00e9se alatt D\u00e9sen tartott ogy.-en (1638. j\u00fal. 7.\u2013). Kir\u00e1lyb\u00edr\u00f3 \u00e9s polg\u00e1rmester (1633, 1637\u201338, 1640\u201347). Egykori lak\u00f3h\u00e1za az \u00fan. Velencei h\u00e1z volt, amely ma is a Szarvas h\u00e1zzal egy\u00fctt, a v\u00e1ros egyik nevezetess\u00e9ge. A [&hellip;]<\/p>\n","protected":false},"featured_media":0,"comment_status":"open","ping_status":"closed","template":"","meta":[],"product_brand":[],"product_cat":[137],"product_tag":[],"class_list":{"0":"post-14540","1":"product","2":"type-product","3":"status-publish","5":"product_cat-maros-megyei-eletrajzi-lexikon","7":"first","8":"instock","9":"shipping-taxable","10":"product-type-simple"},"_links":{"self":[{"href":"https:\/\/uj.adatbank.ro\/lexikon\/wp-json\/wp\/v2\/product\/14540","targetHints":{"allow":["GET"]}}],"collection":[{"href":"https:\/\/uj.adatbank.ro\/lexikon\/wp-json\/wp\/v2\/product"}],"about":[{"href":"https:\/\/uj.adatbank.ro\/lexikon\/wp-json\/wp\/v2\/types\/product"}],"replies":[{"embeddable":true,"href":"https:\/\/uj.adatbank.ro\/lexikon\/wp-json\/wp\/v2\/comments?post=14540"}],"wp:attachment":[{"href":"https:\/\/uj.adatbank.ro\/lexikon\/wp-json\/wp\/v2\/media?parent=14540"}],"wp:term":[{"taxonomy":"product_brand","embeddable":true,"href":"https:\/\/uj.adatbank.ro\/lexikon\/wp-json\/wp\/v2\/product_brand?post=14540"},{"taxonomy":"product_cat","embeddable":true,"href":"https:\/\/uj.adatbank.ro\/lexikon\/wp-json\/wp\/v2\/product_cat?post=14540"},{"taxonomy":"product_tag","embeddable":true,"href":"https:\/\/uj.adatbank.ro\/lexikon\/wp-json\/wp\/v2\/product_tag?post=14540"}],"curies":[{"name":"wp","href":"https:\/\/api.w.org\/{rel}","templated":true}]}}

<p>1590., † ? 1647.: ötvösmester, tanácsos, polgármester. – Segesvári polgár, ötvösmester. Székbíró (1627–31), segesvári tanácsos, mint ilyen részt vett az I. Rákóczi György vezetése alatt Désen tartott ogy.-en (1638. júl. 7.–). Királybíró és polgármester (1633, 1637–38, 1640–47). Egykori lakóháza az ún. Velencei ház volt, amely ma is a Szarvas házzal együtt, a város egyik nevezetessége. A segesvári Hegyi Templomban, a vártemplomban vannak hamvai, több más szász notabilitással együtt, sírkövén kőből faragott arcmása is megmaradt, Elias Nikolai, Erdély neves szobrászának alkotása. <br /><strong>Irod.:</strong> Kénosi-Uzoni 2.; Kraus: Erdélyi krónika; Sighişoara: Comorile Trans.</br></p>

<p>1590., † ? 1647.: ötvösmester, tanácsos, polgármester. – Segesvári polgár, ötvösmester. Székbíró (1627–31), segesvári tanácsos, mint ilyen részt vett az I. Rákóczi György vezetése alatt Désen tartott ogy.-en (1638. júl. 7.–). Királybíró és polgármester (1633, 1637–38, 1640–47). Egykori lakóháza az ún. Velencei ház volt, amely ma is a Szarvas házzal együtt, a város egyik nevezetessége. A [&hellip;]</p>
