{"id":14544,"date":"2025-07-15T13:05:12","date_gmt":"2025-07-15T11:05:12","guid":{"rendered":"https:\/\/uj.adatbank.ro\/lexikon\/termek\/manoiu-gheorghe\/"},"modified":"2025-07-15T13:05:12","modified_gmt":"2025-07-15T11:05:12","slug":"manoiu-gheorghe","status":"publish","type":"product","link":"https:\/\/uj.adatbank.ro\/lexikon\/termek\/manoiu-gheorghe\/","title":{"rendered":"M\u0102NOIU, Gheorghe"},"content":{"rendered":"<p>Rasova, 1895., \u2020 Dics\u0151szentm\u00e1rton, 1944. okt. 5.: kapit\u00e1ny. \u2013 A dics\u0151szentm\u00e1rtoni 15. hadik\u00f3rh\u00e1zban halt meg. <br \/><strong>Irod.:<\/strong> MMK<\/br><\/p>\n","protected":false},"excerpt":{"rendered":"<p>Rasova, 1895., \u2020 Dics\u0151szentm\u00e1rton, 1944. okt. 5.: kapit\u00e1ny. \u2013 A dics\u0151szentm\u00e1rtoni 15. hadik\u00f3rh\u00e1zban halt meg. Irod.: MMK<\/p>\n","protected":false},"featured_media":0,"comment_status":"open","ping_status":"closed","template":"","meta":[],"product_brand":[],"product_cat":[137],"product_tag":[],"class_list":{"0":"post-14544","1":"product","2":"type-product","3":"status-publish","5":"product_cat-maros-megyei-eletrajzi-lexikon","7":"first","8":"instock","9":"shipping-taxable","10":"product-type-simple"},"_links":{"self":[{"href":"https:\/\/uj.adatbank.ro\/lexikon\/wp-json\/wp\/v2\/product\/14544","targetHints":{"allow":["GET"]}}],"collection":[{"href":"https:\/\/uj.adatbank.ro\/lexikon\/wp-json\/wp\/v2\/product"}],"about":[{"href":"https:\/\/uj.adatbank.ro\/lexikon\/wp-json\/wp\/v2\/types\/product"}],"replies":[{"embeddable":true,"href":"https:\/\/uj.adatbank.ro\/lexikon\/wp-json\/wp\/v2\/comments?post=14544"}],"wp:attachment":[{"href":"https:\/\/uj.adatbank.ro\/lexikon\/wp-json\/wp\/v2\/media?parent=14544"}],"wp:term":[{"taxonomy":"product_brand","embeddable":true,"href":"https:\/\/uj.adatbank.ro\/lexikon\/wp-json\/wp\/v2\/product_brand?post=14544"},{"taxonomy":"product_cat","embeddable":true,"href":"https:\/\/uj.adatbank.ro\/lexikon\/wp-json\/wp\/v2\/product_cat?post=14544"},{"taxonomy":"product_tag","embeddable":true,"href":"https:\/\/uj.adatbank.ro\/lexikon\/wp-json\/wp\/v2\/product_tag?post=14544"}],"curies":[{"name":"wp","href":"https:\/\/api.w.org\/{rel}","templated":true}]}}