{"id":14549,"date":"2025-07-15T13:05:22","date_gmt":"2025-07-15T11:05:22","guid":{"rendered":"https:\/\/uj.adatbank.ro\/lexikon\/termek\/manu-octavian\/"},"modified":"2025-07-15T13:05:22","modified_gmt":"2025-07-15T11:05:22","slug":"manu-octavian","status":"publish","type":"product","link":"https:\/\/uj.adatbank.ro\/lexikon\/termek\/manu-octavian\/","title":{"rendered":"MANU, Octavian"},"content":{"rendered":"<p>Mez\u0151szentm\u00e1rton, 1875. febr. 13 \u2020 Ludas, 1966. okt. 1.: tan\u00edt\u00f3. \u2013 Bal\u00e1zsfalv\u00e1n v\u00e9gezte a g. kat. tan\u00edt\u00f3k\u00e9pz\u0151t. Mez\u0151szentm\u00e1rtonban, Farag\u00f3n, Kisnyulason tan\u00edtott. Kisnyulas hivatalos k\u00fcld\u00f6ttje a gyulafeh\u00e9rv\u00e1ri nagygy\u0171l\u00e9sen (1918. dec. 1.). A G. Kat. Tan\u00edt\u00f3k Egyes\u00fclete farag\u00f3i r\u00e9szleg\u00e9nek, az ASTRA tekei r\u00e9szleg\u00e9nek \u00f6r\u00f6k\u00f6s tagja, a megyei bizotts\u00e1g k\u00fcld\u00f6ttje. Csatlakozott a Rom\u00e1n Nemzeti Tan\u00e1cshoz. <br \/><strong>Irod.:<\/strong> Bosoanc\u0103; Todea 2013<\/br><\/p>\n","protected":false},"excerpt":{"rendered":"<p>Mez\u0151szentm\u00e1rton, 1875. febr. 13 \u2020 Ludas, 1966. okt. 1.: tan\u00edt\u00f3. \u2013 Bal\u00e1zsfalv\u00e1n v\u00e9gezte a g. kat. tan\u00edt\u00f3k\u00e9pz\u0151t. Mez\u0151szentm\u00e1rtonban, Farag\u00f3n, Kisnyulason tan\u00edtott. Kisnyulas hivatalos k\u00fcld\u00f6ttje a gyulafeh\u00e9rv\u00e1ri nagygy\u0171l\u00e9sen (1918. dec. 1.). A G. Kat. Tan\u00edt\u00f3k Egyes\u00fclete farag\u00f3i r\u00e9szleg\u00e9nek, az ASTRA tekei r\u00e9szleg\u00e9nek \u00f6r\u00f6k\u00f6s tagja, a megyei bizotts\u00e1g k\u00fcld\u00f6ttje. Csatlakozott a Rom\u00e1n Nemzeti Tan\u00e1cshoz. Irod.: Bosoanc\u0103; Todea [&hellip;]<\/p>\n","protected":false},"featured_media":0,"comment_status":"open","ping_status":"closed","template":"","meta":[],"product_brand":[],"product_cat":[137],"product_tag":[],"class_list":{"0":"post-14549","1":"product","2":"type-product","3":"status-publish","5":"product_cat-maros-megyei-eletrajzi-lexikon","7":"first","8":"instock","9":"shipping-taxable","10":"product-type-simple"},"_links":{"self":[{"href":"https:\/\/uj.adatbank.ro\/lexikon\/wp-json\/wp\/v2\/product\/14549","targetHints":{"allow":["GET"]}}],"collection":[{"href":"https:\/\/uj.adatbank.ro\/lexikon\/wp-json\/wp\/v2\/product"}],"about":[{"href":"https:\/\/uj.adatbank.ro\/lexikon\/wp-json\/wp\/v2\/types\/product"}],"replies":[{"embeddable":true,"href":"https:\/\/uj.adatbank.ro\/lexikon\/wp-json\/wp\/v2\/comments?post=14549"}],"wp:attachment":[{"href":"https:\/\/uj.adatbank.ro\/lexikon\/wp-json\/wp\/v2\/media?parent=14549"}],"wp:term":[{"taxonomy":"product_brand","embeddable":true,"href":"https:\/\/uj.adatbank.ro\/lexikon\/wp-json\/wp\/v2\/product_brand?post=14549"},{"taxonomy":"product_cat","embeddable":true,"href":"https:\/\/uj.adatbank.ro\/lexikon\/wp-json\/wp\/v2\/product_cat?post=14549"},{"taxonomy":"product_tag","embeddable":true,"href":"https:\/\/uj.adatbank.ro\/lexikon\/wp-json\/wp\/v2\/product_tag?post=14549"}],"curies":[{"name":"wp","href":"https:\/\/api.w.org\/{rel}","templated":true}]}}

<p>Mezőszentmárton, 1875. febr. 13 † Ludas, 1966. okt. 1.: tanító. – Balázsfalván végezte a g. kat. tanítóképzőt. Mezőszentmártonban, Faragón, Kisnyulason tanított. Kisnyulas hivatalos küldöttje a gyulafehérvári nagygyűlésen (1918. dec. 1.). A G. Kat. Tanítók Egyesülete faragói részlegének, az ASTRA tekei részlegének örökös tagja, a megyei bizottság küldöttje. Csatlakozott a Román Nemzeti Tanácshoz. <br /><strong>Irod.:</strong> Bosoancă; Todea 2013</br></p>

<p>Mezőszentmárton, 1875. febr. 13 † Ludas, 1966. okt. 1.: tanító. – Balázsfalván végezte a g. kat. tanítóképzőt. Mezőszentmártonban, Faragón, Kisnyulason tanított. Kisnyulas hivatalos küldöttje a gyulafehérvári nagygyűlésen (1918. dec. 1.). A G. Kat. Tanítók Egyesülete faragói részlegének, az ASTRA tekei részlegének örökös tagja, a megyei bizottság küldöttje. Csatlakozott a Román Nemzeti Tanácshoz. Irod.: Bosoancă; Todea [&hellip;]</p>
