{"id":14551,"date":"2025-07-15T13:05:27","date_gmt":"2025-07-15T11:05:27","guid":{"rendered":"https:\/\/uj.adatbank.ro\/lexikon\/termek\/manus-marton\/"},"modified":"2025-07-15T13:05:27","modified_gmt":"2025-07-15T11:05:27","slug":"manus-marton","status":"publish","type":"product","link":"https:\/\/uj.adatbank.ro\/lexikon\/termek\/manus-marton\/","title":{"rendered":"M\u00c1NUS M\u00e1rton"},"content":{"rendered":"<p>? \u2020 ?: \u00e9p\u00edt\u00e9szm\u00e9rn\u00f6k. \u2013 Mv.-en tev\u00e9kenykedett a 19.sz. v\u00e9g\u00e9n, 20. sz elej\u00e9n. Nev\u00e9hez f\u0171z\u0151dik t\u00f6bb korabeli mark\u00e1ns \u00e9p\u00fclet : Horea u.5.(tulajdonos Obert Frigyes) \u00e9s 41 sz.(tulajdonos Veres Menyh\u00e1rt), V\u00e1rs\u00e9t\u00e1ny 23 \u2013 25. sz (tulajdonos dr.Marosi K\u00e1lm\u00e1n); K\u00f6zt\u00e1rsas\u00e1g t\u00e9r 48 (Izm\u00e1el M\u00e1rton tulajdona); Eminescu u.13 (tulajdonos Bitai J\u00e1nos); Kossuth u. 38 \u00e9s m\u00e1s lak\u00f3h\u00e1zak tervez\u00e9se \u00e9s kivitelez\u00e9se. <br \/><strong>Irod.:<\/strong> Man Tg.M. 1., 2.; Mv. m\u0171v. v\u00e1r.<\/br><\/p>\n","protected":false},"excerpt":{"rendered":"<p>? \u2020 ?: \u00e9p\u00edt\u00e9szm\u00e9rn\u00f6k. \u2013 Mv.-en tev\u00e9kenykedett a 19.sz. v\u00e9g\u00e9n, 20. sz elej\u00e9n. Nev\u00e9hez f\u0171z\u0151dik t\u00f6bb korabeli mark\u00e1ns \u00e9p\u00fclet : Horea u.5.(tulajdonos Obert Frigyes) \u00e9s 41 sz.(tulajdonos Veres Menyh\u00e1rt), V\u00e1rs\u00e9t\u00e1ny 23 \u2013 25. sz (tulajdonos dr.Marosi K\u00e1lm\u00e1n); K\u00f6zt\u00e1rsas\u00e1g t\u00e9r 48 (Izm\u00e1el M\u00e1rton tulajdona); Eminescu u.13 (tulajdonos Bitai J\u00e1nos); Kossuth u. 38 \u00e9s m\u00e1s lak\u00f3h\u00e1zak tervez\u00e9se [&hellip;]<\/p>\n","protected":false},"featured_media":0,"comment_status":"open","ping_status":"closed","template":"","meta":[],"product_brand":[],"product_cat":[137],"product_tag":[],"class_list":{"0":"post-14551","1":"product","2":"type-product","3":"status-publish","5":"product_cat-maros-megyei-eletrajzi-lexikon","7":"first","8":"instock","9":"shipping-taxable","10":"product-type-simple"},"_links":{"self":[{"href":"https:\/\/uj.adatbank.ro\/lexikon\/wp-json\/wp\/v2\/product\/14551","targetHints":{"allow":["GET"]}}],"collection":[{"href":"https:\/\/uj.adatbank.ro\/lexikon\/wp-json\/wp\/v2\/product"}],"about":[{"href":"https:\/\/uj.adatbank.ro\/lexikon\/wp-json\/wp\/v2\/types\/product"}],"replies":[{"embeddable":true,"href":"https:\/\/uj.adatbank.ro\/lexikon\/wp-json\/wp\/v2\/comments?post=14551"}],"wp:attachment":[{"href":"https:\/\/uj.adatbank.ro\/lexikon\/wp-json\/wp\/v2\/media?parent=14551"}],"wp:term":[{"taxonomy":"product_brand","embeddable":true,"href":"https:\/\/uj.adatbank.ro\/lexikon\/wp-json\/wp\/v2\/product_brand?post=14551"},{"taxonomy":"product_cat","embeddable":true,"href":"https:\/\/uj.adatbank.ro\/lexikon\/wp-json\/wp\/v2\/product_cat?post=14551"},{"taxonomy":"product_tag","embeddable":true,"href":"https:\/\/uj.adatbank.ro\/lexikon\/wp-json\/wp\/v2\/product_tag?post=14551"}],"curies":[{"name":"wp","href":"https:\/\/api.w.org\/{rel}","templated":true}]}}