{"id":14553,"date":"2025-07-15T13:05:31","date_gmt":"2025-07-15T11:05:31","guid":{"rendered":"https:\/\/uj.adatbank.ro\/lexikon\/termek\/manya-antal\/"},"modified":"2025-07-15T13:05:31","modified_gmt":"2025-07-15T11:05:31","slug":"manya-antal","status":"publish","type":"product","link":"https:\/\/uj.adatbank.ro\/lexikon\/termek\/manya-antal\/","title":{"rendered":"M\u00c1NYA Antal"},"content":{"rendered":"<p>Gyimesfels\u0151lok, 1912., \u2020\u00a0Mv., 1975.: hentes, m\u00e9sz\u00e1ros. \u2013 M\u00e1nya Rafael \u00e9s Nadeczki Roz\u00e1lia fia. Feles\u00e9ge: Kuthy M\u00e1ria (1919\u20131995). Gyermekeik: Antal (1942\u2013), Mv.-en n\u0151s\u00fclt (1967), feles\u00e9ge Simon R\u00f3za (1944\u2013). Gyermekeik: Zolt\u00e1n (1968\u2013), Levente (1970\u2013) n\u0151sek \u00e9s B\u00e9la (1943\u20132006), matematika tan\u00e1r, feles\u00e9ge D\u00e1jbuk\u00e1t Ilona (1943\u2013). <br \/><strong>Irod.:<\/strong> Sz\u00e1va 2012<\/br><\/p>\n","protected":false},"excerpt":{"rendered":"<p>Gyimesfels\u0151lok, 1912., \u2020\u00a0Mv., 1975.: hentes, m\u00e9sz\u00e1ros. \u2013 M\u00e1nya Rafael \u00e9s Nadeczki Roz\u00e1lia fia. Feles\u00e9ge: Kuthy M\u00e1ria (1919\u20131995). Gyermekeik: Antal (1942\u2013), Mv.-en n\u0151s\u00fclt (1967), feles\u00e9ge Simon R\u00f3za (1944\u2013). Gyermekeik: Zolt\u00e1n (1968\u2013), Levente (1970\u2013) n\u0151sek \u00e9s B\u00e9la (1943\u20132006), matematika tan\u00e1r, feles\u00e9ge D\u00e1jbuk\u00e1t Ilona (1943\u2013). Irod.: Sz\u00e1va 2012<\/p>\n","protected":false},"featured_media":0,"comment_status":"open","ping_status":"closed","template":"","meta":[],"product_brand":[],"product_cat":[137],"product_tag":[],"class_list":{"0":"post-14553","1":"product","2":"type-product","3":"status-publish","5":"product_cat-maros-megyei-eletrajzi-lexikon","7":"first","8":"instock","9":"shipping-taxable","10":"product-type-simple"},"_links":{"self":[{"href":"https:\/\/uj.adatbank.ro\/lexikon\/wp-json\/wp\/v2\/product\/14553","targetHints":{"allow":["GET"]}}],"collection":[{"href":"https:\/\/uj.adatbank.ro\/lexikon\/wp-json\/wp\/v2\/product"}],"about":[{"href":"https:\/\/uj.adatbank.ro\/lexikon\/wp-json\/wp\/v2\/types\/product"}],"replies":[{"embeddable":true,"href":"https:\/\/uj.adatbank.ro\/lexikon\/wp-json\/wp\/v2\/comments?post=14553"}],"wp:attachment":[{"href":"https:\/\/uj.adatbank.ro\/lexikon\/wp-json\/wp\/v2\/media?parent=14553"}],"wp:term":[{"taxonomy":"product_brand","embeddable":true,"href":"https:\/\/uj.adatbank.ro\/lexikon\/wp-json\/wp\/v2\/product_brand?post=14553"},{"taxonomy":"product_cat","embeddable":true,"href":"https:\/\/uj.adatbank.ro\/lexikon\/wp-json\/wp\/v2\/product_cat?post=14553"},{"taxonomy":"product_tag","embeddable":true,"href":"https:\/\/uj.adatbank.ro\/lexikon\/wp-json\/wp\/v2\/product_tag?post=14553"}],"curies":[{"name":"wp","href":"https:\/\/api.w.org\/{rel}","templated":true}]}}