{"id":14554,"date":"2025-07-15T13:05:33","date_gmt":"2025-07-15T11:05:33","guid":{"rendered":"https:\/\/uj.adatbank.ro\/lexikon\/termek\/manya-bela\/"},"modified":"2025-07-15T13:05:33","modified_gmt":"2025-07-15T11:05:33","slug":"manya-bela","status":"publish","type":"product","link":"https:\/\/uj.adatbank.ro\/lexikon\/termek\/manya-bela\/","title":{"rendered":"M\u00c1NYA B\u00e9la"},"content":{"rendered":"<p>Gyimesfels\u0151lok, 1943. szept. 12. \u2020 Mv., 2006. j\u00fal. 21.: matematikatan\u00e1r. \u2013 M. Antal \u00e9s Kuthy M\u00e1ria fia. Feles\u00e9ge: D\u00e1jbuk\u00e1t Ilona (1943\u2013). \u2013 A k\u00f6z\u00e9piskol\u00e1t Mv.-en a Bolyai Farkas L\u00edc.-ban (1964) az egyetemet Kv.-on a BBTE matematika-fizika szak\u00e1n v\u00e9gezte (1970). Tan\u00edtott Csibaszentmikl\u00f3son (1964\u201366), S\u00e1romberk\u00e9n (1966\u201370) \u00e9s Mv.-en a 14. sz. \u00c1ltal\u00e1nos Iskol\u00e1ban, valamint a K\u00e9miai Liceumban (1970\u201380), a 14. sz. \u00c1lt. Iskola aligazgat\u00f3ja (1980\u201390), majd tanfel\u00fcgyl\u0151 (1990\u201391) \u00e9s \u00fajbol tan\u00e1r a 14. sz. iskol\u00e1ban nyugd\u00edjaz\u00e1s\u00e1ig (1991\u20132001). 12 kongresszuson vagy szimpoziumon vett r\u00e9szt. A RMPSZ Diplom\u00e1j\u00e1nak kit\u0171ntetettje (2001). Tagja az EMT, EMKE, V\u00e1lyi Gyula Egyes\u00fcletnek, valamint a RMPSZ-nek \u2013 F. m.\u00a0: V\u00e1ltozatok egy vizsg\u00e1ra (2000)\u00a0; kiad\u00e1s alatt\u00a0: Matematikai feladatgy\u0171jtem\u00e9ny az V. oszt\u00e1ly sz\u00e1m\u00e1ra\u00a0; <strong>t\u00e1rssz.:<\/strong> Matematikai gyakorl\u00f3 feladatok (1993). <br \/><strong>Irod.:<\/strong> RMKK; Sz\u00e1va, Sz\u00e1va 2012; Todea\u2013F\u00fcl\u00f6p\u2013Avram<\/br><\/p>\n","protected":false},"excerpt":{"rendered":"<p>Gyimesfels\u0151lok, 1943. szept. 12. \u2020 Mv., 2006. j\u00fal. 21.: matematikatan\u00e1r. \u2013 M. Antal \u00e9s Kuthy M\u00e1ria fia. Feles\u00e9ge: D\u00e1jbuk\u00e1t Ilona (1943\u2013). \u2013 A k\u00f6z\u00e9piskol\u00e1t Mv.-en a Bolyai Farkas L\u00edc.-ban (1964) az egyetemet Kv.-on a BBTE matematika-fizika szak\u00e1n v\u00e9gezte (1970). Tan\u00edtott Csibaszentmikl\u00f3son (1964\u201366), S\u00e1romberk\u00e9n (1966\u201370) \u00e9s Mv.-en a 14. sz. \u00c1ltal\u00e1nos Iskol\u00e1ban, valamint a K\u00e9miai Liceumban [&hellip;]<\/p>\n","protected":false},"featured_media":0,"comment_status":"open","ping_status":"closed","template":"","meta":[],"product_brand":[],"product_cat":[137],"product_tag":[],"class_list":{"0":"post-14554","1":"product","2":"type-product","3":"status-publish","5":"product_cat-maros-megyei-eletrajzi-lexikon","7":"first","8":"instock","9":"shipping-taxable","10":"product-type-simple"},"_links":{"self":[{"href":"https:\/\/uj.adatbank.ro\/lexikon\/wp-json\/wp\/v2\/product\/14554","targetHints":{"allow":["GET"]}}],"collection":[{"href":"https:\/\/uj.adatbank.ro\/lexikon\/wp-json\/wp\/v2\/product"}],"about":[{"href":"https:\/\/uj.adatbank.ro\/lexikon\/wp-json\/wp\/v2\/types\/product"}],"replies":[{"embeddable":true,"href":"https:\/\/uj.adatbank.ro\/lexikon\/wp-json\/wp\/v2\/comments?post=14554"}],"wp:attachment":[{"href":"https:\/\/uj.adatbank.ro\/lexikon\/wp-json\/wp\/v2\/media?parent=14554"}],"wp:term":[{"taxonomy":"product_brand","embeddable":true,"href":"https:\/\/uj.adatbank.ro\/lexikon\/wp-json\/wp\/v2\/product_brand?post=14554"},{"taxonomy":"product_cat","embeddable":true,"href":"https:\/\/uj.adatbank.ro\/lexikon\/wp-json\/wp\/v2\/product_cat?post=14554"},{"taxonomy":"product_tag","embeddable":true,"href":"https:\/\/uj.adatbank.ro\/lexikon\/wp-json\/wp\/v2\/product_tag?post=14554"}],"curies":[{"name":"wp","href":"https:\/\/api.w.org\/{rel}","templated":true}]}}

MÁNYA Béla

<p>Gyimesfelsőlok, 1943. szept. 12. † Mv., 2006. júl. 21.: matematikatanár. – M. Antal és Kuthy Mária fia. Felesége: Dájbukát Ilona (1943–). – A középiskolát Mv.-en a Bolyai Farkas Líc.-ban (1964) az egyetemet Kv.-on a BBTE matematika-fizika szakán végezte (1970). Tanított Csibaszentmiklóson (1964–66), Sáromberkén (1966–70) és Mv.-en a 14. sz. Általános Iskolában, valamint a Kémiai Liceumban (1970–80), a 14. sz. Ált. Iskola aligazgatója (1980–90), majd tanfelügylő (1990–91) és újbol tanár a 14. sz. iskolában nyugdíjazásáig (1991–2001). 12 kongresszuson vagy szimpoziumon vett részt. A RMPSZ Diplomájának kitűntetettje (2001). Tagja az EMT, EMKE, Vályi Gyula Egyesületnek, valamint a RMPSZ-nek – F. m. : Változatok egy vizsgára (2000) ; kiadás alatt : Matematikai feladatgyűjtemény az V. osztály számára ; <strong>társsz.:</strong> Matematikai gyakorló feladatok (1993). <br /><strong>Irod.:</strong> RMKK; Száva, Száva 2012; Todea–Fülöp–Avram</br></p>

<p>Gyimesfelsőlok, 1943. szept. 12. † Mv., 2006. júl. 21.: matematikatanár. – M. Antal és Kuthy Mária fia. Felesége: Dájbukát Ilona (1943–). – A középiskolát Mv.-en a Bolyai Farkas Líc.-ban (1964) az egyetemet Kv.-on a BBTE matematika-fizika szakán végezte (1970). Tanított Csibaszentmiklóson (1964–66), Sáromberkén (1966–70) és Mv.-en a 14. sz. Általános Iskolában, valamint a Kémiai Liceumban [&hellip;]</p>
