{"id":14555,"date":"2025-07-15T13:05:35","date_gmt":"2025-07-15T11:05:35","guid":{"rendered":"https:\/\/uj.adatbank.ro\/lexikon\/termek\/mara-aurel\/"},"modified":"2025-07-15T13:05:35","modified_gmt":"2025-07-15T11:05:35","slug":"mara-aurel","status":"publish","type":"product","link":"https:\/\/uj.adatbank.ro\/lexikon\/termek\/mara-aurel\/","title":{"rendered":"MARA, Aurel"},"content":{"rendered":"<p>Als\u00f3szolcsva, 1913. \u2020 1994.: g. kat. lelk\u00e9sz. \u2013 Elemi isk.-t a sz\u00fcl\u0151faluj\u00e1ban, l\u00edc.-t Buk.-ben a Sf. Sava Lic.-ban, teol\u00f3gi\u00e1t Kv.-on v\u00e9gzett (1936). Lelk\u00e9sz volt a sz\u00fcl\u0151faluj\u00e1ban, B\u00e1boln\u00e1ban, Apahid\u00e1n, \u00e9s Uzdiszentp\u00e9terben (1949 \u2013 1959). Nev\u00e9hez t\u00f6bb g. kat. templom \u00e9p\u00edt\u00e9se f\u0171z\u0151dik : a sz\u00fcl\u0151faluj\u00e1ban h\u00e1bor\u00fas id\u0151szakban \u00e9s csak k\u00f6zadakoz\u00e1sb\u00f3l, (1938 \u2013 1947), Apah\u00edd\u00e1n, ahol 13 \u00e9vig szolg\u00e1lt ort. templomot emeltetett. Uzdiszentp\u00e9terben tataroztatta a templomot. Sokat szenvedett a Szekuritatet\u00f3l.Csal\u00e1dja ment\u00e9se \u00e9rdek\u00e9ben \u00e1tt\u00e9rt az ort. vall\u00e1sra, amit \u00e9lete v\u00e9g\u00e9ig sajn\u00e1lt. <br \/><strong>Irod.:<\/strong> S\u00e2npetru de C\u00e2mpie<\/br><\/p>\n","protected":false},"excerpt":{"rendered":"<p>Als\u00f3szolcsva, 1913. \u2020 1994.: g. kat. lelk\u00e9sz. \u2013 Elemi isk.-t a sz\u00fcl\u0151faluj\u00e1ban, l\u00edc.-t Buk.-ben a Sf. Sava Lic.-ban, teol\u00f3gi\u00e1t Kv.-on v\u00e9gzett (1936). Lelk\u00e9sz volt a sz\u00fcl\u0151faluj\u00e1ban, B\u00e1boln\u00e1ban, Apahid\u00e1n, \u00e9s Uzdiszentp\u00e9terben (1949 \u2013 1959). Nev\u00e9hez t\u00f6bb g. kat. templom \u00e9p\u00edt\u00e9se f\u0171z\u0151dik : a sz\u00fcl\u0151faluj\u00e1ban h\u00e1bor\u00fas id\u0151szakban \u00e9s csak k\u00f6zadakoz\u00e1sb\u00f3l, (1938 \u2013 1947), Apah\u00edd\u00e1n, ahol 13 \u00e9vig [&hellip;]<\/p>\n","protected":false},"featured_media":0,"comment_status":"open","ping_status":"closed","template":"","meta":[],"product_brand":[],"product_cat":[137],"product_tag":[],"class_list":{"0":"post-14555","1":"product","2":"type-product","3":"status-publish","5":"product_cat-maros-megyei-eletrajzi-lexikon","7":"first","8":"instock","9":"shipping-taxable","10":"product-type-simple"},"_links":{"self":[{"href":"https:\/\/uj.adatbank.ro\/lexikon\/wp-json\/wp\/v2\/product\/14555","targetHints":{"allow":["GET"]}}],"collection":[{"href":"https:\/\/uj.adatbank.ro\/lexikon\/wp-json\/wp\/v2\/product"}],"about":[{"href":"https:\/\/uj.adatbank.ro\/lexikon\/wp-json\/wp\/v2\/types\/product"}],"replies":[{"embeddable":true,"href":"https:\/\/uj.adatbank.ro\/lexikon\/wp-json\/wp\/v2\/comments?post=14555"}],"wp:attachment":[{"href":"https:\/\/uj.adatbank.ro\/lexikon\/wp-json\/wp\/v2\/media?parent=14555"}],"wp:term":[{"taxonomy":"product_brand","embeddable":true,"href":"https:\/\/uj.adatbank.ro\/lexikon\/wp-json\/wp\/v2\/product_brand?post=14555"},{"taxonomy":"product_cat","embeddable":true,"href":"https:\/\/uj.adatbank.ro\/lexikon\/wp-json\/wp\/v2\/product_cat?post=14555"},{"taxonomy":"product_tag","embeddable":true,"href":"https:\/\/uj.adatbank.ro\/lexikon\/wp-json\/wp\/v2\/product_tag?post=14555"}],"curies":[{"name":"wp","href":"https:\/\/api.w.org\/{rel}","templated":true}]}}

<p>Alsószolcsva, 1913. † 1994.: g. kat. lelkész. – Elemi isk.-t a szülőfalujában, líc.-t Buk.-ben a Sf. Sava Lic.-ban, teológiát Kv.-on végzett (1936). Lelkész volt a szülőfalujában, Bábolnában, Apahidán, és Uzdiszentpéterben (1949 – 1959). Nevéhez több g. kat. templom építése fűződik : a szülőfalujában háborús időszakban és csak közadakozásból, (1938 – 1947), Apahídán, ahol 13 évig szolgált ort. templomot emeltetett. Uzdiszentpéterben tataroztatta a templomot. Sokat szenvedett a Szekuritatetól.Családja mentése érdekében áttért az ort. vallásra, amit élete végéig sajnált. <br /><strong>Irod.:</strong> Sânpetru de Câmpie</br></p>

<p>Alsószolcsva, 1913. † 1994.: g. kat. lelkész. – Elemi isk.-t a szülőfalujában, líc.-t Buk.-ben a Sf. Sava Lic.-ban, teológiát Kv.-on végzett (1936). Lelkész volt a szülőfalujában, Bábolnában, Apahidán, és Uzdiszentpéterben (1949 – 1959). Nevéhez több g. kat. templom építése fűződik : a szülőfalujában háborús időszakban és csak közadakozásból, (1938 – 1947), Apahídán, ahol 13 évig [&hellip;]</p>
