{"id":14556,"date":"2025-07-15T13:05:38","date_gmt":"2025-07-15T11:05:38","guid":{"rendered":"https:\/\/uj.adatbank.ro\/lexikon\/termek\/mara-dezso\/"},"modified":"2025-07-15T13:05:38","modified_gmt":"2025-07-15T11:05:38","slug":"mara-dezso","status":"publish","type":"product","link":"https:\/\/uj.adatbank.ro\/lexikon\/termek\/mara-dezso\/","title":{"rendered":"MARA Dezs\u0151"},"content":{"rendered":"<p>Sz\u00e1szr\u00e9gen., 1907., \u2020\u00a0?: b\u0151rgy\u00e1ros. \u2013. \u2013 Kereskedelmi akad\u00e9mi\u00e1t v\u00e9gzett Mv.-en, majd a freibergi vil\u00e1gh\u00edr\u0171 tim\u00e1riskol\u00e1t v\u00e9gezte el. Es N\u00e9meto.-ban k\u00e9pezte tov\u00e1bb mag\u00e1t. \u00c9despaja hal\u00e1la ur\u00e1n (1935) \u00e1tvette a b\u0151rgy\u00e1rat Sz\u00e1szr\u00e9genben. \u00c1tlagosan 80\u2013100 embert foglalkoztatott, gy\u00e1rtm\u00e1nyai a t\u00e1volabbi vid\u00e9kekere is eljutottak. A MP \u00e9s a N\u00e9pk\u00f6z\u00f6ss\u00e9g, valamint az \u00f6sszes kultur\u00e1lis \u00e9s hazafias egyes\u00fclet tagja, a Turul Sportsz\u00f6vets\u00e9g tagja, a Magyar Kaszino p\u00e9nzt\u00e1rosa volt. <br \/><strong>Irod.:<\/strong> Sz\u00e9kelyf\u00f6ld \u00ed.k.<\/br><\/p>\n","protected":false},"excerpt":{"rendered":"<p>Sz\u00e1szr\u00e9gen., 1907., \u2020\u00a0?: b\u0151rgy\u00e1ros. \u2013. \u2013 Kereskedelmi akad\u00e9mi\u00e1t v\u00e9gzett Mv.-en, majd a freibergi vil\u00e1gh\u00edr\u0171 tim\u00e1riskol\u00e1t v\u00e9gezte el. Es N\u00e9meto.-ban k\u00e9pezte tov\u00e1bb mag\u00e1t. \u00c9despaja hal\u00e1la ur\u00e1n (1935) \u00e1tvette a b\u0151rgy\u00e1rat Sz\u00e1szr\u00e9genben. \u00c1tlagosan 80\u2013100 embert foglalkoztatott, gy\u00e1rtm\u00e1nyai a t\u00e1volabbi vid\u00e9kekere is eljutottak. A MP \u00e9s a N\u00e9pk\u00f6z\u00f6ss\u00e9g, valamint az \u00f6sszes kultur\u00e1lis \u00e9s hazafias egyes\u00fclet tagja, a Turul [&hellip;]<\/p>\n","protected":false},"featured_media":0,"comment_status":"open","ping_status":"closed","template":"","meta":[],"product_brand":[],"product_cat":[137],"product_tag":[],"class_list":{"0":"post-14556","1":"product","2":"type-product","3":"status-publish","5":"product_cat-maros-megyei-eletrajzi-lexikon","7":"first","8":"instock","9":"shipping-taxable","10":"product-type-simple"},"_links":{"self":[{"href":"https:\/\/uj.adatbank.ro\/lexikon\/wp-json\/wp\/v2\/product\/14556","targetHints":{"allow":["GET"]}}],"collection":[{"href":"https:\/\/uj.adatbank.ro\/lexikon\/wp-json\/wp\/v2\/product"}],"about":[{"href":"https:\/\/uj.adatbank.ro\/lexikon\/wp-json\/wp\/v2\/types\/product"}],"replies":[{"embeddable":true,"href":"https:\/\/uj.adatbank.ro\/lexikon\/wp-json\/wp\/v2\/comments?post=14556"}],"wp:attachment":[{"href":"https:\/\/uj.adatbank.ro\/lexikon\/wp-json\/wp\/v2\/media?parent=14556"}],"wp:term":[{"taxonomy":"product_brand","embeddable":true,"href":"https:\/\/uj.adatbank.ro\/lexikon\/wp-json\/wp\/v2\/product_brand?post=14556"},{"taxonomy":"product_cat","embeddable":true,"href":"https:\/\/uj.adatbank.ro\/lexikon\/wp-json\/wp\/v2\/product_cat?post=14556"},{"taxonomy":"product_tag","embeddable":true,"href":"https:\/\/uj.adatbank.ro\/lexikon\/wp-json\/wp\/v2\/product_tag?post=14556"}],"curies":[{"name":"wp","href":"https:\/\/api.w.org\/{rel}","templated":true}]}}

MARA Dezső

<p>Szászrégen., 1907., † ?: bőrgyáros. –. – Kereskedelmi akadémiát végzett Mv.-en, majd a freibergi világhírű timáriskolát végezte el. Es Németo.-ban képezte tovább magát. Édespaja halála urán (1935) átvette a bőrgyárat Szászrégenben. Átlagosan 80–100 embert foglalkoztatott, gyártmányai a távolabbi vidékekere is eljutottak. A MP és a Népközösség, valamint az összes kulturális és hazafias egyesület tagja, a Turul Sportszövetség tagja, a Magyar Kaszino pénztárosa volt. <br /><strong>Irod.:</strong> Székelyföld í.k.</br></p>

<p>Szászrégen., 1907., † ?: bőrgyáros. –. – Kereskedelmi akadémiát végzett Mv.-en, majd a freibergi világhírű timáriskolát végezte el. Es Németo.-ban képezte tovább magát. Édespaja halála urán (1935) átvette a bőrgyárat Szászrégenben. Átlagosan 80–100 embert foglalkoztatott, gyártmányai a távolabbi vidékekere is eljutottak. A MP és a Népközösség, valamint az összes kulturális és hazafias egyesület tagja, a Turul [&hellip;]</p>
