{"id":14569,"date":"2025-07-15T13:06:03","date_gmt":"2025-07-15T11:06:03","guid":{"rendered":"https:\/\/uj.adatbank.ro\/lexikon\/termek\/marcu-oliviu-%c2%a7\/"},"modified":"2025-07-15T13:06:03","modified_gmt":"2025-07-15T11:06:03","slug":"marcu-oliviu-%c2%a7","status":"publish","type":"product","link":"https:\/\/uj.adatbank.ro\/lexikon\/termek\/marcu-oliviu-%c2%a7\/","title":{"rendered":"MARCU, Oliviu, \u00a7"},"content":{"rendered":"<p>Magyarcsesztve, 1930. aug. 8., \u2020 Mv., 1997. m\u00e1j. 27.: tan\u00e1r. \u2013 Elemi \u00f6t oszt\u00e1lyt a sz\u00fcl\u0151faluj\u00e1ban, k\u00f6z\u00e9piskol\u00e1t Bal\u00e1zsfalv\u00e1n, az utols\u00f3 l\u00edceumi \u00e9vet Gyulafeh\u00e9rv\u00e1ron a Mihai Viteazul Fi\u00fa L\u00edc.-ban v\u00e9gezte. Sz\u00fclei f\u00f6ldtulajdonosok voltak, ez\u00e9rt munkaszolg\u00e1latra sorozt\u00e1k be. Katonas\u00e1g ut\u00e1n az egyetermet Kv.-on a Biol\u00f3gia-F\u00f6ldrajz szakon v\u00e9gezte (1958). Borsa\u00fajfaluban (1958\u201359), a 7 oszt\u00e1lyos iskol\u00e1ban, a Bihar megyei Esk\u00fcll\u0151n a k\u00f6z\u00e9piskol\u00e1ban tan\u00edtott (1959\u201360). A Marosludas rajoni M\u0171vel\u0151d\u00e9si H\u00e1zn\u00e1l metodista (1960) \u00e9s a Vegyes K\u00f6z\u00e9piskol\u00e1ban tan\u00edtott is (1961\u201362). Tan\u00edtott a mv.-i Papiu Ilarian L\u00edc.-ban; az Unirea L\u00edc.-ban tan\u00e1r \u00e9s aligazgat\u00f3, tanfel\u00fcgyel\u0151 volt (\u20131966); majd egyetemi adjunktus, katedraf\u0151n\u00f6k a 3 \u00e9ves Pedag\u00f3giai Int\u00e9zetben, a F\u00f6ldrajz Tansz\u00e9k l\u00e9tes\u00edt\u00e9s\u00e9nek szorgalmaz\u00f3ja (1966\u201381). Az int\u00e9zet felsz\u00e1mol\u00e1sa ut\u00e1n tan\u00e1r a Bolyai Farkas L\u00edc.-ban (1981\u201392); adjunktus, prod\u00e9k\u00e1n a Dimitrie Cantemir Egyetem Ekol\u00f3gia-F\u00f6ldrajz Kar\u00e1n (1992\u2013). Kutat\u00e1si ter\u00fclete: fizikai f\u00f6ldrajz, bio-geogr\u00e1fia. Kutat\u00f3 munk\u00e1t v\u00e9gzett az Alpokban, Rodopiban, A Fekete Erd\u0151ben, a Rajna v\u00edzes\u00e9sn\u00e9l, Boszporusz \u00e9s Dardanell\u00e1kn\u00e1l, a M\u00e1rv\u00e1ny-, Balti-, Tir\u00e9n- \u00e9s Fekete tengerekn\u00e9l. Tudom\u00e1nyos munk\u00e1ss\u00e1ga eredm\u00e9nyek\u00e9ppen dolgozatokat, n\u00e9pszer\u0171s\u00edt\u0151 cikkeket, k\u00f6nyveket \u00edrt; t\u00f6bb hazai \u00e9s nemzetk\u00f6zi kongresszuson vett r\u00e9szt. Verseket \u00e9s epigramm\u00e1kat is \u00edrt. Kit\u0171ntett\u00e9k a Munka\u00e9rdemrenddel. \u2013 <strong>F. m.:<\/strong> Jude\u0163ul Mure\u015f : ghid turistic. (Tg.M., 1972, 1974, 1986.); <strong>t\u00e1rssz.:<\/strong> Ghid spotiv pioneresc (Atanasiu, C., Lupan, V.-val; Buc., 1970); Jude\u0163ul Mure\u015f : monografie (Mac, Ion-nal; Buc., 1973); A Gyergy\u00f3i \u2013 havasok (Buk., 1974); Mun\u0163ii Giurgeului : ghid turistic (R\u00e1tz Zolt\u00e1n-, Borda, Mircea-val; Buc., 1974; A Gyergy\u00f3i-havasok; Buk., 1974); Mure\u015f : monografie (Buc., 1980); Mun\u0163ii Harghita: ghid turistic (Ratz Zolt\u00e1n-, Cioac\u0103, Adrian-nal; Buc., 1986.). <br \/><strong>Irod.:<\/strong> Dasc\u0103li mure\u015feni, 2.; Todea\u2013F\u00fcl\u00f6p\u2013Avram ; Universitatea Tehnic\u0103 din Tg.M. : 30 de ani de activitate (1991)<\/br><\/p>\n","protected":false},"excerpt":{"rendered":"<p>Magyarcsesztve, 1930. aug. 8., \u2020 Mv., 1997. m\u00e1j. 27.: tan\u00e1r. \u2013 Elemi \u00f6t oszt\u00e1lyt a sz\u00fcl\u0151faluj\u00e1ban, k\u00f6z\u00e9piskol\u00e1t Bal\u00e1zsfalv\u00e1n, az utols\u00f3 l\u00edceumi \u00e9vet Gyulafeh\u00e9rv\u00e1ron a Mihai Viteazul Fi\u00fa L\u00edc.-ban v\u00e9gezte. Sz\u00fclei f\u00f6ldtulajdonosok voltak, ez\u00e9rt munkaszolg\u00e1latra sorozt\u00e1k be. Katonas\u00e1g ut\u00e1n az egyetermet Kv.-on a Biol\u00f3gia-F\u00f6ldrajz szakon v\u00e9gezte (1958). Borsa\u00fajfaluban (1958\u201359), a 7 oszt\u00e1lyos iskol\u00e1ban, a Bihar megyei [&hellip;]<\/p>\n","protected":false},"featured_media":0,"comment_status":"open","ping_status":"closed","template":"","meta":[],"product_brand":[],"product_cat":[137],"product_tag":[],"class_list":{"0":"post-14569","1":"product","2":"type-product","3":"status-publish","5":"product_cat-maros-megyei-eletrajzi-lexikon","7":"first","8":"instock","9":"shipping-taxable","10":"product-type-simple"},"_links":{"self":[{"href":"https:\/\/uj.adatbank.ro\/lexikon\/wp-json\/wp\/v2\/product\/14569","targetHints":{"allow":["GET"]}}],"collection":[{"href":"https:\/\/uj.adatbank.ro\/lexikon\/wp-json\/wp\/v2\/product"}],"about":[{"href":"https:\/\/uj.adatbank.ro\/lexikon\/wp-json\/wp\/v2\/types\/product"}],"replies":[{"embeddable":true,"href":"https:\/\/uj.adatbank.ro\/lexikon\/wp-json\/wp\/v2\/comments?post=14569"}],"wp:attachment":[{"href":"https:\/\/uj.adatbank.ro\/lexikon\/wp-json\/wp\/v2\/media?parent=14569"}],"wp:term":[{"taxonomy":"product_brand","embeddable":true,"href":"https:\/\/uj.adatbank.ro\/lexikon\/wp-json\/wp\/v2\/product_brand?post=14569"},{"taxonomy":"product_cat","embeddable":true,"href":"https:\/\/uj.adatbank.ro\/lexikon\/wp-json\/wp\/v2\/product_cat?post=14569"},{"taxonomy":"product_tag","embeddable":true,"href":"https:\/\/uj.adatbank.ro\/lexikon\/wp-json\/wp\/v2\/product_tag?post=14569"}],"curies":[{"name":"wp","href":"https:\/\/api.w.org\/{rel}","templated":true}]}}

<p>Magyarcsesztve, 1930. aug. 8., † Mv., 1997. máj. 27.: tanár. – Elemi öt osztályt a szülőfalujában, középiskolát Balázsfalván, az utolsó líceumi évet Gyulafehérváron a Mihai Viteazul Fiú Líc.-ban végezte. Szülei földtulajdonosok voltak, ezért munkaszolgálatra sorozták be. Katonaság után az egyetermet Kv.-on a Biológia-Földrajz szakon végezte (1958). Borsaújfaluban (1958–59), a 7 osztályos iskolában, a Bihar megyei Esküllőn a középiskolában tanított (1959–60). A Marosludas rajoni Művelődési Háznál metodista (1960) és a Vegyes Középiskolában tanított is (1961–62). Tanított a mv.-i Papiu Ilarian Líc.-ban; az Unirea Líc.-ban tanár és aligazgató, tanfelügyelő volt (–1966); majd egyetemi adjunktus, katedrafőnök a 3 éves Pedagógiai Intézetben, a Földrajz Tanszék létesítésének szorgalmazója (1966–81). Az intézet felszámolása után tanár a Bolyai Farkas Líc.-ban (1981–92); adjunktus, prodékán a Dimitrie Cantemir Egyetem Ekológia-Földrajz Karán (1992–). Kutatási területe: fizikai földrajz, bio-geográfia. Kutató munkát végzett az Alpokban, Rodopiban, A Fekete Erdőben, a Rajna vízesésnél, Boszporusz és Dardanelláknál, a Márvány-, Balti-, Tirén- és Fekete tengereknél. Tudományos munkássága eredményeképpen dolgozatokat, népszerűsítő cikkeket, könyveket írt; több hazai és nemzetközi kongresszuson vett részt. Verseket és epigrammákat is írt. Kitűntették a Munkaérdemrenddel. – <strong>F. m.:</strong> Judeţul Mureş : ghid turistic. (Tg.M., 1972, 1974, 1986.); <strong>társsz.:</strong> Ghid spotiv pioneresc (Atanasiu, C., Lupan, V.-val; Buc., 1970); Judeţul Mureş : monografie (Mac, Ion-nal; Buc., 1973); A Gyergyói – havasok (Buk., 1974); Munţii Giurgeului : ghid turistic (Rátz Zoltán-, Borda, Mircea-val; Buc., 1974; A Gyergyói-havasok; Buk., 1974); Mureş : monografie (Buc., 1980); Munţii Harghita: ghid turistic (Ratz Zoltán-, Cioacă, Adrian-nal; Buc., 1986.). <br /><strong>Irod.:</strong> Dascăli mureşeni, 2.; Todea–Fülöp–Avram ; Universitatea Tehnică din Tg.M. : 30 de ani de activitate (1991)</br></p>

<p>Magyarcsesztve, 1930. aug. 8., † Mv., 1997. máj. 27.: tanár. – Elemi öt osztályt a szülőfalujában, középiskolát Balázsfalván, az utolsó líceumi évet Gyulafehérváron a Mihai Viteazul Fiú Líc.-ban végezte. Szülei földtulajdonosok voltak, ezért munkaszolgálatra sorozták be. Katonaság után az egyetermet Kv.-on a Biológia-Földrajz szakon végezte (1958). Borsaújfaluban (1958–59), a 7 osztályos iskolában, a Bihar megyei [&hellip;]</p>
