{"id":14570,"date":"2025-07-15T13:06:04","date_gmt":"2025-07-15T11:06:04","guid":{"rendered":"https:\/\/uj.adatbank.ro\/lexikon\/termek\/marcu-traian\/"},"modified":"2025-07-15T13:06:04","modified_gmt":"2025-07-15T11:06:04","slug":"marcu-traian","status":"publish","type":"product","link":"https:\/\/uj.adatbank.ro\/lexikon\/termek\/marcu-traian\/","title":{"rendered":"MARCU, Traian"},"content":{"rendered":"<p>D\u00e9da-Bisztra, 1908., \u2020 Kv., 1989.: filol\u00f3gus, dialektol\u00f3gus, tan\u00e1r. \u2013 Tanulm\u00e1nyait D\u00e9d\u00e1n, R\u00e9genben. lic.-ot Mv.-en v\u00e9gzett. M\u00e1r di\u00e1kkor\u00e1ban jelentek meg versei \u00e9s folkl\u00f3rgy\u0171jtem\u00e9nyei az \u00cendemnul c. di\u00e1klapban, amelynek szerkeszt\u0151je is volt (1925\u201326). Kv.-on folytatta tanulm\u00e1nyait, ahol a Patria, majd k\u00e9s\u0151bb a \u0162ara nou\u0103 c. lapokkal m\u0171k\u00f6d\u00f6tt egy\u00fctt (1939 \u2013 1940). A publicisztik\u00e1nak szentelte munk\u00e1ss\u00e1g\u00e1t, \u00e9s egy csoport kolleg\u00e1j\u00e1val szerkesztett\u00e9k az Almanahul societ\u0103\u0163ii academice Petru Maior din Cluj c. foly\u00f3iratot, amelyben a kor legjelesebb \u00edr\u00f3i k\u00f6z\u00f6ltek \u00edr\u00e1sokat (N.Iorga, L.Rebreanu, O.Goga \u00e9s Vasile Goldi\u015f). A kv.-i B\u00f6lcs\u00e9sz \u00e9s Filoz\u00f3fia Kar hallgat\u00f3jak\u00e9nt a Fels\u0151 Maros v\u00f6lgyi Egyetemist\u00e1k K\u00f6r\u00e9nek volt az eln\u00f6ke. A vak\u00e1ci\u00f3k idej\u00e9n Aurelian Bor\u015fianuval bebarangolt\u00e1k az orsz\u00e1g t\u00f6bb z\u00f3n\u00e1j\u00e1t, \u00e9s \u00e9rt\u00e9kes n\u00e9pm\u0171v\u00e9szeti gy\u0171jt\u00e9seket v\u00e9geztek, ugyanakkor m\u0171soros el\u0151ad\u00e1sokat szerveztek D\u00e9d\u00e1n, Bisztr\u00e1n, Marosh\u00e9v\u00edzen \u00e9s Palotailv\u00e1n. M\u00e1r di\u00e1kkor\u00e1ban egy\u00fcttm\u0171k\u0151d\u00f6tt a szebeni Transilvania c. lappal is. Folkl\u00f3rgy\u0171jtem\u00e9nye a Note din Polonia c. k\u00f6tetben jelentek meg (1935).Tan\u00e1rk\u00e9nt Konsztanc\u00e1n, a mv.-i Ref. Koll.-ban volt \u00f3raad\u00f3 tan\u00e1r (1930\u201331), Kv.-on, Szebenben, \u00fajb\u00f3l Kv.-on tan\u00edtott. Filol\u00f3gusk\u00e9nt nagy figyelmet szentelt a dialektol\u00f3gi\u00e1nak, ilyen vonatkoz\u00e1sban t\u00f6bb tanulm\u00e1nya is jelent meg, majd k\u00f6tetben is. \u2013 <strong>F. m.:<\/strong> Materiale \u015fi cercet\u0103ri dialectice, glosar dialectic din comuna Deda (Buk., 1960.). <br \/><strong>Irod.:<\/strong> Deda \u00een spa\u0163iu; Mv. t\u00f6rt. 2<\/br><\/p>\n","protected":false},"excerpt":{"rendered":"<p>D\u00e9da-Bisztra, 1908., \u2020 Kv., 1989.: filol\u00f3gus, dialektol\u00f3gus, tan\u00e1r. \u2013 Tanulm\u00e1nyait D\u00e9d\u00e1n, R\u00e9genben. lic.-ot Mv.-en v\u00e9gzett. M\u00e1r di\u00e1kkor\u00e1ban jelentek meg versei \u00e9s folkl\u00f3rgy\u0171jtem\u00e9nyei az \u00cendemnul c. di\u00e1klapban, amelynek szerkeszt\u0151je is volt (1925\u201326). Kv.-on folytatta tanulm\u00e1nyait, ahol a Patria, majd k\u00e9s\u0151bb a \u0162ara nou\u0103 c. lapokkal m\u0171k\u00f6d\u00f6tt egy\u00fctt (1939 \u2013 1940). A publicisztik\u00e1nak szentelte munk\u00e1ss\u00e1g\u00e1t, \u00e9s egy [&hellip;]<\/p>\n","protected":false},"featured_media":0,"comment_status":"open","ping_status":"closed","template":"","meta":[],"product_brand":[],"product_cat":[137],"product_tag":[],"class_list":{"0":"post-14570","1":"product","2":"type-product","3":"status-publish","5":"product_cat-maros-megyei-eletrajzi-lexikon","7":"first","8":"instock","9":"shipping-taxable","10":"product-type-simple"},"_links":{"self":[{"href":"https:\/\/uj.adatbank.ro\/lexikon\/wp-json\/wp\/v2\/product\/14570","targetHints":{"allow":["GET"]}}],"collection":[{"href":"https:\/\/uj.adatbank.ro\/lexikon\/wp-json\/wp\/v2\/product"}],"about":[{"href":"https:\/\/uj.adatbank.ro\/lexikon\/wp-json\/wp\/v2\/types\/product"}],"replies":[{"embeddable":true,"href":"https:\/\/uj.adatbank.ro\/lexikon\/wp-json\/wp\/v2\/comments?post=14570"}],"wp:attachment":[{"href":"https:\/\/uj.adatbank.ro\/lexikon\/wp-json\/wp\/v2\/media?parent=14570"}],"wp:term":[{"taxonomy":"product_brand","embeddable":true,"href":"https:\/\/uj.adatbank.ro\/lexikon\/wp-json\/wp\/v2\/product_brand?post=14570"},{"taxonomy":"product_cat","embeddable":true,"href":"https:\/\/uj.adatbank.ro\/lexikon\/wp-json\/wp\/v2\/product_cat?post=14570"},{"taxonomy":"product_tag","embeddable":true,"href":"https:\/\/uj.adatbank.ro\/lexikon\/wp-json\/wp\/v2\/product_tag?post=14570"}],"curies":[{"name":"wp","href":"https:\/\/api.w.org\/{rel}","templated":true}]}}

<p>Déda-Bisztra, 1908., † Kv., 1989.: filológus, dialektológus, tanár. – Tanulmányait Dédán, Régenben. lic.-ot Mv.-en végzett. Már diákkorában jelentek meg versei és folklórgyűjteményei az Îndemnul c. diáklapban, amelynek szerkesztője is volt (1925–26). Kv.-on folytatta tanulmányait, ahol a Patria, majd később a Ţara nouă c. lapokkal működött együtt (1939 – 1940). A publicisztikának szentelte munkásságát, és egy csoport kollegájával szerkesztették az Almanahul societăţii academice Petru Maior din Cluj c. folyóiratot, amelyben a kor legjelesebb írói közöltek írásokat (N.Iorga, L.Rebreanu, O.Goga és Vasile Goldiş). A kv.-i Bölcsész és Filozófia Kar hallgatójaként a Felső Maros völgyi Egyetemisták Körének volt az elnöke. A vakációk idején Aurelian Borşianuval bebarangolták az ország több zónáját, és értékes népművészeti gyűjtéseket végeztek, ugyanakkor műsoros előadásokat szerveztek Dédán, Bisztrán, Maroshévízen és Palotailván. Már diákkorában együttműkődött a szebeni Transilvania c. lappal is. Folklórgyűjteménye a Note din Polonia c. kötetben jelentek meg (1935).Tanárként Konsztancán, a mv.-i Ref. Koll.-ban volt óraadó tanár (1930–31), Kv.-on, Szebenben, újból Kv.-on tanított. Filológusként nagy figyelmet szentelt a dialektológiának, ilyen vonatkozásban több tanulmánya is jelent meg, majd kötetben is. – <strong>F. m.:</strong> Materiale şi cercetări dialectice, glosar dialectic din comuna Deda (Buk., 1960.). <br /><strong>Irod.:</strong> Deda în spaţiu; Mv. tört. 2</br></p>

<p>Déda-Bisztra, 1908., † Kv., 1989.: filológus, dialektológus, tanár. – Tanulmányait Dédán, Régenben. lic.-ot Mv.-en végzett. Már diákkorában jelentek meg versei és folklórgyűjteményei az Îndemnul c. diáklapban, amelynek szerkesztője is volt (1925–26). Kv.-on folytatta tanulmányait, ahol a Patria, majd később a Ţara nouă c. lapokkal működött együtt (1939 – 1940). A publicisztikának szentelte munkásságát, és egy [&hellip;]</p>
