{"id":14571,"date":"2025-07-15T13:06:05","date_gmt":"2025-07-15T11:06:05","guid":{"rendered":"https:\/\/uj.adatbank.ro\/lexikon\/termek\/marcu-vasile\/"},"modified":"2025-07-15T13:06:05","modified_gmt":"2025-07-15T11:06:05","slug":"marcu-vasile","status":"publish","type":"product","link":"https:\/\/uj.adatbank.ro\/lexikon\/termek\/marcu-vasile\/","title":{"rendered":"MARCU, Vasile"},"content":{"rendered":"<p>? \u2020 ?: igazgat\u00f3. \u2013 A Maros Megyei Sz\u00f6vets\u00e9ges Ellen\u0151rz\u0151 Bizotts\u00e1g tagja \u00e9s a Megyei ellens\u00e9ges javak kezel\u00e9s\u00e9\u00e9rt felel\u0151s K\u00f6zigazgat\u00e1si Igazgat\u00f3s\u00e1g f\u0151n\u00f6ke.A Szovjet Katonai Parancsnoks\u00e1g Mv.-r\u0151l val\u00f3 t\u00e1voz\u00e1sa alkalm\u00e1val (1945.okt.28.) megyei bizotts\u00e1got hoztak l\u00e9tre, amely sz\u00e1mba vette \u00e9s fellelt\u00e1rozta \u00e9s visszavette a mv.-i Kereskedelmi \u00e9s Ipar Kamara ingatlan \u00e9s ing\u00f3 javait, amelyeket a Szovjet\u00fani\u00f3 Katonai Parancsnoks\u00e1g\u00e1nak adtak \u00e1t haszn\u00e1latba (1944).-<br \/><strong>Irod.:<\/strong> Nan: Camera de comer\u0163<\/br><\/p>\n","protected":false},"excerpt":{"rendered":"<p>? \u2020 ?: igazgat\u00f3. \u2013 A Maros Megyei Sz\u00f6vets\u00e9ges Ellen\u0151rz\u0151 Bizotts\u00e1g tagja \u00e9s a Megyei ellens\u00e9ges javak kezel\u00e9s\u00e9\u00e9rt felel\u0151s K\u00f6zigazgat\u00e1si Igazgat\u00f3s\u00e1g f\u0151n\u00f6ke.A Szovjet Katonai Parancsnoks\u00e1g Mv.-r\u0151l val\u00f3 t\u00e1voz\u00e1sa alkalm\u00e1val (1945.okt.28.) megyei bizotts\u00e1got hoztak l\u00e9tre, amely sz\u00e1mba vette \u00e9s fellelt\u00e1rozta \u00e9s visszavette a mv.-i Kereskedelmi \u00e9s Ipar Kamara ingatlan \u00e9s ing\u00f3 javait, amelyeket a Szovjet\u00fani\u00f3 Katonai [&hellip;]<\/p>\n","protected":false},"featured_media":0,"comment_status":"open","ping_status":"closed","template":"","meta":[],"product_brand":[],"product_cat":[137],"product_tag":[],"class_list":{"0":"post-14571","1":"product","2":"type-product","3":"status-publish","5":"product_cat-maros-megyei-eletrajzi-lexikon","7":"first","8":"instock","9":"shipping-taxable","10":"product-type-simple"},"_links":{"self":[{"href":"https:\/\/uj.adatbank.ro\/lexikon\/wp-json\/wp\/v2\/product\/14571","targetHints":{"allow":["GET"]}}],"collection":[{"href":"https:\/\/uj.adatbank.ro\/lexikon\/wp-json\/wp\/v2\/product"}],"about":[{"href":"https:\/\/uj.adatbank.ro\/lexikon\/wp-json\/wp\/v2\/types\/product"}],"replies":[{"embeddable":true,"href":"https:\/\/uj.adatbank.ro\/lexikon\/wp-json\/wp\/v2\/comments?post=14571"}],"wp:attachment":[{"href":"https:\/\/uj.adatbank.ro\/lexikon\/wp-json\/wp\/v2\/media?parent=14571"}],"wp:term":[{"taxonomy":"product_brand","embeddable":true,"href":"https:\/\/uj.adatbank.ro\/lexikon\/wp-json\/wp\/v2\/product_brand?post=14571"},{"taxonomy":"product_cat","embeddable":true,"href":"https:\/\/uj.adatbank.ro\/lexikon\/wp-json\/wp\/v2\/product_cat?post=14571"},{"taxonomy":"product_tag","embeddable":true,"href":"https:\/\/uj.adatbank.ro\/lexikon\/wp-json\/wp\/v2\/product_tag?post=14571"}],"curies":[{"name":"wp","href":"https:\/\/api.w.org\/{rel}","templated":true}]}}

<p>? † ?: igazgató. – A Maros Megyei Szövetséges Ellenőrző Bizottság tagja és a Megyei ellenséges javak kezeléséért felelős Közigazgatási Igazgatóság főnöke.A Szovjet Katonai Parancsnokság Mv.-ről való távozása alkalmával (1945.okt.28.) megyei bizottságot hoztak létre, amely számba vette és felleltározta és visszavette a mv.-i Kereskedelmi és Ipar Kamara ingatlan és ingó javait, amelyeket a Szovjetúnió Katonai Parancsnokságának adtak át használatba (1944).-<br /><strong>Irod.:</strong> Nan: Camera de comerţ</br></p>

<p>? † ?: igazgató. – A Maros Megyei Szövetséges Ellenőrző Bizottság tagja és a Megyei ellenséges javak kezeléséért felelős Közigazgatási Igazgatóság főnöke.A Szovjet Katonai Parancsnokság Mv.-ről való távozása alkalmával (1945.okt.28.) megyei bizottságot hoztak létre, amely számba vette és felleltározta és visszavette a mv.-i Kereskedelmi és Ipar Kamara ingatlan és ingó javait, amelyeket a Szovjetúnió Katonai [&hellip;]</p>
