{"id":14574,"date":"2025-07-15T13:06:10","date_gmt":"2025-07-15T11:06:10","guid":{"rendered":"https:\/\/uj.adatbank.ro\/lexikon\/termek\/marcus-ioan-%c2%a7\/"},"modified":"2025-07-15T13:06:10","modified_gmt":"2025-07-15T11:06:10","slug":"marcus-ioan-%c2%a7","status":"publish","type":"product","link":"https:\/\/uj.adatbank.ro\/lexikon\/termek\/marcus-ioan-%c2%a7\/","title":{"rendered":"M\u0102RCU\u015e, Ioan, \u00a7"},"content":{"rendered":"<p>Szentmih\u00e1ly, Als\u00f3b\u00f6lk\u00e9ny, 1916. \u00e1pr. 26., \u2020 ?: szerel\u0151munk\u00e1s, p\u00e1rtpolitikus. \u2013 P\u00e1rttag lett (1944. okt.). A k\u00f6z\u00e9piskola befejez\u00e9se ut\u00e1n, a \u015etefan Gheorghiu p\u00e1rtiskol\u00e1t v\u00e9gezte (1949. szept.\u20131950. j\u00fan.), majd a SZU KP KB melletti p\u00e1riskola tanul\u00f3ja (1955\u201358). A Muscel megyei p\u00e1rtbizotts\u00e1g gazdas\u00e1gi \u00fcgyoszt\u00e1ly f\u0151n\u00f6ke (1947), a k\u00f6zigazgat\u00e1si oszt. f\u0151n\u00f6ke (1948. febr.), a Muscel megyei P\u00e1rtbizotts\u00e1g helyettes titk\u00e1ra (1950\u201352), a Pite\u015fti megyei P\u00e1rtbizotts\u00e1g els\u0151 titk\u00e1ra (1950\u201352. \u00e1pr.). A RMP KB mez\u0151gazdas\u00e1gi oszt.-nak helyettes f\u0151n\u00f6ke (1952. \u00e1pr.\u201355 \u00e9s 1958 -nov. 59). A K\u00f6zponti Revizi\u00f3s Bizotts\u00e1g tagja (1960. j\u00fan. 25.\u201365. j\u00fal. 24.); a RKP KB tagja (1965. j\u00fal. 24.\u201369. aug. 12.). A Brass\u00f3 megyei N\u00e9ptan\u00e1cs VB eln\u00f6ke (1959. nov.\u201368), k\u00e9pvisel\u0151 a Nagy Nemzetgy\u0171l\u00e9sben (1961\u201369, 1969\u201375). <br \/><strong>Irod.:<\/strong> Membrii C.C. al P.C.R<\/br><\/p>\n","protected":false},"excerpt":{"rendered":"<p>Szentmih\u00e1ly, Als\u00f3b\u00f6lk\u00e9ny, 1916. \u00e1pr. 26., \u2020 ?: szerel\u0151munk\u00e1s, p\u00e1rtpolitikus. \u2013 P\u00e1rttag lett (1944. okt.). A k\u00f6z\u00e9piskola befejez\u00e9se ut\u00e1n, a \u015etefan Gheorghiu p\u00e1rtiskol\u00e1t v\u00e9gezte (1949. szept.\u20131950. j\u00fan.), majd a SZU KP KB melletti p\u00e1riskola tanul\u00f3ja (1955\u201358). A Muscel megyei p\u00e1rtbizotts\u00e1g gazdas\u00e1gi \u00fcgyoszt\u00e1ly f\u0151n\u00f6ke (1947), a k\u00f6zigazgat\u00e1si oszt. f\u0151n\u00f6ke (1948. febr.), a Muscel megyei P\u00e1rtbizotts\u00e1g helyettes titk\u00e1ra [&hellip;]<\/p>\n","protected":false},"featured_media":0,"comment_status":"open","ping_status":"closed","template":"","meta":[],"product_brand":[],"product_cat":[137],"product_tag":[],"class_list":{"0":"post-14574","1":"product","2":"type-product","3":"status-publish","5":"product_cat-maros-megyei-eletrajzi-lexikon","7":"first","8":"instock","9":"shipping-taxable","10":"product-type-simple"},"_links":{"self":[{"href":"https:\/\/uj.adatbank.ro\/lexikon\/wp-json\/wp\/v2\/product\/14574","targetHints":{"allow":["GET"]}}],"collection":[{"href":"https:\/\/uj.adatbank.ro\/lexikon\/wp-json\/wp\/v2\/product"}],"about":[{"href":"https:\/\/uj.adatbank.ro\/lexikon\/wp-json\/wp\/v2\/types\/product"}],"replies":[{"embeddable":true,"href":"https:\/\/uj.adatbank.ro\/lexikon\/wp-json\/wp\/v2\/comments?post=14574"}],"wp:attachment":[{"href":"https:\/\/uj.adatbank.ro\/lexikon\/wp-json\/wp\/v2\/media?parent=14574"}],"wp:term":[{"taxonomy":"product_brand","embeddable":true,"href":"https:\/\/uj.adatbank.ro\/lexikon\/wp-json\/wp\/v2\/product_brand?post=14574"},{"taxonomy":"product_cat","embeddable":true,"href":"https:\/\/uj.adatbank.ro\/lexikon\/wp-json\/wp\/v2\/product_cat?post=14574"},{"taxonomy":"product_tag","embeddable":true,"href":"https:\/\/uj.adatbank.ro\/lexikon\/wp-json\/wp\/v2\/product_tag?post=14574"}],"curies":[{"name":"wp","href":"https:\/\/api.w.org\/{rel}","templated":true}]}}

MĂRCUŞ, Ioan, §

<p>Szentmihály, Alsóbölkény, 1916. ápr. 26., † ?: szerelőmunkás, pártpolitikus. – Párttag lett (1944. okt.). A középiskola befejezése után, a Ştefan Gheorghiu pártiskolát végezte (1949. szept.–1950. jún.), majd a SZU KP KB melletti páriskola tanulója (1955–58). A Muscel megyei pártbizottság gazdasági ügyosztály főnöke (1947), a közigazgatási oszt. főnöke (1948. febr.), a Muscel megyei Pártbizottság helyettes titkára (1950–52), a Piteşti megyei Pártbizottság első titkára (1950–52. ápr.). A RMP KB mezőgazdasági oszt.-nak helyettes főnöke (1952. ápr.–55 és 1958 -nov. 59). A Központi Reviziós Bizottság tagja (1960. jún. 25.–65. júl. 24.); a RKP KB tagja (1965. júl. 24.–69. aug. 12.). A Brassó megyei Néptanács VB elnöke (1959. nov.–68), képviselő a Nagy Nemzetgyűlésben (1961–69, 1969–75). <br /><strong>Irod.:</strong> Membrii C.C. al P.C.R</br></p>

<p>Szentmihály, Alsóbölkény, 1916. ápr. 26., † ?: szerelőmunkás, pártpolitikus. – Párttag lett (1944. okt.). A középiskola befejezése után, a Ştefan Gheorghiu pártiskolát végezte (1949. szept.–1950. jún.), majd a SZU KP KB melletti páriskola tanulója (1955–58). A Muscel megyei pártbizottság gazdasági ügyosztály főnöke (1947), a közigazgatási oszt. főnöke (1948. febr.), a Muscel megyei Pártbizottság helyettes titkára [&hellip;]</p>
