{"id":14576,"date":"2025-07-15T13:06:16","date_gmt":"2025-07-15T11:06:16","guid":{"rendered":"https:\/\/uj.adatbank.ro\/lexikon\/termek\/marcus-stefan-2\/"},"modified":"2025-07-15T13:06:16","modified_gmt":"2025-07-15T11:06:16","slug":"marcus-stefan-2","status":"publish","type":"product","link":"https:\/\/uj.adatbank.ro\/lexikon\/termek\/marcus-stefan-2\/","title":{"rendered":"M\u0102RCU\u015e, \u015etefan"},"content":{"rendered":"<p>Aninoszab\u00e1nyatelep (Hunyad), 1929. szept. 29., \u2020 ?: mez\u0151gazd\u00e1sz, tudom\u00e1nyos kutat\u00f3. \u2013 A mv.-i \u00c1llatteny\u00e9szt\u00e9si Kis\u00e9rleti \u00c1llom\u00e1son dolgozott. <br \/><strong>Irod.:<\/strong> Pers. mure\u015fene<\/br><\/p>\n","protected":false},"excerpt":{"rendered":"<p>Aninoszab\u00e1nyatelep (Hunyad), 1929. szept. 29., \u2020 ?: mez\u0151gazd\u00e1sz, tudom\u00e1nyos kutat\u00f3. \u2013 A mv.-i \u00c1llatteny\u00e9szt\u00e9si Kis\u00e9rleti \u00c1llom\u00e1son dolgozott. Irod.: Pers. mure\u015fene<\/p>\n","protected":false},"featured_media":0,"comment_status":"open","ping_status":"closed","template":"","meta":[],"product_brand":[],"product_cat":[137],"product_tag":[],"class_list":{"0":"post-14576","1":"product","2":"type-product","3":"status-publish","5":"product_cat-maros-megyei-eletrajzi-lexikon","7":"first","8":"instock","9":"shipping-taxable","10":"product-type-simple"},"_links":{"self":[{"href":"https:\/\/uj.adatbank.ro\/lexikon\/wp-json\/wp\/v2\/product\/14576","targetHints":{"allow":["GET"]}}],"collection":[{"href":"https:\/\/uj.adatbank.ro\/lexikon\/wp-json\/wp\/v2\/product"}],"about":[{"href":"https:\/\/uj.adatbank.ro\/lexikon\/wp-json\/wp\/v2\/types\/product"}],"replies":[{"embeddable":true,"href":"https:\/\/uj.adatbank.ro\/lexikon\/wp-json\/wp\/v2\/comments?post=14576"}],"wp:attachment":[{"href":"https:\/\/uj.adatbank.ro\/lexikon\/wp-json\/wp\/v2\/media?parent=14576"}],"wp:term":[{"taxonomy":"product_brand","embeddable":true,"href":"https:\/\/uj.adatbank.ro\/lexikon\/wp-json\/wp\/v2\/product_brand?post=14576"},{"taxonomy":"product_cat","embeddable":true,"href":"https:\/\/uj.adatbank.ro\/lexikon\/wp-json\/wp\/v2\/product_cat?post=14576"},{"taxonomy":"product_tag","embeddable":true,"href":"https:\/\/uj.adatbank.ro\/lexikon\/wp-json\/wp\/v2\/product_tag?post=14576"}],"curies":[{"name":"wp","href":"https:\/\/api.w.org\/{rel}","templated":true}]}}