{"id":14583,"date":"2025-07-15T13:06:34","date_gmt":"2025-07-15T11:06:34","guid":{"rendered":"https:\/\/uj.adatbank.ro\/lexikon\/termek\/marginean-valeriu\/"},"modified":"2025-07-15T13:06:34","modified_gmt":"2025-07-15T11:06:34","slug":"marginean-valeriu","status":"publish","type":"product","link":"https:\/\/uj.adatbank.ro\/lexikon\/termek\/marginean-valeriu\/","title":{"rendered":"M\u0102RGINEAN, Valeriu"},"content":{"rendered":"<p>Marosszentjakab, 1864. nov. 30., \u2020 ?: g. kat. pap. \u2013 Apja f\u00f6ldm\u0171ves volt. \u2013 Bal\u00e1zsfalv\u00e1n v\u00e9gezte a gimn.-ot \u00e9s a teol\u00f3gi\u00e1t is (1891\u201393). Szab\u00f3 J. szentelte papp\u00e1 (1893. okt. 1.). <br \/><strong>Irod.:<\/strong> A\u0163inti\u015f<\/br><\/p>\n","protected":false},"excerpt":{"rendered":"<p>Marosszentjakab, 1864. nov. 30., \u2020 ?: g. kat. pap. \u2013 Apja f\u00f6ldm\u0171ves volt. \u2013 Bal\u00e1zsfalv\u00e1n v\u00e9gezte a gimn.-ot \u00e9s a teol\u00f3gi\u00e1t is (1891\u201393). Szab\u00f3 J. szentelte papp\u00e1 (1893. okt. 1.). Irod.: A\u0163inti\u015f<\/p>\n","protected":false},"featured_media":0,"comment_status":"open","ping_status":"closed","template":"","meta":[],"product_brand":[],"product_cat":[137],"product_tag":[],"class_list":{"0":"post-14583","1":"product","2":"type-product","3":"status-publish","5":"product_cat-maros-megyei-eletrajzi-lexikon","7":"first","8":"instock","9":"shipping-taxable","10":"product-type-simple"},"_links":{"self":[{"href":"https:\/\/uj.adatbank.ro\/lexikon\/wp-json\/wp\/v2\/product\/14583","targetHints":{"allow":["GET"]}}],"collection":[{"href":"https:\/\/uj.adatbank.ro\/lexikon\/wp-json\/wp\/v2\/product"}],"about":[{"href":"https:\/\/uj.adatbank.ro\/lexikon\/wp-json\/wp\/v2\/types\/product"}],"replies":[{"embeddable":true,"href":"https:\/\/uj.adatbank.ro\/lexikon\/wp-json\/wp\/v2\/comments?post=14583"}],"wp:attachment":[{"href":"https:\/\/uj.adatbank.ro\/lexikon\/wp-json\/wp\/v2\/media?parent=14583"}],"wp:term":[{"taxonomy":"product_brand","embeddable":true,"href":"https:\/\/uj.adatbank.ro\/lexikon\/wp-json\/wp\/v2\/product_brand?post=14583"},{"taxonomy":"product_cat","embeddable":true,"href":"https:\/\/uj.adatbank.ro\/lexikon\/wp-json\/wp\/v2\/product_cat?post=14583"},{"taxonomy":"product_tag","embeddable":true,"href":"https:\/\/uj.adatbank.ro\/lexikon\/wp-json\/wp\/v2\/product_tag?post=14583"}],"curies":[{"name":"wp","href":"https:\/\/api.w.org\/{rel}","templated":true}]}}