{"id":14590,"date":"2025-07-15T13:06:52","date_gmt":"2025-07-15T11:06:52","guid":{"rendered":"https:\/\/uj.adatbank.ro\/lexikon\/termek\/margitay-gabor-margitfalvi-margithay-gabor\/"},"modified":"2025-07-15T13:06:52","modified_gmt":"2025-07-15T11:06:52","slug":"margitay-gabor-margitfalvi-margithay-gabor","status":"publish","type":"product","link":"https:\/\/uj.adatbank.ro\/lexikon\/termek\/margitay-gabor-margitfalvi-margithay-gabor\/","title":{"rendered":"MARGITAY G\u00e1bor, margitfalvi, Margithay G\u00e1bor"},"content":{"rendered":"<p>Hajd\u00fahadh\u00e1z, 1810, \u2020 Mv., 1889. szept. 21.: \u00e9p\u00edt\u00e9szm\u00e9rn\u00f6k, honv\u00e9dm\u00e9rn\u00f6kkari \u0151rnagy (1848\u201349). \u2013 Feles\u00e9ge: Geiger Veronika. \u2013 A debreceni Ref. Koll.-ban tanult (1824\u201333), a pesti Institutum Geometricum hallgat\u00f3ja (1833\u2013), ahol m\u00e9rn\u00f6ki okleve\u00adlet szerzett. A nagyv\u00e1radi (1841\u2013), ut\u00f3bb az aradi Ker. \u00c1llam\u00e9p\u00edt\u00e9szeti Igazgat\u00f3s\u00e1gon rajzo\u00adl\u00f3m\u00e9rn\u00f6k. A m. korm\u00e1ny szolg\u00e1lat\u00e1ba \u00e1llt, az aradi ostromseregn\u00e9l hadnagyi (1848. okt.\u2013), f\u0151hadnagyi, majd sz\u00e1zadosi rangban hadm\u00e9rn\u00f6k \u00e9s a s\u00e1nc\u00e9p\u00edt\u00e9si munk\u00e1latok vezet\u0151je. A fegyverlet\u00e9telig (1849. j\u00fal.- 49. aug. 17.) az aradi v\u00e1r m\u00e9rn\u00f6kkar\u00e1n\u00e1l teljes\u00edtett szolg\u00e1latot. A vil\u00e1gosi fegyverlet\u00e9tel (1849. aug.) ut\u00e1n Jankafalv\u00e1ra (\u00c9rdi\u00f3szeg mellett) menek\u00fclt. Nagyv\u00e1radon elfogt\u00e1k (1851), \u00e9s az ideiglenes kataszterhez osztott\u00e1k be (1856. m\u00e1rc.-ig), lemondott hivatal\u00e1r\u00f3l, t\u00f6bb uradalomban volt m\u00e9rn\u00f6k. A borsz\u00e9ki gy\u00f3gyf\u00fcrd\u0151 \u00e9p\u00edt\u00e9s\u00e9nek vezet\u0151je (1870\u201376). Tervei szerint \u00e9p\u00fclt a szeged-csongr\u00e1di takar\u00e9kp\u00e9nzt\u00e1r r\u00e9gi \u00e9p\u00fclete. Ut\u00f3bb \u00c9lesden (Bihar m.) uradalmi \u00e9p\u00edt\u00e9szeti m\u00e9rn\u00f6k volt. Cikkei : Honv\u00e9d-Album, Orsz\u00e1gos Honv\u00e9d Napt\u00e1r, Archeologiai \u00c9rtes\u00edt\u0151-ben. \u2013 F. m. : A t\u00f6lgyesi szoros \u00e9s k\u00f6zleked\u00e9sei \u00e9s a sz\u00e9kpataki \u00faj or\u00adsz\u00e1g\u00fat (Kv., 1877); Aradi v\u00e9sznapok: eml\u00e9kiratok (Bp., 1890). <br \/><strong>Irod.:<\/strong> \u00c9ber; F\u00fcl\u00f6p\u2013Ferencz; Gy\u00e1szjelent\u0151; Moln\u00e1r; Szinnyei; \u00daM\u00c9L<\/br><\/p>\n","protected":false},"excerpt":{"rendered":"<p>Hajd\u00fahadh\u00e1z, 1810, \u2020 Mv., 1889. szept. 21.: \u00e9p\u00edt\u00e9szm\u00e9rn\u00f6k, honv\u00e9dm\u00e9rn\u00f6kkari \u0151rnagy (1848\u201349). \u2013 Feles\u00e9ge: Geiger Veronika. \u2013 A debreceni Ref. Koll.-ban tanult (1824\u201333), a pesti Institutum Geometricum hallgat\u00f3ja (1833\u2013), ahol m\u00e9rn\u00f6ki okleve\u00adlet szerzett. A nagyv\u00e1radi (1841\u2013), ut\u00f3bb az aradi Ker. \u00c1llam\u00e9p\u00edt\u00e9szeti Igazgat\u00f3s\u00e1gon rajzo\u00adl\u00f3m\u00e9rn\u00f6k. A m. korm\u00e1ny szolg\u00e1lat\u00e1ba \u00e1llt, az aradi ostromseregn\u00e9l hadnagyi (1848. okt.\u2013), f\u0151hadnagyi, majd [&hellip;]<\/p>\n","protected":false},"featured_media":0,"comment_status":"open","ping_status":"closed","template":"","meta":[],"product_brand":[],"product_cat":[137],"product_tag":[],"class_list":{"0":"post-14590","1":"product","2":"type-product","3":"status-publish","5":"product_cat-maros-megyei-eletrajzi-lexikon","7":"first","8":"instock","9":"shipping-taxable","10":"product-type-simple"},"_links":{"self":[{"href":"https:\/\/uj.adatbank.ro\/lexikon\/wp-json\/wp\/v2\/product\/14590","targetHints":{"allow":["GET"]}}],"collection":[{"href":"https:\/\/uj.adatbank.ro\/lexikon\/wp-json\/wp\/v2\/product"}],"about":[{"href":"https:\/\/uj.adatbank.ro\/lexikon\/wp-json\/wp\/v2\/types\/product"}],"replies":[{"embeddable":true,"href":"https:\/\/uj.adatbank.ro\/lexikon\/wp-json\/wp\/v2\/comments?post=14590"}],"wp:attachment":[{"href":"https:\/\/uj.adatbank.ro\/lexikon\/wp-json\/wp\/v2\/media?parent=14590"}],"wp:term":[{"taxonomy":"product_brand","embeddable":true,"href":"https:\/\/uj.adatbank.ro\/lexikon\/wp-json\/wp\/v2\/product_brand?post=14590"},{"taxonomy":"product_cat","embeddable":true,"href":"https:\/\/uj.adatbank.ro\/lexikon\/wp-json\/wp\/v2\/product_cat?post=14590"},{"taxonomy":"product_tag","embeddable":true,"href":"https:\/\/uj.adatbank.ro\/lexikon\/wp-json\/wp\/v2\/product_tag?post=14590"}],"curies":[{"name":"wp","href":"https:\/\/api.w.org\/{rel}","templated":true}]}}

MARGITAY Gábor, margitfalvi, Margithay Gábor

<p>Hajdúhadház, 1810, † Mv., 1889. szept. 21.: építészmérnök, honvédmérnökkari őrnagy (1848–49). – Felesége: Geiger Veronika. – A debreceni Ref. Koll.-ban tanult (1824–33), a pesti Institutum Geometricum hallgatója (1833–), ahol mérnöki okleve­let szerzett. A nagyváradi (1841–), utóbb az aradi Ker. Államépítészeti Igazgatóságon rajzo­lómérnök. A m. kormány szolgálatába állt, az aradi ostromseregnél hadnagyi (1848. okt.–), főhadnagyi, majd századosi rangban hadmérnök és a sáncépítési munkálatok vezetője. A fegyverletételig (1849. júl.- 49. aug. 17.) az aradi vár mérnökkaránál teljesített szolgálatot. A világosi fegyverletétel (1849. aug.) után Jankafalvára (Érdiószeg mellett) menekült. Nagyváradon elfogták (1851), és az ideiglenes kataszterhez osztották be (1856. márc.-ig), lemondott hivataláról, több uradalomban volt mérnök. A borszéki gyógyfürdő építésének vezetője (1870–76). Tervei szerint épült a szeged-csongrádi takarékpénztár régi épülete. Utóbb Élesden (Bihar m.) uradalmi építészeti mérnök volt. Cikkei : Honvéd-Album, Országos Honvéd Naptár, Archeologiai Értesítő-ben. – F. m. : A tölgyesi szoros és közlekedései és a székpataki új or­szágút (Kv., 1877); Aradi vésznapok: emlékiratok (Bp., 1890). <br /><strong>Irod.:</strong> Éber; Fülöp–Ferencz; Gyászjelentő; Molnár; Szinnyei; ÚMÉL</br></p>

<p>Hajdúhadház, 1810, † Mv., 1889. szept. 21.: építészmérnök, honvédmérnökkari őrnagy (1848–49). – Felesége: Geiger Veronika. – A debreceni Ref. Koll.-ban tanult (1824–33), a pesti Institutum Geometricum hallgatója (1833–), ahol mérnöki okleve­let szerzett. A nagyváradi (1841–), utóbb az aradi Ker. Államépítészeti Igazgatóságon rajzo­lómérnök. A m. kormány szolgálatába állt, az aradi ostromseregnél hadnagyi (1848. okt.–), főhadnagyi, majd [&hellip;]</p>
