{"id":14592,"date":"2025-07-15T13:06:56","date_gmt":"2025-07-15T11:06:56","guid":{"rendered":"https:\/\/uj.adatbank.ro\/lexikon\/termek\/maria-%c2%a7-regina-marie-alexandra-victoria\/"},"modified":"2025-07-15T13:06:56","modified_gmt":"2025-07-15T11:06:56","slug":"maria-%c2%a7-regina-marie-alexandra-victoria","status":"publish","type":"product","link":"https:\/\/uj.adatbank.ro\/lexikon\/termek\/maria-%c2%a7-regina-marie-alexandra-victoria\/","title":{"rendered":"MARIA, \u00a7 Regina, Marie Alexandra Victoria"},"content":{"rendered":"<p>1875. okt. 29., \u2020 1938. j\u00fal. 18.: rom\u00e1n kir\u00e1lyn\u00e9. \u2013 Ferdinand kir\u00e1ly feles\u00e9ge. II. K\u00e1roly rom\u00e1n kir\u00e1ly \u00e9desanyja. \u2013 Gyakran j\u00e1rt Szov\u00e1t\u00e1n. A S\u00e1ndor J\u00e1nos vill\u00e1j\u00e1ban nyaralt (1922). Szov\u00e1tai \u00fcd\u00fcl\u00e9sb\u0151l \u00e9rkezett l\u00e1togat\u00f3ba Mv.-re. A v\u00e1ros korm\u00e1nyzata, katonai vezet\u0151i a V\u00e1rosh\u00e1z\u00e1ra, a Kult\u00farpalot\u00e1ba, a katonai l\u00edc.-ba, a hadi\u00e1rv\u00e1k otthon\u00e1ba k\u00eds\u00e9rt\u00e9k, majd a Sz\u00e9kely-kioszkban uzson\u00e1zott Ileana koronahercegn\u0151vel k\u00f6z\u00f6sen (1922. aug. 2.). Szov\u00e1tai nyaral\u00e1s\u00e1n az angol \u00e9s g\u00f6r\u00f6g kir.-i csal\u00e1d tagjai mellett, sok jelent\u0151s szem\u00e9ly l\u00e1togatta meg. Tisztelet\u00e9re a f\u00fcrd\u0151telepen a B\u0103lcescu-parkban eml\u00e9kk\u00f6vet \u00e1ll\u00edtottak. Mv.-en utca viseli a nev\u00e9t. \u2013 <strong>F. m.:<\/strong> Povestea vie\u0163i mele 1\u20133. (Ia\u015fi, 1990\u20131991) <br \/><strong>Irod.:<\/strong> Bak\u00f3 Zolt\u00e1n: Be\u00e9p\u00edtik a Sz\u00e9kely-kioszk tet\u0151ter\u00e9t (V\u00e1s\u00e1rhelyi H\u00edrlap, 2011.j\u00fan. 10.); M\u00e1th\u00e9 Levente; \u00d6kr\u00f6s; Sovata; Szov\u00e1ta<\/br><\/p>\n","protected":false},"excerpt":{"rendered":"<p>1875. okt. 29., \u2020 1938. j\u00fal. 18.: rom\u00e1n kir\u00e1lyn\u00e9. \u2013 Ferdinand kir\u00e1ly feles\u00e9ge. II. K\u00e1roly rom\u00e1n kir\u00e1ly \u00e9desanyja. \u2013 Gyakran j\u00e1rt Szov\u00e1t\u00e1n. A S\u00e1ndor J\u00e1nos vill\u00e1j\u00e1ban nyaralt (1922). Szov\u00e1tai \u00fcd\u00fcl\u00e9sb\u0151l \u00e9rkezett l\u00e1togat\u00f3ba Mv.-re. A v\u00e1ros korm\u00e1nyzata, katonai vezet\u0151i a V\u00e1rosh\u00e1z\u00e1ra, a Kult\u00farpalot\u00e1ba, a katonai l\u00edc.-ba, a hadi\u00e1rv\u00e1k otthon\u00e1ba k\u00eds\u00e9rt\u00e9k, majd a Sz\u00e9kely-kioszkban uzson\u00e1zott Ileana koronahercegn\u0151vel [&hellip;]<\/p>\n","protected":false},"featured_media":0,"comment_status":"open","ping_status":"closed","template":"","meta":[],"product_brand":[],"product_cat":[137],"product_tag":[],"class_list":{"0":"post-14592","1":"product","2":"type-product","3":"status-publish","5":"product_cat-maros-megyei-eletrajzi-lexikon","7":"first","8":"instock","9":"shipping-taxable","10":"product-type-simple"},"_links":{"self":[{"href":"https:\/\/uj.adatbank.ro\/lexikon\/wp-json\/wp\/v2\/product\/14592","targetHints":{"allow":["GET"]}}],"collection":[{"href":"https:\/\/uj.adatbank.ro\/lexikon\/wp-json\/wp\/v2\/product"}],"about":[{"href":"https:\/\/uj.adatbank.ro\/lexikon\/wp-json\/wp\/v2\/types\/product"}],"replies":[{"embeddable":true,"href":"https:\/\/uj.adatbank.ro\/lexikon\/wp-json\/wp\/v2\/comments?post=14592"}],"wp:attachment":[{"href":"https:\/\/uj.adatbank.ro\/lexikon\/wp-json\/wp\/v2\/media?parent=14592"}],"wp:term":[{"taxonomy":"product_brand","embeddable":true,"href":"https:\/\/uj.adatbank.ro\/lexikon\/wp-json\/wp\/v2\/product_brand?post=14592"},{"taxonomy":"product_cat","embeddable":true,"href":"https:\/\/uj.adatbank.ro\/lexikon\/wp-json\/wp\/v2\/product_cat?post=14592"},{"taxonomy":"product_tag","embeddable":true,"href":"https:\/\/uj.adatbank.ro\/lexikon\/wp-json\/wp\/v2\/product_tag?post=14592"}],"curies":[{"name":"wp","href":"https:\/\/api.w.org\/{rel}","templated":true}]}}

<p>1875. okt. 29., † 1938. júl. 18.: román királyné. – Ferdinand király felesége. II. Károly román király édesanyja. – Gyakran járt Szovátán. A Sándor János villájában nyaralt (1922). Szovátai üdülésből érkezett látogatóba Mv.-re. A város kormányzata, katonai vezetői a Városházára, a Kultúrpalotába, a katonai líc.-ba, a hadiárvák otthonába kísérték, majd a Székely-kioszkban uzsonázott Ileana koronahercegnővel közösen (1922. aug. 2.). Szovátai nyaralásán az angol és görög kir.-i család tagjai mellett, sok jelentős személy látogatta meg. Tiszteletére a fürdőtelepen a Bălcescu-parkban emlékkövet állítottak. Mv.-en utca viseli a nevét. – <strong>F. m.:</strong> Povestea vieţi mele 1–3. (Iaşi, 1990–1991) <br /><strong>Irod.:</strong> Bakó Zoltán: Beépítik a Székely-kioszk tetőterét (Vásárhelyi Hírlap, 2011.jún. 10.); Máthé Levente; Ökrös; Sovata; Szováta</br></p>

<p>1875. okt. 29., † 1938. júl. 18.: román királyné. – Ferdinand király felesége. II. Károly román király édesanyja. – Gyakran járt Szovátán. A Sándor János villájában nyaralt (1922). Szovátai üdülésből érkezett látogatóba Mv.-re. A város kormányzata, katonai vezetői a Városházára, a Kultúrpalotába, a katonai líc.-ba, a hadiárvák otthonába kísérték, majd a Székely-kioszkban uzsonázott Ileana koronahercegnővel [&hellip;]</p>
