{"id":14597,"date":"2025-07-15T13:07:05","date_gmt":"2025-07-15T11:07:05","guid":{"rendered":"https:\/\/uj.adatbank.ro\/lexikon\/termek\/mariaffy-david-maksai\/"},"modified":"2025-07-15T13:07:05","modified_gmt":"2025-07-15T11:07:05","slug":"mariaffy-david-maksai","status":"publish","type":"product","link":"https:\/\/uj.adatbank.ro\/lexikon\/termek\/mariaffy-david-maksai\/","title":{"rendered":"M\u00c1RIAFFY D\u00e1vid, maksai"},"content":{"rendered":"<p>Kv., 1859. aug. 15., \u2020\u00a0Marosszentgy\u00f6rgy, 1907. j\u00fan. 31.: cs. \u00e9s kir. kamar\u00e1s, miniszteri titk\u00e1r, marosszentgy\u00f6rgyi f\u00f6ldbirtokos. \u2013 M. Albert (1823\u20131889) \u00e9s B\u00e1nffy R\u00f3z\u00e1lia (1827\u20131865) fia. Feles\u00e9ge: 1. Bayerl Ter\u00e9z; 2.. B\u00f6ttger Izabella (1866.? \u2013 Bp., 1889. j\u00fan. 4.). \u2013 Cs. kir. kamar\u00e1s, miniszteri fogalmaz\u00f3, honv\u00e9d husz\u00e1rhadnagy,. \u2013 A jogot a b\u00e9csi egyetem Jogi Kar\u00e1n (1877\u201379) \u00e9s a kv.-i egyetemen v\u00e9gezte, ahol \u00e1llamtudom\u00e1nyi doktor\u00e1tust tett. MT megy\u00e9n\u00e9l tiszteletbeli aljegyz\u0151, megkapta a cs. kir. kamar\u00e1si rangot (1884), azt\u00e1n III., majd II. aljegyz\u0151 (1886\u201388) s tiszteletbeli f\u0151jegyz\u0151 lett. Az \u00e1llamszolg\u00e1latban m\u0171k\u00f6d\u00f6tt, mint tiszteletbeli fogalmaz\u00f3 a m. kir. p\u00e9nz\u00fcgyminiszteriumban (1889\u2013), majd B\u00e9csben a fels\u00e9g szem\u00e9lye k\u00f6r\u00fcli miniszteriumban seg\u00e9dtitk\u00e1rr\u00e1 (1895\u2013), titk\u00e1rr\u00e1 nevezt\u00e9k ki (1897-hal\u00e1l\u00e1ig), ebben a min\u0151s\u00e9gben oszt\u00e1lytan\u00e1csosi c\u00edmet kapott (1904). Megkapta a Ferencz J\u00f3zsef-rend lovagkeresztj\u00e9t \u00e9s a III. oszt\u00e1ly\u00fa orosz szent Szaniszl\u00f3-rendet (1899); cs. \u00e9s kir. kamar\u00e1s (1884), szolg\u00e1laton k\u00edv\u00fcl honv\u00e9d husz\u00e1rf\u0151hadnagy. Szerepet v\u00e1llalt a t\u00e1rsas\u00e1gi \u00e9letben is, t\u00f6bbsz\u00f6r b\u00e1lszervez\u0151. Az EMKE alap\u00edt\u00f3 tagja. K\u00f6z\u00f6lt cikkeket, t\u00e1rc\u00e1kat, irodalmi m\u0171veket: a Magyar Hirlapban, a Budapesti Hirlapban; a Pesti Hirlapban (Alice c. reg\u00e9nye); a Budapesti Szeml\u00e9ben, a Vas\u00e1rnapi \u00dajs\u00e1gban (megeml\u00e9kez\u00e9st \u00edrt a meggyesfalvi gr. L\u00e1z\u00e1r Jen\u0151r\u0151l, 1900). <strong>Kit\u00fcntet\u00e9sei:<\/strong> a Ferenc J\u00f3zsef-rend lovagkeresztje (1899), a III. o. orosz Szent Szaniszl\u00f3-rend, bronz jubileumi eml\u00e9k\u00e9rem a katonas\u00e1g sz\u00e1m\u00e1ra \u00e9s a m\u00e1sikat a polg\u00e1ri \u00e1llami tisztvisel\u0151k sz\u00e1m\u00e1ra, a spanyol katolikus Izabelle-rend. A csal\u00e1d f\u0151 f\u00e9szke Marosszentgy\u00f6rgy\u00f6n volt, ahol a Petki csal\u00e1d egykori kast\u00e9ly\u00e1nak alapjaira a 19. sz\u00e1zad m\u00e1sodik fel\u00e9ben (1870) \u00e9p\u00edtettek k\u00e9tszintes neorenesz\u00e1nsz kast\u00e9lyt (F\u0151 u. 1225), \u201eB\u201d kateg\u00f3ri\u00e1j\u00f3 m\u0171eml\u00e9k. Az \u00e1llamos\u00edt\u00e1s ut\u00e1n (1948) a kast\u00e9ly a gazdas\u00e1gi v\u00e1llalat haszn\u00e1lat\u00e1ba ker\u00fclt, s azon bels\u0151 \u00e1talak\u00edt\u00e1sokat v\u00e9geztek. A 68 ha. nagys\u00e1g\u00fa d\u00edszparkba, az orsz\u00e1g\u00fat ment\u00e9n \u00e9p\u00edtett\u00e9k a K\u00eds\u00e9rleti \u00c1llom\u00e1s iroda\u00e9p\u00fclet\u00e9t \u00e9s lak\u00f3\u00e9p\u00fcleteit, de maga a kast\u00e9ly el volt hanyagolva, \u00e9s haszn\u00e1laton k\u00edv\u00fcl \u00e1llt. \u2013 <strong>F. m.:<\/strong> \u0150szinte sz\u00f3. (B\u00e9cs, 1898); V\u00e1s\u00e1rolt szivek. Reg\u00e9ny. Gor\u00f3 Lajos 27 eredeti rajz\u00e1val. (B\u00e9cs, 1900); <strong>ford.:<\/strong> Bisson, Alexandre: Le d\u00e9put\u00e9 de Bombignac: sz\u00ednm\u0171 (1892), a bp.-i Nemzeti Sz\u00ednh\u00e1z mutatta be (1894. j\u00fan. 1.). <br \/><strong>Irod.:<\/strong> Gy\u00e1szjelent\u0151; K\u00e1lm\u00e1n Attila: A M\u00e1riaffi csal\u00e1d t\u00f6rt\u00e9net\u00e9hez = Marosszentgy\u00f6gy; Keresztes 1995; Keresztes Gyula: Kast\u00e9lyaink 11.: A marosszentgy\u00f6rgyi kast\u00e9ly (N\u00fa., 1992. j\u00fan. 13.); Kornis; K\u0151v\u00e1ry; Nagy Iv\u00e1n; P\u00e1lmay; Sepsisz\u00e9ki; Szab\u00f3\u2013Simon\u2013Sz\u00f6gi; Valori mure\u015fene de patrimoniu<\/br><\/p>\n","protected":false},"excerpt":{"rendered":"<p>Kv., 1859. aug. 15., \u2020\u00a0Marosszentgy\u00f6rgy, 1907. j\u00fan. 31.: cs. \u00e9s kir. kamar\u00e1s, miniszteri titk\u00e1r, marosszentgy\u00f6rgyi f\u00f6ldbirtokos. \u2013 M. Albert (1823\u20131889) \u00e9s B\u00e1nffy R\u00f3z\u00e1lia (1827\u20131865) fia. Feles\u00e9ge: 1. Bayerl Ter\u00e9z; 2.. B\u00f6ttger Izabella (1866.? \u2013 Bp., 1889. j\u00fan. 4.). \u2013 Cs. kir. kamar\u00e1s, miniszteri fogalmaz\u00f3, honv\u00e9d husz\u00e1rhadnagy,. \u2013 A jogot a b\u00e9csi egyetem Jogi Kar\u00e1n (1877\u201379) [&hellip;]<\/p>\n","protected":false},"featured_media":0,"comment_status":"open","ping_status":"closed","template":"","meta":[],"product_brand":[],"product_cat":[137],"product_tag":[],"class_list":{"0":"post-14597","1":"product","2":"type-product","3":"status-publish","5":"product_cat-maros-megyei-eletrajzi-lexikon","7":"first","8":"instock","9":"shipping-taxable","10":"product-type-simple"},"_links":{"self":[{"href":"https:\/\/uj.adatbank.ro\/lexikon\/wp-json\/wp\/v2\/product\/14597","targetHints":{"allow":["GET"]}}],"collection":[{"href":"https:\/\/uj.adatbank.ro\/lexikon\/wp-json\/wp\/v2\/product"}],"about":[{"href":"https:\/\/uj.adatbank.ro\/lexikon\/wp-json\/wp\/v2\/types\/product"}],"replies":[{"embeddable":true,"href":"https:\/\/uj.adatbank.ro\/lexikon\/wp-json\/wp\/v2\/comments?post=14597"}],"wp:attachment":[{"href":"https:\/\/uj.adatbank.ro\/lexikon\/wp-json\/wp\/v2\/media?parent=14597"}],"wp:term":[{"taxonomy":"product_brand","embeddable":true,"href":"https:\/\/uj.adatbank.ro\/lexikon\/wp-json\/wp\/v2\/product_brand?post=14597"},{"taxonomy":"product_cat","embeddable":true,"href":"https:\/\/uj.adatbank.ro\/lexikon\/wp-json\/wp\/v2\/product_cat?post=14597"},{"taxonomy":"product_tag","embeddable":true,"href":"https:\/\/uj.adatbank.ro\/lexikon\/wp-json\/wp\/v2\/product_tag?post=14597"}],"curies":[{"name":"wp","href":"https:\/\/api.w.org\/{rel}","templated":true}]}}

MÁRIAFFY Dávid, maksai

<p>Kv., 1859. aug. 15., † Marosszentgyörgy, 1907. jún. 31.: cs. és kir. kamarás, miniszteri titkár, marosszentgyörgyi földbirtokos. – M. Albert (1823–1889) és Bánffy Rózália (1827–1865) fia. Felesége: 1. Bayerl Teréz; 2.. Böttger Izabella (1866.? – Bp., 1889. jún. 4.). – Cs. kir. kamarás, miniszteri fogalmazó, honvéd huszárhadnagy,. – A jogot a bécsi egyetem Jogi Karán (1877–79) és a kv.-i egyetemen végezte, ahol államtudományi doktorátust tett. MT megyénél tiszteletbeli aljegyző, megkapta a cs. kir. kamarási rangot (1884), aztán III., majd II. aljegyző (1886–88) s tiszteletbeli főjegyző lett. Az államszolgálatban működött, mint tiszteletbeli fogalmazó a m. kir. pénzügyminiszteriumban (1889–), majd Bécsben a felség személye körüli miniszteriumban segédtitkárrá (1895–), titkárrá nevezték ki (1897-haláláig), ebben a minőségben osztálytanácsosi címet kapott (1904). Megkapta a Ferencz József-rend lovagkeresztjét és a III. osztályú orosz szent Szaniszló-rendet (1899); cs. és kir. kamarás (1884), szolgálaton kívül honvéd huszárfőhadnagy. Szerepet vállalt a társasági életben is, többször bálszervező. Az EMKE alapító tagja. Közölt cikkeket, tárcákat, irodalmi műveket: a Magyar Hirlapban, a Budapesti Hirlapban; a Pesti Hirlapban (Alice c. regénye); a Budapesti Szemlében, a Vasárnapi Újságban (megemlékezést írt a meggyesfalvi gr. Lázár Jenőről, 1900). <strong>Kitüntetései:</strong> a Ferenc József-rend lovagkeresztje (1899), a III. o. orosz Szent Szaniszló-rend, bronz jubileumi emlékérem a katonaság számára és a másikat a polgári állami tisztviselők számára, a spanyol katolikus Izabelle-rend. A család fő fészke Marosszentgyörgyön volt, ahol a Petki család egykori kastélyának alapjaira a 19. század második felében (1870) építettek kétszintes neoreneszánsz kastélyt (Fő u. 1225), „B” kategóriájó műemlék. Az államosítás után (1948) a kastély a gazdasági vállalat használatába került, s azon belső átalakításokat végeztek. A 68 ha. nagyságú díszparkba, az országút mentén építették a Kísérleti Állomás irodaépületét és lakóépületeit, de maga a kastély el volt hanyagolva, és használaton kívül állt. – <strong>F. m.:</strong> Őszinte szó. (Bécs, 1898); Vásárolt szivek. Regény. Goró Lajos 27 eredeti rajzával. (Bécs, 1900); <strong>ford.:</strong> Bisson, Alexandre: Le député de Bombignac: színmű (1892), a bp.-i Nemzeti Színház mutatta be (1894. jún. 1.). <br /><strong>Irod.:</strong> Gyászjelentő; Kálmán Attila: A Máriaffi család történetéhez = Marosszentgyögy; Keresztes 1995; Keresztes Gyula: Kastélyaink 11.: A marosszentgyörgyi kastély (Nú., 1992. jún. 13.); Kornis; Kőváry; Nagy Iván; Pálmay; Sepsiszéki; Szabó–Simon–Szögi; Valori mureşene de patrimoniu</br></p>

<p>Kv., 1859. aug. 15., † Marosszentgyörgy, 1907. jún. 31.: cs. és kir. kamarás, miniszteri titkár, marosszentgyörgyi földbirtokos. – M. Albert (1823–1889) és Bánffy Rózália (1827–1865) fia. Felesége: 1. Bayerl Teréz; 2.. Böttger Izabella (1866.? – Bp., 1889. jún. 4.). – Cs. kir. kamarás, miniszteri fogalmazó, honvéd huszárhadnagy,. – A jogot a bécsi egyetem Jogi Karán (1877–79) [&hellip;]</p>
