{"id":14598,"date":"2025-07-15T13:07:08","date_gmt":"2025-07-15T11:07:08","guid":{"rendered":"https:\/\/uj.adatbank.ro\/lexikon\/termek\/mariaffy-david-i-maksai-maksai-david-mariaffi-de-maxa-nyaradtoi\/"},"modified":"2025-07-15T13:07:08","modified_gmt":"2025-07-15T11:07:08","slug":"mariaffy-david-i-maksai-maksai-david-mariaffi-de-maxa-nyaradtoi","status":"publish","type":"product","link":"https:\/\/uj.adatbank.ro\/lexikon\/termek\/mariaffy-david-i-maksai-maksai-david-mariaffi-de-maxa-nyaradtoi\/","title":{"rendered":"M\u00c1RIAFFY D\u00e1vid I, maksai, Maksai D\u00e1vid, M\u00e1riaffi de Maxa, ny\u00e1r\u00e1dt\u0151i"},"content":{"rendered":"<p>? \u2020 1762.: marosszentgy\u00f6rgyi birtokos, guberniumi titk\u00e1r, f\u0151korm\u00e1nysz\u00e9ki titoknok. \u2013 Maksai Bal\u00e1zs (\u20201714) \u00e9s Dacz\u00f3 Kata fia. Feles\u00e9ge Sz\u00e1va \u00c9va Krisztina. Gyermekeik: J\u00f3zsef, szamos\u00fajv\u00e1ri v\u00e1rnagy, a fegyint\u00e9zet igazgat\u00f3ja (1797\u20131810); L\u00e1szl\u00f3, Zar\u00e1nd vm. f\u0151isp\u00e1nja (\u2020 1783); Lajos, kincst\u00e1ri tan\u00e1csos (\u2020 1819); Antal, dobokai f\u0151isp\u00e1n. \u2013 F\u0151korm\u00e1nysz\u00e9ki titoknok (1730. m\u00e1rc. 23.\u2013) A Maksai csal\u00e1d a ny\u00e1r\u00e1dt\u0151i Maksai csal\u00e1db\u00f3l veszi eredet\u00e9t. Visszat\u00e9rt a katolikus hitre. Vall\u00e1sos ember volt, a Sz\u0171z M\u00e1ria ir\u00e1nti tiszteletb\u0151l a csal\u00e1di nev\u00e9t M\u00e1riaffy-ra, el\u0151nev\u00e9t maksaira v\u00e1ltoztatta (1733. dec. 23.), neve M\u00e1riaffi de Maxa (1742. jan. 19. c\u00edmerb\u0151v\u00edt\u00e9st\u0151l). III. Habsburg K\u00e1roly kir. enged\u00e9ly\u00e9vel \u00e9s el\u0151n\u00e9vk\u00e9nt megtartotta el\u0151bb a ny\u00e1r\u00e1dt\u0151i el\u0151nevet majd azt Maksaira k\u00e9rte v\u00e1ltoztatni. Erre enged\u00e9lyt kapott \u00e9s M\u00e1riaffi de Maxa n\u00e9v alatt C\u00edmer\u00e9t kib\u0151v\u00edtette M\u00e1ria Ter\u00e9zia (1742. jan. 19.). C\u00edmerpecs\u00e9tje (1745) a gr. Teleki-lev\u00e9lt\u00e1rban van. A Marosszentgy\u00f6rgyi birtokot unok\u00e1ja III. D\u00e1vid szerezte Petki M\u00e1ri\u00e1val k\u00f6t\u00f6tt h\u00e1zass\u00e1ga r\u00e9v\u00e9n. Gyulatelki h\u00e1z\u00e1n\u00e1l voltak ferencrendi szerzetesek (1748\u201360). <br \/><strong>Irod.:<\/strong> Keresztes 1995; Keresztes Gyula: Kast\u00e9lyaink 11\u00a0: A marosszentgy\u00f6rgyi kast\u00e9ly (N\u00fa., 1992. j\u00fan. 13.); Kornis; K\u0151v\u00e1ry; Maros megye; Nagy Iv\u00e1n; Nagy-Bod\u00f3 Tibor: M\u00falt \u00e9s jelen tal\u00e1lkoz\u00e1sa (N\u00fa., 2022. m\u00e1rc. 4.);. P\u00e1lmay; S\u00e2ngeorgiu de Mure\u015f; Sepsisz\u00e9ki; Szekeres Attila Istv\u00e1n. C\u00edmeres eml\u00e9kek Marosszenrgy\u00f6rgy\u00f6n =  Marosszentgy\u00f6rgy<\/br><\/p>\n","protected":false},"excerpt":{"rendered":"<p>? \u2020 1762.: marosszentgy\u00f6rgyi birtokos, guberniumi titk\u00e1r, f\u0151korm\u00e1nysz\u00e9ki titoknok. \u2013 Maksai Bal\u00e1zs (\u20201714) \u00e9s Dacz\u00f3 Kata fia. Feles\u00e9ge Sz\u00e1va \u00c9va Krisztina. Gyermekeik: J\u00f3zsef, szamos\u00fajv\u00e1ri v\u00e1rnagy, a fegyint\u00e9zet igazgat\u00f3ja (1797\u20131810); L\u00e1szl\u00f3, Zar\u00e1nd vm. f\u0151isp\u00e1nja (\u2020 1783); Lajos, kincst\u00e1ri tan\u00e1csos (\u2020 1819); Antal, dobokai f\u0151isp\u00e1n. \u2013 F\u0151korm\u00e1nysz\u00e9ki titoknok (1730. m\u00e1rc. 23.\u2013) A Maksai csal\u00e1d a ny\u00e1r\u00e1dt\u0151i Maksai [&hellip;]<\/p>\n","protected":false},"featured_media":0,"comment_status":"open","ping_status":"closed","template":"","meta":[],"product_brand":[],"product_cat":[137],"product_tag":[],"class_list":{"0":"post-14598","1":"product","2":"type-product","3":"status-publish","5":"product_cat-maros-megyei-eletrajzi-lexikon","7":"first","8":"instock","9":"shipping-taxable","10":"product-type-simple"},"_links":{"self":[{"href":"https:\/\/uj.adatbank.ro\/lexikon\/wp-json\/wp\/v2\/product\/14598","targetHints":{"allow":["GET"]}}],"collection":[{"href":"https:\/\/uj.adatbank.ro\/lexikon\/wp-json\/wp\/v2\/product"}],"about":[{"href":"https:\/\/uj.adatbank.ro\/lexikon\/wp-json\/wp\/v2\/types\/product"}],"replies":[{"embeddable":true,"href":"https:\/\/uj.adatbank.ro\/lexikon\/wp-json\/wp\/v2\/comments?post=14598"}],"wp:attachment":[{"href":"https:\/\/uj.adatbank.ro\/lexikon\/wp-json\/wp\/v2\/media?parent=14598"}],"wp:term":[{"taxonomy":"product_brand","embeddable":true,"href":"https:\/\/uj.adatbank.ro\/lexikon\/wp-json\/wp\/v2\/product_brand?post=14598"},{"taxonomy":"product_cat","embeddable":true,"href":"https:\/\/uj.adatbank.ro\/lexikon\/wp-json\/wp\/v2\/product_cat?post=14598"},{"taxonomy":"product_tag","embeddable":true,"href":"https:\/\/uj.adatbank.ro\/lexikon\/wp-json\/wp\/v2\/product_tag?post=14598"}],"curies":[{"name":"wp","href":"https:\/\/api.w.org\/{rel}","templated":true}]}}

MÁRIAFFY Dávid I, maksai, Maksai Dávid, Máriaffi de Maxa, nyárádtői

<p>? † 1762.: marosszentgyörgyi birtokos, guberniumi titkár, főkormányszéki titoknok. – Maksai Balázs (†1714) és Daczó Kata fia. Felesége Száva Éva Krisztina. Gyermekeik: József, szamosújvári várnagy, a fegyintézet igazgatója (1797–1810); László, Zaránd vm. főispánja († 1783); Lajos, kincstári tanácsos († 1819); Antal, dobokai főispán. – Főkormányszéki titoknok (1730. márc. 23.–) A Maksai család a nyárádtői Maksai családból veszi eredetét. Visszatért a katolikus hitre. Vallásos ember volt, a Szűz Mária iránti tiszteletből a családi nevét Máriaffy-ra, előnevét maksaira változtatta (1733. dec. 23.), neve Máriaffi de Maxa (1742. jan. 19. címerbővítéstől). III. Habsburg Károly kir. engedélyével és előnévként megtartotta előbb a nyárádtői előnevet majd azt Maksaira kérte változtatni. Erre engedélyt kapott és Máriaffi de Maxa név alatt Címerét kibővítette Mária Terézia (1742. jan. 19.). Címerpecsétje (1745) a gr. Teleki-levéltárban van. A Marosszentgyörgyi birtokot unokája III. Dávid szerezte Petki Máriával kötött házassága révén. Gyulatelki házánál voltak ferencrendi szerzetesek (1748–60). <br /><strong>Irod.:</strong> Keresztes 1995; Keresztes Gyula: Kastélyaink 11 : A marosszentgyörgyi kastély (Nú., 1992. jún. 13.); Kornis; Kőváry; Maros megye; Nagy Iván; Nagy-Bodó Tibor: Múlt és jelen találkozása (Nú., 2022. márc. 4.);. Pálmay; Sângeorgiu de Mureş; Sepsiszéki; Szekeres Attila István. Címeres emlékek Marosszenrgyörgyön =  Marosszentgyörgy</br></p>

<p>? † 1762.: marosszentgyörgyi birtokos, guberniumi titkár, főkormányszéki titoknok. – Maksai Balázs (†1714) és Daczó Kata fia. Felesége Száva Éva Krisztina. Gyermekeik: József, szamosújvári várnagy, a fegyintézet igazgatója (1797–1810); László, Zaránd vm. főispánja († 1783); Lajos, kincstári tanácsos († 1819); Antal, dobokai főispán. – Főkormányszéki titoknok (1730. márc. 23.–) A Maksai család a nyárádtői Maksai [&hellip;]</p>
