{"id":14599,"date":"2025-07-15T13:07:10","date_gmt":"2025-07-15T11:07:10","guid":{"rendered":"https:\/\/uj.adatbank.ro\/lexikon\/termek\/mariaffy-david-iii-maksai\/"},"modified":"2025-07-15T13:07:10","modified_gmt":"2025-07-15T11:07:10","slug":"mariaffy-david-iii-maksai","status":"publish","type":"product","link":"https:\/\/uj.adatbank.ro\/lexikon\/termek\/mariaffy-david-iii-maksai\/","title":{"rendered":"M\u00c1RIAFFY D\u00e1vid III, maksai"},"content":{"rendered":"<p>?., \u2020\u00a0?: f\u00f6ldbirtokos. \u2013 I. D\u00e1vid (\u2020. 1762) unok\u00e1ja. Feles\u00e9ge: kir\u00e1lyfalvi gr. Petki M\u00e1ria, volt br. B\u00e1lintitt Gy\u00f6rgyn\u00e9. \u2013 A marosszentgy\u00f6rgyi birtokot h\u00e1zass\u00e1ga r\u00e9v\u00e9n szerezte (1820). Az \u00f6sszes k\u00e9s\u0151bbi M\u00e1riaffy a kett\u0151j\u00fck lesz\u00e1rmazottja. Fiaik: Albert (1823\u20131889), a kast\u00e9ly \u00e9p\u00edttet\u0151je, Lajos (1868\u20131915) a mintagazdas\u00e1g l\u00e9tes\u00edt\u0151je. <br \/><strong>Irod.:<\/strong> Bicsok-Orb\u00e1n; K\u00e1lm\u00e1n Attila: A M\u00e1riaffi csal\u00e1d t\u00f6rt\u00e9net\u00e9hez = Marosszentgy\u00f6rgy<\/br><\/p>\n","protected":false},"excerpt":{"rendered":"<p>?., \u2020\u00a0?: f\u00f6ldbirtokos. \u2013 I. D\u00e1vid (\u2020. 1762) unok\u00e1ja. Feles\u00e9ge: kir\u00e1lyfalvi gr. Petki M\u00e1ria, volt br. B\u00e1lintitt Gy\u00f6rgyn\u00e9. \u2013 A marosszentgy\u00f6rgyi birtokot h\u00e1zass\u00e1ga r\u00e9v\u00e9n szerezte (1820). Az \u00f6sszes k\u00e9s\u0151bbi M\u00e1riaffy a kett\u0151j\u00fck lesz\u00e1rmazottja. Fiaik: Albert (1823\u20131889), a kast\u00e9ly \u00e9p\u00edttet\u0151je, Lajos (1868\u20131915) a mintagazdas\u00e1g l\u00e9tes\u00edt\u0151je. Irod.: Bicsok-Orb\u00e1n; K\u00e1lm\u00e1n Attila: A M\u00e1riaffi csal\u00e1d t\u00f6rt\u00e9net\u00e9hez = Marosszentgy\u00f6rgy<\/p>\n","protected":false},"featured_media":0,"comment_status":"open","ping_status":"closed","template":"","meta":[],"product_brand":[],"product_cat":[137],"product_tag":[],"class_list":{"0":"post-14599","1":"product","2":"type-product","3":"status-publish","5":"product_cat-maros-megyei-eletrajzi-lexikon","7":"first","8":"instock","9":"shipping-taxable","10":"product-type-simple"},"_links":{"self":[{"href":"https:\/\/uj.adatbank.ro\/lexikon\/wp-json\/wp\/v2\/product\/14599","targetHints":{"allow":["GET"]}}],"collection":[{"href":"https:\/\/uj.adatbank.ro\/lexikon\/wp-json\/wp\/v2\/product"}],"about":[{"href":"https:\/\/uj.adatbank.ro\/lexikon\/wp-json\/wp\/v2\/types\/product"}],"replies":[{"embeddable":true,"href":"https:\/\/uj.adatbank.ro\/lexikon\/wp-json\/wp\/v2\/comments?post=14599"}],"wp:attachment":[{"href":"https:\/\/uj.adatbank.ro\/lexikon\/wp-json\/wp\/v2\/media?parent=14599"}],"wp:term":[{"taxonomy":"product_brand","embeddable":true,"href":"https:\/\/uj.adatbank.ro\/lexikon\/wp-json\/wp\/v2\/product_brand?post=14599"},{"taxonomy":"product_cat","embeddable":true,"href":"https:\/\/uj.adatbank.ro\/lexikon\/wp-json\/wp\/v2\/product_cat?post=14599"},{"taxonomy":"product_tag","embeddable":true,"href":"https:\/\/uj.adatbank.ro\/lexikon\/wp-json\/wp\/v2\/product_tag?post=14599"}],"curies":[{"name":"wp","href":"https:\/\/api.w.org\/{rel}","templated":true}]}}