{"id":14604,"date":"2025-07-15T13:07:19","date_gmt":"2025-07-15T11:07:19","guid":{"rendered":"https:\/\/uj.adatbank.ro\/lexikon\/termek\/mariaffy-lajos-maksai-mariaffi-mariaffy-louis\/"},"modified":"2025-07-15T13:07:19","modified_gmt":"2025-07-15T11:07:19","slug":"mariaffy-lajos-maksai-mariaffi-mariaffy-louis","status":"publish","type":"product","link":"https:\/\/uj.adatbank.ro\/lexikon\/termek\/mariaffy-lajos-maksai-mariaffi-mariaffy-louis\/","title":{"rendered":"M\u00c1RIAFFY Lajos, maksai, M\u00e1riaffi, M\u00e1riaffy Louis"},"content":{"rendered":"<p>Marosszentgy\u00f6rgy, 1894. szept. 21., \u2020\u00a0Igls Ausztria, 1971.dec. 13.: vit\u00e9z, tartal\u00e9kos hadnagy, f\u00f6ldbirtokos, a MSE \u00e9s a V\u00f6r\u00f6s Kereszt eln\u00f6ke. \u2013 Lajos (1868\u20131915) \u00e9s Tholdalagi Roz\u00e1lia (1866\u20131943) fia. Feles\u00e9ge hadadi Wessel\u00e9nyi Erzs\u00e9bet (1902- Igls, 1975). \u2013 A k\u00f6z\u00e9piskol\u00e1t Tat\u00e1n, Bp.-en a piarist\u00e1kn\u00e1l (1912), a jogot a b\u00e9csi Theresianum egyetemen folytatta. Nemesi apr\u00f3dk\u00e9nt, B\u00e1nffy Istv\u00e1nnal is t\u00f6bbed mag\u00e1val r\u00e9szt vett a Szarajev\u00f3ban meggyilkolt Ferenc Ferdin\u00e1nd f\u0151hercegnek \u00e9s feles\u00e9g\u00e9nek b\u00e9csi temet\u00e9s\u00e9n (1914). Hadnagy az I. vh.-ban (1915. j\u00fan. 17.\u2013), a mv.-i 9. honv\u00e9d husz\u00e1rezredben, a galuziai arcvonalszakaszon z\u00e1szl\u00f3sk\u00e9nt harcolt (1916. jan. 9.-aug. 8.), 1. oszt. vit\u00e9zs\u00e9gi \u00e9rmet kapott. Tartal\u00e9kos hadnagy (1916\u2013), bronz vit\u00e9zs\u00e9gi \u00e9remmel t\u00fcntett\u00e9k ki. Albert testv\u00e9r\u00e9vel orosz fogs\u00e1gba ker\u00fclt (1916). Jelent\u0151s k\u00f6z\u00e9leti tev\u00e9kenys\u00e9ge volt, t\u00e1rsadalmi int\u00e9zm\u00e9nyek eln\u00f6ke, a marosszentgy\u00f6rgyi r. k. egyh\u00e1zk\u00f6zs\u00e9g f\u0151gondnoka; a R. k. St\u00e1tus Tan\u00e1cs tagja; az EGE \u00e9s a Marosmegyei F\u00f6ldm\u0171ves Sz\u00f6vets\u00e9g v\u00e1lasztm\u00e1nyi tagja; a kv.-i Mez\u0151gazdas\u00e1gi Bank igazgat\u00f3s\u00e1gi tagja; fels\u0151h\u00e1zi tag; a V\u00f6r\u00f6s Kereszt v\u00e1s\u00e1rhelyi fi\u00f3kj\u00e1nak vezet\u0151je, az Erd\u00e9lyi P\u00e1rt eln\u00f6ks\u00e9gi tagja. P\u00e9nzadom\u00e1nnyal kezdem\u00e9nyezte az iskola kib\u0151v\u00edt\u00e9s\u00e9t, amit k\u00f6zmunk\u00e1val val\u00f3s\u00edtottak meg (1934). A lovaspol\u00f3n kereszt\u00fcl jegyezte el mag\u00e1t a sporttal. A MSE d\u00edszeln\u00f6ke J\u00f3zsef Ferenc f\u0151herceg \u00e9s M. L. lett az eln\u00f6ke (1935). Re\u00e1 h\u00e1rult a feladat hogy az anyagiak hij\u00e1n t\u00f6nkrement \u00e9s elnyomott mv.-i sportot felemelje. Er\u00e9lyes k\u00e9zzel teremtett rende a pusztul\u00e1sra it\u00e9lt mv.-i sport\u00e9letben, m\u0171k\u00f6d\u00e9se nyom\u00e1n az MSE anyagi helyzete kiegyens\u00falyoz\u00f3dott. K\u00f6zeled\u00e9s szorgalmazott a m. sportegyes\u00fcletek k\u00f6z\u00f6tt, hogy a sz\u00e9kely ifj\u00fas\u00e1got bekapcsolja a sport\u00e9letbe. Eln\u00f6ks\u00e9ge alatt \u00e9lte a f\u00e9nykor\u00e1t az \u00fasz\u00f3 szakoszt\u00e1ly, amely a rom\u00e1n bajnoks\u00e1gb\u00f3l 17 \u2013et nyert (1938), a vizipol\u00f3 csapat is bajnok lett. A M. N\u00e9pk\u00f6z\u00f6ss\u00e9g Sportoszt\u00e1ly\u00e1nak eln\u00f6ke (1939), az erd\u00e9lyi m. sport legf\u0151bb ir\u00e1ny\u00edt\u00f3ja volt. Ezut\u00e1n a MUSZ \u00e9s az OTT eln\u00f6ks\u00e9gi tagja (1940\u2013), amely t\u00f6bbletmunk\u00e1val j\u00e1rt, de szivesen v\u00e1llalta a sport ir\u00e1nti odaad\u00e1sak\u00e9nt. K\u00f6zgazdas\u00e1gi cikkeit az Ellenz\u00e9k \u00e9s az Erd\u00e9lyi Gazda c. lapok k\u00f6z\u00f6lt\u00e9k. Marosszentgy\u00f6rgy\u00f6n mintagazdas\u00e1ga volt, 264 hold sz\u00e1nt\u00f3f\u00f6ldj\u00e9t osztott\u00e1k sz\u00e9t, a legel\u0151 \u00e9s erd\u0151 a k\u00f6z\u00f6s k\u00f6zs\u00e9gi tulajdonba ker\u00fclt, a sz\u0151l\u0151t \u00e9s a kertet a kast\u00e9llyal a N\u00e9pv\u00e9delmi Egyes\u00fcletnek utalt\u00e1k \u00e1t (1945). Az \u00e1llamos\u00edt\u00e1s ut\u00e1n a kast\u00e9ly gazdas\u00e1gi v\u00e1llalat tulajdon\u00e1ba ker\u00fclt. A parkban K\u00eds\u00e9rleti \u00c1llom\u00e1st l\u00e9tes\u00edtettek. Ausztri\u00e1ba emigr\u00e1lt csal\u00e1dj\u00e1val. <br \/><strong>Irod.:<\/strong> Berekm\u00e9ri\u2013Nemes; Bern\u00e1dy; EM; F\u00f6ldoszt\u00e1s Marosszentgy\u00f6rgy\u00f6n (Szabad Sz\u00f3, 1945. m\u00e1rc. 5.); Id\u0151t\u00e1r 3; K\u00e1lm\u00e1n Attila: A M\u00e1riaffi csal\u00e1d t\u00f6rt\u00e9net\u00e9hez = Marosszentgy\u00f6gy; Kl\u00f3sz-Tolok\u00e1n; Koszta; Koszta Istv\u00e1n: F\u00f6ldindul\u00e1s \u2013 1916 = P\u00e1l-Antal \u2013 Simon; Marosi-KZST; Nagy-Bod\u00f3 Tibor: A Petki-M\u00e1riaffy-kast\u00e9ly (K\u00f6zpont, 2016. j\u00fal. 21\u201327.); Pluh\u00e1r; S\u00e2ngeorgiu de Mure\u015f; S\u00e2ngeorgiu de Mure\u015f: 1940\u20131944.; Szab\u00f3\u2013Simon\u2013Sz\u00f6gi; Sz\u00f6ll\u0151sy<\/br><\/p>\n","protected":false},"excerpt":{"rendered":"<p>Marosszentgy\u00f6rgy, 1894. szept. 21., \u2020\u00a0Igls Ausztria, 1971.dec. 13.: vit\u00e9z, tartal\u00e9kos hadnagy, f\u00f6ldbirtokos, a MSE \u00e9s a V\u00f6r\u00f6s Kereszt eln\u00f6ke. \u2013 Lajos (1868\u20131915) \u00e9s Tholdalagi Roz\u00e1lia (1866\u20131943) fia. Feles\u00e9ge hadadi Wessel\u00e9nyi Erzs\u00e9bet (1902- Igls, 1975). \u2013 A k\u00f6z\u00e9piskol\u00e1t Tat\u00e1n, Bp.-en a piarist\u00e1kn\u00e1l (1912), a jogot a b\u00e9csi Theresianum egyetemen folytatta. Nemesi apr\u00f3dk\u00e9nt, B\u00e1nffy Istv\u00e1nnal is t\u00f6bbed [&hellip;]<\/p>\n","protected":false},"featured_media":0,"comment_status":"open","ping_status":"closed","template":"","meta":[],"product_brand":[],"product_cat":[137],"product_tag":[],"class_list":{"0":"post-14604","1":"product","2":"type-product","3":"status-publish","5":"product_cat-maros-megyei-eletrajzi-lexikon","7":"first","8":"instock","9":"shipping-taxable","10":"product-type-simple"},"_links":{"self":[{"href":"https:\/\/uj.adatbank.ro\/lexikon\/wp-json\/wp\/v2\/product\/14604","targetHints":{"allow":["GET"]}}],"collection":[{"href":"https:\/\/uj.adatbank.ro\/lexikon\/wp-json\/wp\/v2\/product"}],"about":[{"href":"https:\/\/uj.adatbank.ro\/lexikon\/wp-json\/wp\/v2\/types\/product"}],"replies":[{"embeddable":true,"href":"https:\/\/uj.adatbank.ro\/lexikon\/wp-json\/wp\/v2\/comments?post=14604"}],"wp:attachment":[{"href":"https:\/\/uj.adatbank.ro\/lexikon\/wp-json\/wp\/v2\/media?parent=14604"}],"wp:term":[{"taxonomy":"product_brand","embeddable":true,"href":"https:\/\/uj.adatbank.ro\/lexikon\/wp-json\/wp\/v2\/product_brand?post=14604"},{"taxonomy":"product_cat","embeddable":true,"href":"https:\/\/uj.adatbank.ro\/lexikon\/wp-json\/wp\/v2\/product_cat?post=14604"},{"taxonomy":"product_tag","embeddable":true,"href":"https:\/\/uj.adatbank.ro\/lexikon\/wp-json\/wp\/v2\/product_tag?post=14604"}],"curies":[{"name":"wp","href":"https:\/\/api.w.org\/{rel}","templated":true}]}}

MÁRIAFFY Lajos, maksai, Máriaffi, Máriaffy Louis

<p>Marosszentgyörgy, 1894. szept. 21., † Igls Ausztria, 1971.dec. 13.: vitéz, tartalékos hadnagy, földbirtokos, a MSE és a Vörös Kereszt elnöke. – Lajos (1868–1915) és Tholdalagi Rozália (1866–1943) fia. Felesége hadadi Wesselényi Erzsébet (1902- Igls, 1975). – A középiskolát Tatán, Bp.-en a piaristáknál (1912), a jogot a bécsi Theresianum egyetemen folytatta. Nemesi apródként, Bánffy Istvánnal is többed magával részt vett a Szarajevóban meggyilkolt Ferenc Ferdinánd főhercegnek és feleségének bécsi temetésén (1914). Hadnagy az I. vh.-ban (1915. jún. 17.–), a mv.-i 9. honvéd huszárezredben, a galuziai arcvonalszakaszon zászlósként harcolt (1916. jan. 9.-aug. 8.), 1. oszt. vitézségi érmet kapott. Tartalékos hadnagy (1916–), bronz vitézségi éremmel tüntették ki. Albert testvérével orosz fogságba került (1916). Jelentős közéleti tevékenysége volt, társadalmi intézmények elnöke, a marosszentgyörgyi r. k. egyházközség főgondnoka; a R. k. Státus Tanács tagja; az EGE és a Marosmegyei Földműves Szövetség választmányi tagja; a kv.-i Mezőgazdasági Bank igazgatósági tagja; felsőházi tag; a Vörös Kereszt vásárhelyi fiókjának vezetője, az Erdélyi Párt elnökségi tagja. Pénzadománnyal kezdeményezte az iskola kibővítését, amit közmunkával valósítottak meg (1934). A lovaspolón keresztül jegyezte el magát a sporttal. A MSE díszelnöke József Ferenc főherceg és M. L. lett az elnöke (1935). Reá hárult a feladat hogy az anyagiak hiján tönkrement és elnyomott mv.-i sportot felemelje. Erélyes kézzel teremtett rende a pusztulásra itélt mv.-i sportéletben, működése nyomán az MSE anyagi helyzete kiegyensúlyozódott. Közeledés szorgalmazott a m. sportegyesületek között, hogy a székely ifjúságot bekapcsolja a sportéletbe. Elnöksége alatt élte a fénykorát az úszó szakosztály, amely a román bajnokságból 17 –et nyert (1938), a vizipoló csapat is bajnok lett. A M. Népközösség Sportosztályának elnöke (1939), az erdélyi m. sport legfőbb irányítója volt. Ezután a MUSZ és az OTT elnökségi tagja (1940–), amely többletmunkával járt, de szivesen vállalta a sport iránti odaadásaként. Közgazdasági cikkeit az Ellenzék és az Erdélyi Gazda c. lapok közölték. Marosszentgyörgyön mintagazdasága volt, 264 hold szántóföldjét osztották szét, a legelő és erdő a közös községi tulajdonba került, a szőlőt és a kertet a kastéllyal a Népvédelmi Egyesületnek utalták át (1945). Az államosítás után a kastély gazdasági vállalat tulajdonába került. A parkban Kísérleti Állomást létesítettek. Ausztriába emigrált családjával. <br /><strong>Irod.:</strong> Berekméri–Nemes; Bernády; EM; Földosztás Marosszentgyörgyön (Szabad Szó, 1945. márc. 5.); Időtár 3; Kálmán Attila: A Máriaffi család történetéhez = Marosszentgyögy; Klósz-Tolokán; Koszta; Koszta István: Földindulás – 1916 = Pál-Antal – Simon; Marosi-KZST; Nagy-Bodó Tibor: A Petki-Máriaffy-kastély (Központ, 2016. júl. 21–27.); Pluhár; Sângeorgiu de Mureş; Sângeorgiu de Mureş: 1940–1944.; Szabó–Simon–Szögi; Szöllősy</br></p>

<p>Marosszentgyörgy, 1894. szept. 21., † Igls Ausztria, 1971.dec. 13.: vitéz, tartalékos hadnagy, földbirtokos, a MSE és a Vörös Kereszt elnöke. – Lajos (1868–1915) és Tholdalagi Rozália (1866–1943) fia. Felesége hadadi Wesselényi Erzsébet (1902- Igls, 1975). – A középiskolát Tatán, Bp.-en a piaristáknál (1912), a jogot a bécsi Theresianum egyetemen folytatta. Nemesi apródként, Bánffy Istvánnal is többed [&hellip;]</p>
