{"id":14606,"date":"2025-07-15T13:07:24","date_gmt":"2025-07-15T11:07:24","guid":{"rendered":"https:\/\/uj.adatbank.ro\/lexikon\/termek\/mariaffy-laszlo-maksai-mariaffi\/"},"modified":"2025-07-15T13:07:24","modified_gmt":"2025-07-15T11:07:24","slug":"mariaffy-laszlo-maksai-mariaffi","status":"publish","type":"product","link":"https:\/\/uj.adatbank.ro\/lexikon\/termek\/mariaffy-laszlo-maksai-mariaffi\/","title":{"rendered":"M\u00c1RIAFFY L\u00e1szl\u00f3, maksai, M\u00e1riaffi"},"content":{"rendered":"<p>? \u2020\u00a01783.: zar\u00e1ndi f\u0151isp\u00e1n.- D\u00e1vid (\u2020 1762) \u00e9s Sz\u00e1va \u00c9va Krisztina fia. Feles\u00e9ge: 1. csics\u00f3kereszt\u00fari Torma Ter\u00e9z, 2. g\u00f6rg\u00e9nyszentimrei Berzenczei \u00c1gnes, 3. nagybarcsai Barcsai Krisztina. Mv.-en polg\u00e1ri esk\u00fct tett (1771.). <br \/><strong>Irod.:<\/strong> Bicsok-Orb\u00e1n; Orb\u00e1n J\u00e1nos: T\u00e1blab\u00edr\u00e1k, f\u0151nemesek, pall\u00e9rok \u00e9s h\u00e1zak: V\u00e1rosk\u00e9p \u00e9s t\u00e1rsadalom v\u00e1ltoz\u00e1sai Mv.-en a Kir\u00e1lyi T\u00e1bla bek\u00f6lt\u00f6z\u00e9se ut\u00e1n [1754] = K\u00f6nyvek \u00e1ltal<\/br><\/p>\n","protected":false},"excerpt":{"rendered":"<p>? \u2020\u00a01783.: zar\u00e1ndi f\u0151isp\u00e1n.- D\u00e1vid (\u2020 1762) \u00e9s Sz\u00e1va \u00c9va Krisztina fia. Feles\u00e9ge: 1. csics\u00f3kereszt\u00fari Torma Ter\u00e9z, 2. g\u00f6rg\u00e9nyszentimrei Berzenczei \u00c1gnes, 3. nagybarcsai Barcsai Krisztina. Mv.-en polg\u00e1ri esk\u00fct tett (1771.). Irod.: Bicsok-Orb\u00e1n; Orb\u00e1n J\u00e1nos: T\u00e1blab\u00edr\u00e1k, f\u0151nemesek, pall\u00e9rok \u00e9s h\u00e1zak: V\u00e1rosk\u00e9p \u00e9s t\u00e1rsadalom v\u00e1ltoz\u00e1sai Mv.-en a Kir\u00e1lyi T\u00e1bla bek\u00f6lt\u00f6z\u00e9se ut\u00e1n [1754] = K\u00f6nyvek \u00e1ltal<\/p>\n","protected":false},"featured_media":0,"comment_status":"open","ping_status":"closed","template":"","meta":[],"product_brand":[],"product_cat":[137],"product_tag":[],"class_list":{"0":"post-14606","1":"product","2":"type-product","3":"status-publish","5":"product_cat-maros-megyei-eletrajzi-lexikon","7":"first","8":"instock","9":"shipping-taxable","10":"product-type-simple"},"_links":{"self":[{"href":"https:\/\/uj.adatbank.ro\/lexikon\/wp-json\/wp\/v2\/product\/14606","targetHints":{"allow":["GET"]}}],"collection":[{"href":"https:\/\/uj.adatbank.ro\/lexikon\/wp-json\/wp\/v2\/product"}],"about":[{"href":"https:\/\/uj.adatbank.ro\/lexikon\/wp-json\/wp\/v2\/types\/product"}],"replies":[{"embeddable":true,"href":"https:\/\/uj.adatbank.ro\/lexikon\/wp-json\/wp\/v2\/comments?post=14606"}],"wp:attachment":[{"href":"https:\/\/uj.adatbank.ro\/lexikon\/wp-json\/wp\/v2\/media?parent=14606"}],"wp:term":[{"taxonomy":"product_brand","embeddable":true,"href":"https:\/\/uj.adatbank.ro\/lexikon\/wp-json\/wp\/v2\/product_brand?post=14606"},{"taxonomy":"product_cat","embeddable":true,"href":"https:\/\/uj.adatbank.ro\/lexikon\/wp-json\/wp\/v2\/product_cat?post=14606"},{"taxonomy":"product_tag","embeddable":true,"href":"https:\/\/uj.adatbank.ro\/lexikon\/wp-json\/wp\/v2\/product_tag?post=14606"}],"curies":[{"name":"wp","href":"https:\/\/api.w.org\/{rel}","templated":true}]}}