{"id":14608,"date":"2025-07-15T13:07:27","date_gmt":"2025-07-15T11:07:27","guid":{"rendered":"https:\/\/uj.adatbank.ro\/lexikon\/termek\/mariaffy-maxai-maksai-csalad\/"},"modified":"2025-07-15T13:07:27","modified_gmt":"2025-07-15T11:07:27","slug":"mariaffy-maxai-maksai-csalad","status":"publish","type":"product","link":"https:\/\/uj.adatbank.ro\/lexikon\/termek\/mariaffy-maxai-maksai-csalad\/","title":{"rendered":"M\u00c1RIAFFY, maxai, maksai csal\u00e1d"},"content":{"rendered":"<p>A sz\u00e9kely eredet\u0171 ny\u00e1r\u00e1dt\u0151i Maksai csal\u00e1db\u00f3l veszi eredet\u00e9t. Bal\u00e1zs de\u00e1k fejedelmi t\u00e1blai \u00fcln\u00f6k (1647), aki els\u0151 feles\u00e9ge P\u00e1n Dorottya r\u00e9v\u00e9n kapott birtokot Ny\u00e1r\u00e1dt\u0151n (1628), ett\u0151l kezdve haszn\u00e1lta a ny\u00e1r\u00e1dt\u0151i el\u0151nevet. D\u00e9dunok\u00e1ja volt Maksai D\u00e1vid guberniumi titk\u00e1r (\u2020 1762), akit f\u0151korm\u00e1nysz\u00e9ki titoknokk\u00e1 neveztek ki (1730. m\u00e1rc. 23.), \u0151s magyar nev\u00e9t mint az oklev\u00e9l mondja, a szent sz\u0171z ir\u00e1nti tiszteltb\u0151l \u201eM\u00e1riaffi\u201c-ra v\u00e1ltoztatta; el\u0151bb a ny\u00e1radt\u0151i el\u0151nevet tartva meg, de m\u00e9g ugyan azon \u00e9vi dec. 23-\u00e1n, a ny\u00e1r\u00e1dt\u0151i el\u0151nev\u00e9t maksaira k\u00e9rte \u00e1tv\u00e1ltoztatni III. Habsburg K\u00e1rolyt\u00f3l (1733. dec. 23.), erre enged\u00e9lyt kapott \u00e9s M\u00e1riaffi de Maxa n\u00e9v alatt c\u00edmer\u00e9t is kib\u0151v\u00edtette (1742. jan. 19.). C\u00edmerpecs\u00e9tje (1745) a gr. Teleki-lev\u00e9lt\u00e1rban Mv. C\u00edmer: a pajzs k\u00e9k udvar\u00e1ban z\u00f6ld halmon k\u00e9t korona \u00e1ll, a jobbfel\u0151li koron\u00e1n k\u00f6ny\u00f6kl\u0151 v\u00f6r\u00f6smez\u0171 kar, \u00edr\u00f3 tollat tartva; s f\u00f6l\u00f6tte M. D. bet\u0171 \u00e9s nap, \u00e9s abb\u00f3l e sz\u00f3 \u201eM\u00e1ria\u201c, a balfel\u0151li koron\u00e1b\u00f3l napraforg\u00f3 vir\u00e1g emelkedik f\u00f6l, az \u00e1tellen\u00e9ben ragyog\u00f3 napfel\u00e9 hajolva, vir\u00e1gj\u00e1ban M. F. bet\u0171k l\u00e1that\u00f3k; a paizs fels\u0151 r\u00e9sz\u00e9ben a nap f\u00f6l\u00f6tt e mondat \u00e1ll: \u201eet ad me conversio ejus.\u201c A paizs f\u00f6l\u00f6tti sisak koron\u00e1j\u00e1n szint\u00e9n az \u00edr\u00f3tollat tart\u00f3 kar k\u00f6ny\u00f6k\u00f6l. A paizsot foszlad\u00e9k veszi k\u00f6r\u00fcl. A csal\u00e1d f\u0151 f\u00e9szke Marosszentgy\u00f6rgy\u00f6n volt, ahol D\u00e1vid a kir\u00e1lyhalmi Petki M\u00e1ri\u00e1val k\u00f6t\u00f6tt h\u00e1zass\u00e1ga r\u00e9v\u00e9n (1820) szerezte a birtokot \u00e9s kast\u00e9lyt.A M\u00e1riaffi v\u00e1gott erd\u0151 (1869): a Gy\u00e9ra szegen a V\u00e1rosi k\u00f6z\u00f6ns\u00e9g \u00e9s a M\u00e1riafi v\u00e1gott erd\u0151 als\u00f3 r\u00e9szin a kereszt \u00fat tetej\u00e9n egy nagy hompot emelt. Ennek alapjaira \u00e9p\u00edtette a k\u00e9tszintes neorenesz\u00e1nsz \u00e9p\u00fcletet fia Lajos (1870). <br \/><strong>Irod.:<\/strong> Bicsok-Orb\u00e1n; Keresztes; Nagy-Bod\u00f3 Tibor: M\u00falt \u00e9s jelen tal\u00e1lkoz\u00e1sa (N\u00fa., 2022. m\u00e1rc. 4.); Keresztes Gyula: Kast\u00e9lyaink 11.: A marosszentgy\u00f6rgyi kast\u00e9ly (N\u00fa., 1992. j\u00fan.13.); Kornis; K\u0151v\u00e1ry; Maros megye; Marossz\u00e9k\u00a0; Marosszentgy\u00f6rgy; Nagy Iv\u00e1n; P\u00e1lmay; Sepsisz\u00e9ki<\/br><\/p>\n","protected":false},"excerpt":{"rendered":"<p>A sz\u00e9kely eredet\u0171 ny\u00e1r\u00e1dt\u0151i Maksai csal\u00e1db\u00f3l veszi eredet\u00e9t. Bal\u00e1zs de\u00e1k fejedelmi t\u00e1blai \u00fcln\u00f6k (1647), aki els\u0151 feles\u00e9ge P\u00e1n Dorottya r\u00e9v\u00e9n kapott birtokot Ny\u00e1r\u00e1dt\u0151n (1628), ett\u0151l kezdve haszn\u00e1lta a ny\u00e1r\u00e1dt\u0151i el\u0151nevet. D\u00e9dunok\u00e1ja volt Maksai D\u00e1vid guberniumi titk\u00e1r (\u2020 1762), akit f\u0151korm\u00e1nysz\u00e9ki titoknokk\u00e1 neveztek ki (1730. m\u00e1rc. 23.), \u0151s magyar nev\u00e9t mint az oklev\u00e9l mondja, a szent [&hellip;]<\/p>\n","protected":false},"featured_media":0,"comment_status":"open","ping_status":"closed","template":"","meta":[],"product_brand":[],"product_cat":[137],"product_tag":[],"class_list":{"0":"post-14608","1":"product","2":"type-product","3":"status-publish","5":"product_cat-maros-megyei-eletrajzi-lexikon","7":"first","8":"instock","9":"shipping-taxable","10":"product-type-simple"},"_links":{"self":[{"href":"https:\/\/uj.adatbank.ro\/lexikon\/wp-json\/wp\/v2\/product\/14608","targetHints":{"allow":["GET"]}}],"collection":[{"href":"https:\/\/uj.adatbank.ro\/lexikon\/wp-json\/wp\/v2\/product"}],"about":[{"href":"https:\/\/uj.adatbank.ro\/lexikon\/wp-json\/wp\/v2\/types\/product"}],"replies":[{"embeddable":true,"href":"https:\/\/uj.adatbank.ro\/lexikon\/wp-json\/wp\/v2\/comments?post=14608"}],"wp:attachment":[{"href":"https:\/\/uj.adatbank.ro\/lexikon\/wp-json\/wp\/v2\/media?parent=14608"}],"wp:term":[{"taxonomy":"product_brand","embeddable":true,"href":"https:\/\/uj.adatbank.ro\/lexikon\/wp-json\/wp\/v2\/product_brand?post=14608"},{"taxonomy":"product_cat","embeddable":true,"href":"https:\/\/uj.adatbank.ro\/lexikon\/wp-json\/wp\/v2\/product_cat?post=14608"},{"taxonomy":"product_tag","embeddable":true,"href":"https:\/\/uj.adatbank.ro\/lexikon\/wp-json\/wp\/v2\/product_tag?post=14608"}],"curies":[{"name":"wp","href":"https:\/\/api.w.org\/{rel}","templated":true}]}}

MÁRIAFFY, maxai, maksai család

<p>A székely eredetű nyárádtői Maksai családból veszi eredetét. Balázs deák fejedelmi táblai ülnök (1647), aki első felesége Pán Dorottya révén kapott birtokot Nyárádtőn (1628), ettől kezdve használta a nyárádtői előnevet. Dédunokája volt Maksai Dávid guberniumi titkár († 1762), akit főkormányszéki titoknokká neveztek ki (1730. márc. 23.), ős magyar nevét mint az oklevél mondja, a szent szűz iránti tiszteltből „Máriaffi“-ra változtatta; előbb a nyáradtői előnevet tartva meg, de még ugyan azon évi dec. 23-án, a nyárádtői előnevét maksaira kérte átváltoztatni III. Habsburg Károlytól (1733. dec. 23.), erre engedélyt kapott és Máriaffi de Maxa név alatt címerét is kibővítette (1742. jan. 19.). Címerpecsétje (1745) a gr. Teleki-levéltárban Mv. Címer: a pajzs kék udvarában zöld halmon két korona áll, a jobbfelőli koronán könyöklő vörösmezű kar, író tollat tartva; s fölötte M. D. betű és nap, és abból e szó „Mária“, a balfelőli koronából napraforgó virág emelkedik föl, az átellenében ragyogó napfelé hajolva, virágjában M. F. betűk láthatók; a paizs felső részében a nap fölött e mondat áll: „et ad me conversio ejus.“ A paizs fölötti sisak koronáján szintén az írótollat tartó kar könyököl. A paizsot foszladék veszi körül. A család fő fészke Marosszentgyörgyön volt, ahol Dávid a királyhalmi Petki Máriával kötött házassága révén (1820) szerezte a birtokot és kastélyt.A Máriaffi vágott erdő (1869): a Gyéra szegen a Városi közönség és a Máriafi vágott erdő alsó részin a kereszt út tetején egy nagy hompot emelt. Ennek alapjaira építette a kétszintes neoreneszánsz épületet fia Lajos (1870). <br /><strong>Irod.:</strong> Bicsok-Orbán; Keresztes; Nagy-Bodó Tibor: Múlt és jelen találkozása (Nú., 2022. márc. 4.); Keresztes Gyula: Kastélyaink 11.: A marosszentgyörgyi kastély (Nú., 1992. jún.13.); Kornis; Kőváry; Maros megye; Marosszék ; Marosszentgyörgy; Nagy Iván; Pálmay; Sepsiszéki</br></p>

<p>A székely eredetű nyárádtői Maksai családból veszi eredetét. Balázs deák fejedelmi táblai ülnök (1647), aki első felesége Pán Dorottya révén kapott birtokot Nyárádtőn (1628), ettől kezdve használta a nyárádtői előnevet. Dédunokája volt Maksai Dávid guberniumi titkár († 1762), akit főkormányszéki titoknokká neveztek ki (1730. márc. 23.), ős magyar nevét mint az oklevél mondja, a szent [&hellip;]</p>
