{"id":14612,"date":"2025-07-15T13:07:35","date_gmt":"2025-07-15T11:07:35","guid":{"rendered":"https:\/\/uj.adatbank.ro\/lexikon\/termek\/marian-silviu\/"},"modified":"2025-07-15T13:07:35","modified_gmt":"2025-07-15T11:07:35","slug":"marian-silviu","status":"publish","type":"product","link":"https:\/\/uj.adatbank.ro\/lexikon\/termek\/marian-silviu\/","title":{"rendered":"MARIAN, Silviu"},"content":{"rendered":"<p>? \u2020\u00a0? : g. kat. lelk\u00e9sz. \u2013 Uzdiszentp\u00e9terben szolg\u00e1lt (1934\u201348). Javaslat\u00e1ra, k\u00f6zadakoz\u00e1sb\u00f3l \u00faj, nagyobb, biz\u00e1nci st\u00edlus\u00fa, kereszt alak\u00fa g. kat. templom \u00e9p\u00fclt (1935\u2013), amelyet Mih\u00e1ly arkangyalnak \u00e9s Szt. Gavrilnak aj\u00e1lottak. A mv.-i illet\u0151s\u00e9g\u0171 Aurel Pop, a szebeni C.-tin Buc\u0103taru festette ki fresk\u00f3kkal, Iuliu Maior kanonok szentelte fel (1943). Ugyancsak a lek\u00e9sz szolg\u00e1lata idej\u00e9ben \u00e9p\u00edtettek \u00faj par\u00f3chi\u00e1t is (1948). <br \/><strong>Irod.:<\/strong> S\u00e2npetru de C\u00e2mpie<\/br><\/p>\n","protected":false},"excerpt":{"rendered":"<p>? \u2020\u00a0? : g. kat. lelk\u00e9sz. \u2013 Uzdiszentp\u00e9terben szolg\u00e1lt (1934\u201348). Javaslat\u00e1ra, k\u00f6zadakoz\u00e1sb\u00f3l \u00faj, nagyobb, biz\u00e1nci st\u00edlus\u00fa, kereszt alak\u00fa g. kat. templom \u00e9p\u00fclt (1935\u2013), amelyet Mih\u00e1ly arkangyalnak \u00e9s Szt. Gavrilnak aj\u00e1lottak. A mv.-i illet\u0151s\u00e9g\u0171 Aurel Pop, a szebeni C.-tin Buc\u0103taru festette ki fresk\u00f3kkal, Iuliu Maior kanonok szentelte fel (1943). Ugyancsak a lek\u00e9sz szolg\u00e1lata idej\u00e9ben \u00e9p\u00edtettek \u00faj [&hellip;]<\/p>\n","protected":false},"featured_media":0,"comment_status":"open","ping_status":"closed","template":"","meta":[],"product_brand":[],"product_cat":[137],"product_tag":[],"class_list":{"0":"post-14612","1":"product","2":"type-product","3":"status-publish","5":"product_cat-maros-megyei-eletrajzi-lexikon","7":"first","8":"instock","9":"shipping-taxable","10":"product-type-simple"},"_links":{"self":[{"href":"https:\/\/uj.adatbank.ro\/lexikon\/wp-json\/wp\/v2\/product\/14612","targetHints":{"allow":["GET"]}}],"collection":[{"href":"https:\/\/uj.adatbank.ro\/lexikon\/wp-json\/wp\/v2\/product"}],"about":[{"href":"https:\/\/uj.adatbank.ro\/lexikon\/wp-json\/wp\/v2\/types\/product"}],"replies":[{"embeddable":true,"href":"https:\/\/uj.adatbank.ro\/lexikon\/wp-json\/wp\/v2\/comments?post=14612"}],"wp:attachment":[{"href":"https:\/\/uj.adatbank.ro\/lexikon\/wp-json\/wp\/v2\/media?parent=14612"}],"wp:term":[{"taxonomy":"product_brand","embeddable":true,"href":"https:\/\/uj.adatbank.ro\/lexikon\/wp-json\/wp\/v2\/product_brand?post=14612"},{"taxonomy":"product_cat","embeddable":true,"href":"https:\/\/uj.adatbank.ro\/lexikon\/wp-json\/wp\/v2\/product_cat?post=14612"},{"taxonomy":"product_tag","embeddable":true,"href":"https:\/\/uj.adatbank.ro\/lexikon\/wp-json\/wp\/v2\/product_tag?post=14612"}],"curies":[{"name":"wp","href":"https:\/\/api.w.org\/{rel}","templated":true}]}}