{"id":14615,"date":"2025-07-15T13:07:41","date_gmt":"2025-07-15T11:07:41","guid":{"rendered":"https:\/\/uj.adatbank.ro\/lexikon\/termek\/marica-cezara-codruta-%c2%a7\/"},"modified":"2025-07-15T13:07:41","modified_gmt":"2025-07-15T11:07:41","slug":"marica-cezara-codruta-%c2%a7","status":"publish","type":"product","link":"https:\/\/uj.adatbank.ro\/lexikon\/termek\/marica-cezara-codruta-%c2%a7\/","title":{"rendered":"MARICA, Cezara Codru\u0163a, \u00a7"},"content":{"rendered":"<p>Mv., 1979. m\u00e1rc. 3., \u2020 Navodari, 1995. j\u00fal. 3.: di\u00e1k; \u00edr\u00f3. \u2013 Mv.-en tanult az elemiben (1985\u201389), a gimn\u00e1ziumot a M\u0171v\u00e9szeti L\u00edc. fuvola oszt\u00e1ly\u00e1ban (1989\u20131993) \u00e9s az Unirea L\u00edc. X. oszt. tanul\u00f3ja, speci\u00e1lis angol oszt\u00e1lyban (1993\u201395). A vak\u00e1ci\u00f3ban tragikus balesetben hunyt el. Deb\u00fct\u00e1lt 11 \u00e9ves kor\u00e1ban: Hora: sz\u00edndarabbal \u00e9s a Pies\u0103 de teatru cu trei feti\u0163e a Vatra copiilor -ban (1990). Els\u0151 d\u00edjjal jutalmazt\u00e1k az orsz\u00e1gos Irodalmi Versenyen, melynek t\u00e9m\u00e1ja: Spune-mi, Prietene, ce putem face pentru copii din \u0163\u0103rile aflate \u00een r\u0103zboi (1991), \u00e9s els\u0151 d\u00edjas volt a \u201eFlores Juventutes\u201d gyermekek \u00e9s \u00edfjak sz\u00e1m\u00e1ra szervezett nemzetk\u00f6zi m\u0171v\u00e9szi alkot\u00e1sok verseny\u00e9n is (Genf, Belgium, 1995). A kisiny\u00f3i Nemzetk\u00f6zi Gyermekk\u00f6nyv V\u00e1s\u00e1ron nyerte a Legjobb gyermekk\u00f6nyv d\u00edjat (1997). \u2013 <strong>F. m.:<\/strong> V\u0103 las \u00een loc sur\u00e2sul&#8230;(Tg. M., 1996); Ghiocelul \u2013 Snow drop: (versuri, ed. rom\u00e2n\u0103-englez\u0103; trad. Ileana Sandu; Tg.M., 1997); Umbra pasuli de melc \u2013 La trace de l \u2019 escargot (povestiri, ; ed. Rom.-englez\u0103; traduceri de Laura Bogdan \u015fi Margareta Pu\u015fca\u015f; Tg. M.; 2005). <br \/><strong>Irod.:<\/strong> Borda, Dorin \u2013 Romeo, Soare: Galaxia valorilor (Tg. M., 2007); [Necrolog] C.l. (1995. jul. 6.); Cosma; csal\u00e1di inf.<\/br><\/p>\n","protected":false},"excerpt":{"rendered":"<p>Mv., 1979. m\u00e1rc. 3., \u2020 Navodari, 1995. j\u00fal. 3.: di\u00e1k; \u00edr\u00f3. \u2013 Mv.-en tanult az elemiben (1985\u201389), a gimn\u00e1ziumot a M\u0171v\u00e9szeti L\u00edc. fuvola oszt\u00e1ly\u00e1ban (1989\u20131993) \u00e9s az Unirea L\u00edc. X. oszt. tanul\u00f3ja, speci\u00e1lis angol oszt\u00e1lyban (1993\u201395). A vak\u00e1ci\u00f3ban tragikus balesetben hunyt el. Deb\u00fct\u00e1lt 11 \u00e9ves kor\u00e1ban: Hora: sz\u00edndarabbal \u00e9s a Pies\u0103 de teatru cu trei [&hellip;]<\/p>\n","protected":false},"featured_media":0,"comment_status":"open","ping_status":"closed","template":"","meta":[],"product_brand":[],"product_cat":[137],"product_tag":[],"class_list":{"0":"post-14615","1":"product","2":"type-product","3":"status-publish","5":"product_cat-maros-megyei-eletrajzi-lexikon","7":"first","8":"instock","9":"shipping-taxable","10":"product-type-simple"},"_links":{"self":[{"href":"https:\/\/uj.adatbank.ro\/lexikon\/wp-json\/wp\/v2\/product\/14615","targetHints":{"allow":["GET"]}}],"collection":[{"href":"https:\/\/uj.adatbank.ro\/lexikon\/wp-json\/wp\/v2\/product"}],"about":[{"href":"https:\/\/uj.adatbank.ro\/lexikon\/wp-json\/wp\/v2\/types\/product"}],"replies":[{"embeddable":true,"href":"https:\/\/uj.adatbank.ro\/lexikon\/wp-json\/wp\/v2\/comments?post=14615"}],"wp:attachment":[{"href":"https:\/\/uj.adatbank.ro\/lexikon\/wp-json\/wp\/v2\/media?parent=14615"}],"wp:term":[{"taxonomy":"product_brand","embeddable":true,"href":"https:\/\/uj.adatbank.ro\/lexikon\/wp-json\/wp\/v2\/product_brand?post=14615"},{"taxonomy":"product_cat","embeddable":true,"href":"https:\/\/uj.adatbank.ro\/lexikon\/wp-json\/wp\/v2\/product_cat?post=14615"},{"taxonomy":"product_tag","embeddable":true,"href":"https:\/\/uj.adatbank.ro\/lexikon\/wp-json\/wp\/v2\/product_tag?post=14615"}],"curies":[{"name":"wp","href":"https:\/\/api.w.org\/{rel}","templated":true}]}}