{"id":14616,"date":"2025-07-15T13:07:44","date_gmt":"2025-07-15T11:07:44","guid":{"rendered":"https:\/\/uj.adatbank.ro\/lexikon\/termek\/marienburg-georg-friedrich\/"},"modified":"2025-07-15T13:07:44","modified_gmt":"2025-07-15T11:07:44","slug":"marienburg-georg-friedrich","status":"publish","type":"product","link":"https:\/\/uj.adatbank.ro\/lexikon\/termek\/marienburg-georg-friedrich\/","title":{"rendered":"MARIENBURG, Georg Friedrich"},"content":{"rendered":"<p>Sz\u00e1szsebes, 1820. j\u00fan., \u2020 Sz\u00e1szn\u00e1das, 1881. nov. 23.: nyelv\u00e9sz, ev. lelk\u00e9sz, t\u00f6rt\u00e9n\u00e9sz. \u2013 A gimn\u00e1ziumot Nagyszebenben v\u00e9gezte; Berlinben germanisztik\u00e1t, t\u00f6rt\u00e9nelmet, f\u00f6ldrajzot \u00e9s teol\u00f3gi\u00e1t, Kv.-on jogtudom\u00e1nyt tanult. Miut\u00e1n egy \u00e9vig sz\u00fcl\u0151v\u00e1ros\u00e1ban gimn\u00e1ziumi tan\u00e1r volt, Segesv\u00e1ron nyert tan\u00e1ri \u00e1ll\u00e1st (1844\u201348), majd lelk\u00e9sz Sz\u00e1szn\u00e1dason (1848\u201381). Els\u0151nek foglalkozott a sz\u00e1szok eredet\u00e9vel, a rajnai nyelveredet v\u00e9delmez\u0151je volt f\u0151 nyelv\u00e9szeti munk\u00e1j\u00e1ban. A segesv\u00e1ri \u00e1g. ev. egyh\u00e1zker\u00fclet seniora \u00e9s a nagyszebeni Verein f\u00fcr Siebenb. Ladeskunde v\u00e1lasztm\u00e1nyi tagja. Cikkeit k\u00f6z\u00f6lte az: Archiv des Vereins f\u00fcr siebenb\u00fcrgische Landeskunde, a S\u00e4chsische Hausfreund, a Magazin f\u00fcr Geschichte und Literatur Siebenb\u00fcrgens, a szebeni Korrespondenzblatt-ban.\u2013 <strong>F. m.:<\/strong> \u00dcber das Verh\u00e4ltnis der siebenb\u00fcrgisch-s\u00e4chsischen Sprache zu den nieders\u00e4chsischen und niederrheinischen Dialekten (1845). <br \/><strong>Irod.:<\/strong> LSS; S\u00e2n-Giorgiu : Aspecte literare (Sibiu, 1938); Szinnyei; Todea 2013<\/br><\/p>\n","protected":false},"excerpt":{"rendered":"<p>Sz\u00e1szsebes, 1820. j\u00fan., \u2020 Sz\u00e1szn\u00e1das, 1881. nov. 23.: nyelv\u00e9sz, ev. lelk\u00e9sz, t\u00f6rt\u00e9n\u00e9sz. \u2013 A gimn\u00e1ziumot Nagyszebenben v\u00e9gezte; Berlinben germanisztik\u00e1t, t\u00f6rt\u00e9nelmet, f\u00f6ldrajzot \u00e9s teol\u00f3gi\u00e1t, Kv.-on jogtudom\u00e1nyt tanult. Miut\u00e1n egy \u00e9vig sz\u00fcl\u0151v\u00e1ros\u00e1ban gimn\u00e1ziumi tan\u00e1r volt, Segesv\u00e1ron nyert tan\u00e1ri \u00e1ll\u00e1st (1844\u201348), majd lelk\u00e9sz Sz\u00e1szn\u00e1dason (1848\u201381). Els\u0151nek foglalkozott a sz\u00e1szok eredet\u00e9vel, a rajnai nyelveredet v\u00e9delmez\u0151je volt f\u0151 nyelv\u00e9szeti munk\u00e1j\u00e1ban. [&hellip;]<\/p>\n","protected":false},"featured_media":0,"comment_status":"open","ping_status":"closed","template":"","meta":[],"product_brand":[],"product_cat":[137],"product_tag":[],"class_list":{"0":"post-14616","1":"product","2":"type-product","3":"status-publish","5":"product_cat-maros-megyei-eletrajzi-lexikon","7":"first","8":"instock","9":"shipping-taxable","10":"product-type-simple"},"_links":{"self":[{"href":"https:\/\/uj.adatbank.ro\/lexikon\/wp-json\/wp\/v2\/product\/14616","targetHints":{"allow":["GET"]}}],"collection":[{"href":"https:\/\/uj.adatbank.ro\/lexikon\/wp-json\/wp\/v2\/product"}],"about":[{"href":"https:\/\/uj.adatbank.ro\/lexikon\/wp-json\/wp\/v2\/types\/product"}],"replies":[{"embeddable":true,"href":"https:\/\/uj.adatbank.ro\/lexikon\/wp-json\/wp\/v2\/comments?post=14616"}],"wp:attachment":[{"href":"https:\/\/uj.adatbank.ro\/lexikon\/wp-json\/wp\/v2\/media?parent=14616"}],"wp:term":[{"taxonomy":"product_brand","embeddable":true,"href":"https:\/\/uj.adatbank.ro\/lexikon\/wp-json\/wp\/v2\/product_brand?post=14616"},{"taxonomy":"product_cat","embeddable":true,"href":"https:\/\/uj.adatbank.ro\/lexikon\/wp-json\/wp\/v2\/product_cat?post=14616"},{"taxonomy":"product_tag","embeddable":true,"href":"https:\/\/uj.adatbank.ro\/lexikon\/wp-json\/wp\/v2\/product_tag?post=14616"}],"curies":[{"name":"wp","href":"https:\/\/api.w.org\/{rel}","templated":true}]}}

<p>Szászsebes, 1820. jún., † Szásznádas, 1881. nov. 23.: nyelvész, ev. lelkész, történész. – A gimnáziumot Nagyszebenben végezte; Berlinben germanisztikát, történelmet, földrajzot és teológiát, Kv.-on jogtudományt tanult. Miután egy évig szülővárosában gimnáziumi tanár volt, Segesváron nyert tanári állást (1844–48), majd lelkész Szásznádason (1848–81). Elsőnek foglalkozott a szászok eredetével, a rajnai nyelveredet védelmezője volt fő nyelvészeti munkájában. A segesvári ág. ev. egyházkerület seniora és a nagyszebeni Verein für Siebenb. Ladeskunde választmányi tagja. Cikkeit közölte az: Archiv des Vereins für siebenbürgische Landeskunde, a Sächsische Hausfreund, a Magazin für Geschichte und Literatur Siebenbürgens, a szebeni Korrespondenzblatt-ban.– <strong>F. m.:</strong> Über das Verhältnis der siebenbürgisch-sächsischen Sprache zu den niedersächsischen und niederrheinischen Dialekten (1845). <br /><strong>Irod.:</strong> LSS; Sân-Giorgiu : Aspecte literare (Sibiu, 1938); Szinnyei; Todea 2013</br></p>

<p>Szászsebes, 1820. jún., † Szásznádas, 1881. nov. 23.: nyelvész, ev. lelkész, történész. – A gimnáziumot Nagyszebenben végezte; Berlinben germanisztikát, történelmet, földrajzot és teológiát, Kv.-on jogtudományt tanult. Miután egy évig szülővárosában gimnáziumi tanár volt, Segesváron nyert tanári állást (1844–48), majd lelkész Szásznádason (1848–81). Elsőnek foglalkozott a szászok eredetével, a rajnai nyelveredet védelmezője volt fő nyelvészeti munkájában. [&hellip;]</p>
