{"id":14622,"date":"2025-07-15T13:07:55","date_gmt":"2025-07-15T11:07:55","guid":{"rendered":"https:\/\/uj.adatbank.ro\/lexikon\/termek\/marinescu-al-violeta\/"},"modified":"2025-07-15T13:07:55","modified_gmt":"2025-07-15T11:07:55","slug":"marinescu-al-violeta","status":"publish","type":"product","link":"https:\/\/uj.adatbank.ro\/lexikon\/termek\/marinescu-al-violeta\/","title":{"rendered":"MARINESCU, AL. Violeta"},"content":{"rendered":"<p>G\u00f6rg\u00e9nyoroszfalu, 1925. \u00e1pr.15. \u2020 ?: katonatiszt. \u2013 A Tudor Vladimirescu hadoszt\u00e1lyban ezredesk\u00e9nt vett r\u00e9szt a II. vh. harcaiban. \u00d6nk\u00e9ntesk\u00e9nt ker\u00fclt a hadseregbe, ahol felder\u00edt\u0151k\u00e9nt \u00e9s szanit\u00e9ck\u00e9nt szolg\u00e1lt.. H\u0151siess\u00e9g\u00e9\u00e9rt sok kit\u00fcntet\u00e9st kapott. A h\u00e1bor\u00fa ut\u00e1n az \u00e1llambiztons\u00e1gban kapott feladatokat (Sziguranca), majd a Bel\u00fcgyminiszt\u00e9riumban tev\u00e9kenykedett nyugd\u00edjaz\u00e1s\u00e1ig (1978). <br \/><strong>Irod.:<\/strong> Suciu<\/br><\/p>\n","protected":false},"excerpt":{"rendered":"<p>G\u00f6rg\u00e9nyoroszfalu, 1925. \u00e1pr.15. \u2020 ?: katonatiszt. \u2013 A Tudor Vladimirescu hadoszt\u00e1lyban ezredesk\u00e9nt vett r\u00e9szt a II. vh. harcaiban. \u00d6nk\u00e9ntesk\u00e9nt ker\u00fclt a hadseregbe, ahol felder\u00edt\u0151k\u00e9nt \u00e9s szanit\u00e9ck\u00e9nt szolg\u00e1lt.. H\u0151siess\u00e9g\u00e9\u00e9rt sok kit\u00fcntet\u00e9st kapott. A h\u00e1bor\u00fa ut\u00e1n az \u00e1llambiztons\u00e1gban kapott feladatokat (Sziguranca), majd a Bel\u00fcgyminiszt\u00e9riumban tev\u00e9kenykedett nyugd\u00edjaz\u00e1s\u00e1ig (1978). Irod.: Suciu<\/p>\n","protected":false},"featured_media":0,"comment_status":"open","ping_status":"closed","template":"","meta":[],"product_brand":[],"product_cat":[137],"product_tag":[],"class_list":{"0":"post-14622","1":"product","2":"type-product","3":"status-publish","5":"product_cat-maros-megyei-eletrajzi-lexikon","7":"first","8":"instock","9":"shipping-taxable","10":"product-type-simple"},"_links":{"self":[{"href":"https:\/\/uj.adatbank.ro\/lexikon\/wp-json\/wp\/v2\/product\/14622","targetHints":{"allow":["GET"]}}],"collection":[{"href":"https:\/\/uj.adatbank.ro\/lexikon\/wp-json\/wp\/v2\/product"}],"about":[{"href":"https:\/\/uj.adatbank.ro\/lexikon\/wp-json\/wp\/v2\/types\/product"}],"replies":[{"embeddable":true,"href":"https:\/\/uj.adatbank.ro\/lexikon\/wp-json\/wp\/v2\/comments?post=14622"}],"wp:attachment":[{"href":"https:\/\/uj.adatbank.ro\/lexikon\/wp-json\/wp\/v2\/media?parent=14622"}],"wp:term":[{"taxonomy":"product_brand","embeddable":true,"href":"https:\/\/uj.adatbank.ro\/lexikon\/wp-json\/wp\/v2\/product_brand?post=14622"},{"taxonomy":"product_cat","embeddable":true,"href":"https:\/\/uj.adatbank.ro\/lexikon\/wp-json\/wp\/v2\/product_cat?post=14622"},{"taxonomy":"product_tag","embeddable":true,"href":"https:\/\/uj.adatbank.ro\/lexikon\/wp-json\/wp\/v2\/product_tag?post=14622"}],"curies":[{"name":"wp","href":"https:\/\/api.w.org\/{rel}","templated":true}]}}

<p>Görgényoroszfalu, 1925. ápr.15. † ?: katonatiszt. – A Tudor Vladimirescu hadosztályban ezredesként vett részt a II. vh. harcaiban. Önkéntesként került a hadseregbe, ahol felderítőként és szanitécként szolgált.. Hősiességéért sok kitüntetést kapott. A háború után az állambiztonságban kapott feladatokat (Sziguranca), majd a Belügyminisztériumban tevékenykedett nyugdíjazásáig (1978). <br /><strong>Irod.:</strong> Suciu</br></p>

<p>Görgényoroszfalu, 1925. ápr.15. † ?: katonatiszt. – A Tudor Vladimirescu hadosztályban ezredesként vett részt a II. vh. harcaiban. Önkéntesként került a hadseregbe, ahol felderítőként és szanitécként szolgált.. Hősiességéért sok kitüntetést kapott. A háború után az állambiztonságban kapott feladatokat (Sziguranca), majd a Belügyminisztériumban tevékenykedett nyugdíjazásáig (1978). Irod.: Suciu</p>
