{"id":14641,"date":"2025-07-15T13:08:32","date_gmt":"2025-07-15T11:08:32","guid":{"rendered":"https:\/\/uj.adatbank.ro\/lexikon\/termek\/mark-endre-3\/"},"modified":"2025-07-15T13:08:32","modified_gmt":"2025-07-15T11:08:32","slug":"mark-endre-3","status":"publish","type":"product","link":"https:\/\/uj.adatbank.ro\/lexikon\/termek\/mark-endre-3\/","title":{"rendered":"M\u00c1RK Endre"},"content":{"rendered":"<p>Magyarr\u00e9gen, 1932.aug.14., \u2020 Magyarr\u00e9gen, 2009.\u00e1pr.15. eln\u00f6k. \u2013 M.Endre, \u00fcgyv\u00e9d \u00e9s Ferenczy Sarolta (1912 \u2020 2003.m\u00e1rc.20., 91. \u00e9v\u00e9ben) fia. Feles\u00e9ge Mara M\u00e1rta szoc. asszisztens (1960). \u2013 Mez\u0151gazd. Szakisk., Mv.-i technikumot (1950\u201351) v\u00e9gzett.Az erd\u0151szentgy\u00f6rgyi rajonn\u00e1l (1951\u201355), a tart.N\u00e9ptan\u00e1csn\u00e1l technikus (1957\u201362). Farmvezet\u0151 a gernyeszegi \u00e1ll. gazd.farmvezet\u0151je (1962\u201366), a Sz\u00e1szr\u00e1geni tejgy\u00e1r technikusa, egys\u00e9gvezet\u0151je nyugd\u00edjaz\u00e1s\u00e1ig (1966\u2013199\u00f6). A sz\u00e1szr\u00e9geni RMDSZ ker\u00fcleti \u00e9s v\u00e1rosi szervezet\u00e9nek eln\u00f6ke (1990\u20132 \u00e9vtizedig),.polg\u00e1rmestere. A M\u00e1ncz J\u00e1nos alapitv\u00e1ny titk\u00e1ra, a Kem\u00e9ny J\u00e1nos M\u0171v. T\u00e1rs.tagja. <br \/><strong>Irod.:<\/strong> [Nekrol\u00f3g] (N\u00fa., 2009.\u00e1pr. 17.); EMKK 2010<\/br><\/p>\n","protected":false},"excerpt":{"rendered":"<p>Magyarr\u00e9gen, 1932.aug.14., \u2020 Magyarr\u00e9gen, 2009.\u00e1pr.15. eln\u00f6k. \u2013 M.Endre, \u00fcgyv\u00e9d \u00e9s Ferenczy Sarolta (1912 \u2020 2003.m\u00e1rc.20., 91. \u00e9v\u00e9ben) fia. Feles\u00e9ge Mara M\u00e1rta szoc. asszisztens (1960). \u2013 Mez\u0151gazd. Szakisk., Mv.-i technikumot (1950\u201351) v\u00e9gzett.Az erd\u0151szentgy\u00f6rgyi rajonn\u00e1l (1951\u201355), a tart.N\u00e9ptan\u00e1csn\u00e1l technikus (1957\u201362). Farmvezet\u0151 a gernyeszegi \u00e1ll. gazd.farmvezet\u0151je (1962\u201366), a Sz\u00e1szr\u00e1geni tejgy\u00e1r technikusa, egys\u00e9gvezet\u0151je nyugd\u00edjaz\u00e1s\u00e1ig (1966\u2013199\u00f6). A sz\u00e1szr\u00e9geni RMDSZ ker\u00fcleti [&hellip;]<\/p>\n","protected":false},"featured_media":0,"comment_status":"open","ping_status":"closed","template":"","meta":[],"product_brand":[],"product_cat":[137],"product_tag":[],"class_list":{"0":"post-14641","1":"product","2":"type-product","3":"status-publish","5":"product_cat-maros-megyei-eletrajzi-lexikon","7":"first","8":"instock","9":"shipping-taxable","10":"product-type-simple"},"_links":{"self":[{"href":"https:\/\/uj.adatbank.ro\/lexikon\/wp-json\/wp\/v2\/product\/14641","targetHints":{"allow":["GET"]}}],"collection":[{"href":"https:\/\/uj.adatbank.ro\/lexikon\/wp-json\/wp\/v2\/product"}],"about":[{"href":"https:\/\/uj.adatbank.ro\/lexikon\/wp-json\/wp\/v2\/types\/product"}],"replies":[{"embeddable":true,"href":"https:\/\/uj.adatbank.ro\/lexikon\/wp-json\/wp\/v2\/comments?post=14641"}],"wp:attachment":[{"href":"https:\/\/uj.adatbank.ro\/lexikon\/wp-json\/wp\/v2\/media?parent=14641"}],"wp:term":[{"taxonomy":"product_brand","embeddable":true,"href":"https:\/\/uj.adatbank.ro\/lexikon\/wp-json\/wp\/v2\/product_brand?post=14641"},{"taxonomy":"product_cat","embeddable":true,"href":"https:\/\/uj.adatbank.ro\/lexikon\/wp-json\/wp\/v2\/product_cat?post=14641"},{"taxonomy":"product_tag","embeddable":true,"href":"https:\/\/uj.adatbank.ro\/lexikon\/wp-json\/wp\/v2\/product_tag?post=14641"}],"curies":[{"name":"wp","href":"https:\/\/api.w.org\/{rel}","templated":true}]}}

MÁRK Endre

<p>Magyarrégen, 1932.aug.14., † Magyarrégen, 2009.ápr.15. elnök. – M.Endre, ügyvéd és Ferenczy Sarolta (1912 † 2003.márc.20., 91. évében) fia. Felesége Mara Márta szoc. asszisztens (1960). – Mezőgazd. Szakisk., Mv.-i technikumot (1950–51) végzett.Az erdőszentgyörgyi rajonnál (1951–55), a tart.Néptanácsnál technikus (1957–62). Farmvezető a gernyeszegi áll. gazd.farmvezetője (1962–66), a Szászrágeni tejgyár technikusa, egységvezetője nyugdíjazásáig (1966–199ö). A szászrégeni RMDSZ kerületi és városi szervezetének elnöke (1990–2 évtizedig),.polgármestere. A Máncz János alapitvány titkára, a Kemény János Műv. Társ.tagja. <br /><strong>Irod.:</strong> [Nekrológ] (Nú., 2009.ápr. 17.); EMKK 2010</br></p>

<p>Magyarrégen, 1932.aug.14., † Magyarrégen, 2009.ápr.15. elnök. – M.Endre, ügyvéd és Ferenczy Sarolta (1912 † 2003.márc.20., 91. évében) fia. Felesége Mara Márta szoc. asszisztens (1960). – Mezőgazd. Szakisk., Mv.-i technikumot (1950–51) végzett.Az erdőszentgyörgyi rajonnál (1951–55), a tart.Néptanácsnál technikus (1957–62). Farmvezető a gernyeszegi áll. gazd.farmvezetője (1962–66), a Szászrágeni tejgyár technikusa, egységvezetője nyugdíjazásáig (1966–199ö). A szászrégeni RMDSZ kerületi [&hellip;]</p>
