{"id":14643,"date":"2025-07-15T13:08:36","date_gmt":"2025-07-15T11:08:36","guid":{"rendered":"https:\/\/uj.adatbank.ro\/lexikon\/termek\/mark-istvan-2\/"},"modified":"2025-07-15T13:08:36","modified_gmt":"2025-07-15T11:08:36","slug":"mark-istvan-2","status":"publish","type":"product","link":"https:\/\/uj.adatbank.ro\/lexikon\/termek\/mark-istvan-2\/","title":{"rendered":"M\u00c1RK Istv\u00e1n"},"content":{"rendered":"<p>Magyarr\u00e9gen, 1896., \u2020\u00a0?: k\u00f6nyvkeresked\u0151 Gyergy\u00f3szentmikl\u00f3son. \u2013 R\u00e9szt vett az els\u0151 vh.-ban (1915\u2013) vonult be a mv.-i 22. h. gy. e.-hez vonult be, az orosz harct\u00e9rre ment, ahol megsebes\u00fclt. <strong>Kit\u00fcntet\u00e9sei:<\/strong> O2, Kcsk., seb. \u00e9. Tov\u00e1bbszolg\u00e1lt a sz\u00e9kely hadoszt\u00e1lyban, ahol mint fut\u00e1rtiszt teljes\u00edtett szolg\u00e1latot, majd arra kapott megbiztat\u00e1st, hogy \u00e1lruh\u00e1ban Erd\u00e9lybe t\u00e9rjen vissza, s ott szervezze meg a felkel\u00e9st a megsz\u00e1ll\u00f3k ellen, s ez\u00e1ltal el\u00f4seg\u00edtse a visszafoglal\u00e1st. Munk\u00e1ja siker\u00e9t megsemmis\u00edtette a teljes \u00f6sszeoml\u00e1s. A megsz\u00e1ll\u00e1s alatt saj\u00e1t k\u00f6lts\u00e9g\u00e9n adta ki a Gyergy\u00f3i Lapokat s k\u00e9s\u00f4bb a Gyergy\u00f3 c. Magyar P\u00e1rti hetilapot. \u2013 Nagyapja M\u00e1rk J\u00e1nos Bem t\u00e1bornok alatt harcolt a szabads\u00e1gharcban.-<br \/><strong>Irod.:<\/strong> Erd\u00e9lyi ezredek<\/br><\/p>\n","protected":false},"excerpt":{"rendered":"<p>Magyarr\u00e9gen, 1896., \u2020\u00a0?: k\u00f6nyvkeresked\u0151 Gyergy\u00f3szentmikl\u00f3son. \u2013 R\u00e9szt vett az els\u0151 vh.-ban (1915\u2013) vonult be a mv.-i 22. h. gy. e.-hez vonult be, az orosz harct\u00e9rre ment, ahol megsebes\u00fclt. Kit\u00fcntet\u00e9sei: O2, Kcsk., seb. \u00e9. Tov\u00e1bbszolg\u00e1lt a sz\u00e9kely hadoszt\u00e1lyban, ahol mint fut\u00e1rtiszt teljes\u00edtett szolg\u00e1latot, majd arra kapott megbiztat\u00e1st, hogy \u00e1lruh\u00e1ban Erd\u00e9lybe t\u00e9rjen vissza, s ott szervezze meg [&hellip;]<\/p>\n","protected":false},"featured_media":0,"comment_status":"open","ping_status":"closed","template":"","meta":[],"product_brand":[],"product_cat":[137],"product_tag":[],"class_list":{"0":"post-14643","1":"product","2":"type-product","3":"status-publish","5":"product_cat-maros-megyei-eletrajzi-lexikon","7":"first","8":"instock","9":"shipping-taxable","10":"product-type-simple"},"_links":{"self":[{"href":"https:\/\/uj.adatbank.ro\/lexikon\/wp-json\/wp\/v2\/product\/14643","targetHints":{"allow":["GET"]}}],"collection":[{"href":"https:\/\/uj.adatbank.ro\/lexikon\/wp-json\/wp\/v2\/product"}],"about":[{"href":"https:\/\/uj.adatbank.ro\/lexikon\/wp-json\/wp\/v2\/types\/product"}],"replies":[{"embeddable":true,"href":"https:\/\/uj.adatbank.ro\/lexikon\/wp-json\/wp\/v2\/comments?post=14643"}],"wp:attachment":[{"href":"https:\/\/uj.adatbank.ro\/lexikon\/wp-json\/wp\/v2\/media?parent=14643"}],"wp:term":[{"taxonomy":"product_brand","embeddable":true,"href":"https:\/\/uj.adatbank.ro\/lexikon\/wp-json\/wp\/v2\/product_brand?post=14643"},{"taxonomy":"product_cat","embeddable":true,"href":"https:\/\/uj.adatbank.ro\/lexikon\/wp-json\/wp\/v2\/product_cat?post=14643"},{"taxonomy":"product_tag","embeddable":true,"href":"https:\/\/uj.adatbank.ro\/lexikon\/wp-json\/wp\/v2\/product_tag?post=14643"}],"curies":[{"name":"wp","href":"https:\/\/api.w.org\/{rel}","templated":true}]}}

MÁRK István

<p>Magyarrégen, 1896., † ?: könyvkereskedő Gyergyószentmiklóson. – Részt vett az első vh.-ban (1915–) vonult be a mv.-i 22. h. gy. e.-hez vonult be, az orosz harctérre ment, ahol megsebesült. <strong>Kitüntetései:</strong> O2, Kcsk., seb. é. Továbbszolgált a székely hadosztályban, ahol mint futártiszt teljesített szolgálatot, majd arra kapott megbiztatást, hogy álruhában Erdélybe térjen vissza, s ott szervezze meg a felkelést a megszállók ellen, s ezáltal elôsegítse a visszafoglalást. Munkája sikerét megsemmisítette a teljes összeomlás. A megszállás alatt saját költségén adta ki a Gyergyói Lapokat s késôbb a Gyergyó c. Magyar Párti hetilapot. – Nagyapja Márk János Bem tábornok alatt harcolt a szabadságharcban.-<br /><strong>Irod.:</strong> Erdélyi ezredek</br></p>

<p>Magyarrégen, 1896., † ?: könyvkereskedő Gyergyószentmiklóson. – Részt vett az első vh.-ban (1915–) vonult be a mv.-i 22. h. gy. e.-hez vonult be, az orosz harctérre ment, ahol megsebesült. Kitüntetései: O2, Kcsk., seb. é. Továbbszolgált a székely hadosztályban, ahol mint futártiszt teljesített szolgálatot, majd arra kapott megbiztatást, hogy álruhában Erdélybe térjen vissza, s ott szervezze meg [&hellip;]</p>
