{"id":14645,"date":"2025-07-15T13:08:39","date_gmt":"2025-07-15T11:08:39","guid":{"rendered":"https:\/\/uj.adatbank.ro\/lexikon\/termek\/mark-janos-%c2%a7\/"},"modified":"2025-07-15T13:08:39","modified_gmt":"2025-07-15T11:08:39","slug":"mark-janos-%c2%a7","status":"publish","type":"product","link":"https:\/\/uj.adatbank.ro\/lexikon\/termek\/mark-janos-%c2%a7\/","title":{"rendered":"M\u00c1RK J\u00e1nos, \u00a7"},"content":{"rendered":"<p>Sz\u00e1szr\u00e9gen, 1862. dec.. 26 \u2020\u00a01922: szabads\u00e1gharcos. \u2013 Feles\u00e9ge: \u00c9ltet\u0151 Katalin, aki r\u00e9v\u00e9n megalapozta a csal\u00e1d vagyoni helyzet\u00e9t. Fiaik: Simon \u00e9s Endre, feles\u00e9ge korai hal\u00e1la ut\u00e1n, nevel\u00e9s\u00fckr\u0151l Urb\u00e1n Zs\u00f3fia gondoskodott. \u2013 26 \u00e9vesen csatlakozott a forradalm\u00e1rokhoz, Lepacsek ezredes csapat\u00e1ban katonai h\u00edrviv\u0151 lett. Titkos levelez\u00e9st sz\u00e1ll\u00edtva koz\u00e1kok t\u00e1madt\u00e1k meg, megsebes\u00fclt de elmenek\u00fclt \u00e9s a r\u00e1b\u00edzott k\u00fcldem\u00e9nnyel visszat\u00e9rt a csapattest\u00e9hez.Neki k\u00f6sz\u00fcnhet\u0151en visszavert\u00e9k a koz\u00e1kok lovasroham\u00e1t. Sebes\u00fcl\u00e9se miatt nem vehetett r\u00e9szt a harcban, de tett\u00e9t Lepacsek ezredes h\u0151stettnek nyilv\u00e1n\u00edtotta 1 hold sz\u00e1nt\u00f3f\u00f6ldet kapott Sz\u00e1szr\u00e9genben. A forradalom buk\u00e1sa ut\u00e1n b\u00fajdosott Arad \u00e9s Szeben megy\u00e9kben. Hazat\u00e9rve megn\u0151s\u00fclt (1856) Trianon ut\u00e1n visszavonultan, b\u00faskomors\u00e1gban \u00e9lt. Nev\u00e9t Ko\u00f3s Ferenc is eml\u00edti k\u00f6nyv\u00e9ben \u00e9s m\u00e9ltatja tev\u00e9kenys\u00e9g\u00e9t.<br \/><strong>Irod.:<\/strong> M\u00faltunkr\u00f3l<\/br><\/p>\n","protected":false},"excerpt":{"rendered":"<p>Sz\u00e1szr\u00e9gen, 1862. dec.. 26 \u2020\u00a01922: szabads\u00e1gharcos. \u2013 Feles\u00e9ge: \u00c9ltet\u0151 Katalin, aki r\u00e9v\u00e9n megalapozta a csal\u00e1d vagyoni helyzet\u00e9t. Fiaik: Simon \u00e9s Endre, feles\u00e9ge korai hal\u00e1la ut\u00e1n, nevel\u00e9s\u00fckr\u0151l Urb\u00e1n Zs\u00f3fia gondoskodott. \u2013 26 \u00e9vesen csatlakozott a forradalm\u00e1rokhoz, Lepacsek ezredes csapat\u00e1ban katonai h\u00edrviv\u0151 lett. Titkos levelez\u00e9st sz\u00e1ll\u00edtva koz\u00e1kok t\u00e1madt\u00e1k meg, megsebes\u00fclt de elmenek\u00fclt \u00e9s a r\u00e1b\u00edzott k\u00fcldem\u00e9nnyel visszat\u00e9rt [&hellip;]<\/p>\n","protected":false},"featured_media":0,"comment_status":"open","ping_status":"closed","template":"","meta":[],"product_brand":[],"product_cat":[137],"product_tag":[],"class_list":{"0":"post-14645","1":"product","2":"type-product","3":"status-publish","5":"product_cat-maros-megyei-eletrajzi-lexikon","7":"first","8":"instock","9":"shipping-taxable","10":"product-type-simple"},"_links":{"self":[{"href":"https:\/\/uj.adatbank.ro\/lexikon\/wp-json\/wp\/v2\/product\/14645","targetHints":{"allow":["GET"]}}],"collection":[{"href":"https:\/\/uj.adatbank.ro\/lexikon\/wp-json\/wp\/v2\/product"}],"about":[{"href":"https:\/\/uj.adatbank.ro\/lexikon\/wp-json\/wp\/v2\/types\/product"}],"replies":[{"embeddable":true,"href":"https:\/\/uj.adatbank.ro\/lexikon\/wp-json\/wp\/v2\/comments?post=14645"}],"wp:attachment":[{"href":"https:\/\/uj.adatbank.ro\/lexikon\/wp-json\/wp\/v2\/media?parent=14645"}],"wp:term":[{"taxonomy":"product_brand","embeddable":true,"href":"https:\/\/uj.adatbank.ro\/lexikon\/wp-json\/wp\/v2\/product_brand?post=14645"},{"taxonomy":"product_cat","embeddable":true,"href":"https:\/\/uj.adatbank.ro\/lexikon\/wp-json\/wp\/v2\/product_cat?post=14645"},{"taxonomy":"product_tag","embeddable":true,"href":"https:\/\/uj.adatbank.ro\/lexikon\/wp-json\/wp\/v2\/product_tag?post=14645"}],"curies":[{"name":"wp","href":"https:\/\/api.w.org\/{rel}","templated":true}]}}

MÁRK János, §

<p>Szászrégen, 1862. dec.. 26 † 1922: szabadságharcos. – Felesége: Éltető Katalin, aki révén megalapozta a család vagyoni helyzetét. Fiaik: Simon és Endre, felesége korai halála után, nevelésükről Urbán Zsófia gondoskodott. – 26 évesen csatlakozott a forradalmárokhoz, Lepacsek ezredes csapatában katonai hírvivő lett. Titkos levelezést szállítva kozákok támadták meg, megsebesült de elmenekült és a rábízott küldeménnyel visszatért a csapattestéhez.Neki köszünhetően visszaverték a kozákok lovasrohamát. Sebesülése miatt nem vehetett részt a harcban, de tettét Lepacsek ezredes hőstettnek nyilvánította 1 hold szántóföldet kapott Szászrégenben. A forradalom bukása után bújdosott Arad és Szeben megyékben. Hazatérve megnősült (1856) Trianon után visszavonultan, búskomorságban élt. Nevét Koós Ferenc is említi könyvében és méltatja tevékenységét.<br /><strong>Irod.:</strong> Múltunkról</br></p>

<p>Szászrégen, 1862. dec.. 26 † 1922: szabadságharcos. – Felesége: Éltető Katalin, aki révén megalapozta a család vagyoni helyzetét. Fiaik: Simon és Endre, felesége korai halála után, nevelésükről Urbán Zsófia gondoskodott. – 26 évesen csatlakozott a forradalmárokhoz, Lepacsek ezredes csapatában katonai hírvivő lett. Titkos levelezést szállítva kozákok támadták meg, megsebesült de elmenekült és a rábízott küldeménnyel visszatért [&hellip;]</p>
