{"id":14646,"date":"2025-07-15T13:08:41","date_gmt":"2025-07-15T11:08:41","guid":{"rendered":"https:\/\/uj.adatbank.ro\/lexikon\/termek\/mark-janos-laszlo\/"},"modified":"2025-07-15T13:08:41","modified_gmt":"2025-07-15T11:08:41","slug":"mark-janos-laszlo","status":"publish","type":"product","link":"https:\/\/uj.adatbank.ro\/lexikon\/termek\/mark-janos-laszlo\/","title":{"rendered":"M\u00c1RK J\u00e1nos L\u00e1szl\u00f3"},"content":{"rendered":"<p>Mv., 1940. m\u00e1j. 9., \u2020 Mv., 2002. m\u00e1rc. 7.: \u00e9p\u00edt\u00e9szm\u00e9rn\u00f6k. \u2013 \u00c9retts\u00e9gizett a mv.-i Bolyai Farkas L\u00edc.-ban (1956), majd elv\u00e9gezte az \u00c9p\u00edt\u00e9szeti Technikumot (1961), azut\u00e1n a Ia\u015fi.-i m\u0171szaki egyetem \u00c9p\u00edt\u00e9szm\u00e9rn\u00f6ki kar\u00e1n szerzett oklevelet (1968). Dolgozott a mv.-i Tervez\u0151 Int\u00e9zetben mint technikus (1961\u201363), a mv.-i Faipari Tr\u0151szt Tervez\u0151 Oszt\u00e1ly\u00e1n (1968\u201369); a Szatm\u00e1rmegyei Tervez\u0151 Int\u00e9zetben (1970\u2013). Kivitelezett tervei. Szatm\u00e1rn\u00e9meti megyei \u00dat- \u00e9s H\u00eddigazgat\u00f3s\u00e1g karbantart\u00f3 \u00fczeme, t\u00f6mbh\u00e1zak tart\u00f3 szerkezete a M\u00e1jus 14 t\u00e9ren, term\u00e1lstrandok \u00e9p\u00fcleteinek \u00e9s medenc\u00e9inek tart\u00f3szerkezete, t\u00e1vols\u00e1gi aut\u00f3busz\u00e1llom\u00e1s statikai szerkezete, nagyk\u00e1rolyi \u00fcvegh\u00e1z \u00e9s f\u00f3lias\u00e1tor egy\u00fcttes, buk.-i t\u00f6mbh\u00e1zak meger\u0151s\u00edt\u00e9si terve az 1977 \u2013es f\u00f6ldreng\u00e9s ut\u00e1n, Szaniszl\u00f3 16 tantermes iskola. <br \/><strong>Irod.:<\/strong> KKACs<\/br><\/p>\n","protected":false},"excerpt":{"rendered":"<p>Mv., 1940. m\u00e1j. 9., \u2020 Mv., 2002. m\u00e1rc. 7.: \u00e9p\u00edt\u00e9szm\u00e9rn\u00f6k. \u2013 \u00c9retts\u00e9gizett a mv.-i Bolyai Farkas L\u00edc.-ban (1956), majd elv\u00e9gezte az \u00c9p\u00edt\u00e9szeti Technikumot (1961), azut\u00e1n a Ia\u015fi.-i m\u0171szaki egyetem \u00c9p\u00edt\u00e9szm\u00e9rn\u00f6ki kar\u00e1n szerzett oklevelet (1968). Dolgozott a mv.-i Tervez\u0151 Int\u00e9zetben mint technikus (1961\u201363), a mv.-i Faipari Tr\u0151szt Tervez\u0151 Oszt\u00e1ly\u00e1n (1968\u201369); a Szatm\u00e1rmegyei Tervez\u0151 Int\u00e9zetben (1970\u2013). Kivitelezett [&hellip;]<\/p>\n","protected":false},"featured_media":0,"comment_status":"open","ping_status":"closed","template":"","meta":[],"product_brand":[],"product_cat":[137],"product_tag":[],"class_list":{"0":"post-14646","1":"product","2":"type-product","3":"status-publish","5":"product_cat-maros-megyei-eletrajzi-lexikon","7":"first","8":"instock","9":"shipping-taxable","10":"product-type-simple"},"_links":{"self":[{"href":"https:\/\/uj.adatbank.ro\/lexikon\/wp-json\/wp\/v2\/product\/14646","targetHints":{"allow":["GET"]}}],"collection":[{"href":"https:\/\/uj.adatbank.ro\/lexikon\/wp-json\/wp\/v2\/product"}],"about":[{"href":"https:\/\/uj.adatbank.ro\/lexikon\/wp-json\/wp\/v2\/types\/product"}],"replies":[{"embeddable":true,"href":"https:\/\/uj.adatbank.ro\/lexikon\/wp-json\/wp\/v2\/comments?post=14646"}],"wp:attachment":[{"href":"https:\/\/uj.adatbank.ro\/lexikon\/wp-json\/wp\/v2\/media?parent=14646"}],"wp:term":[{"taxonomy":"product_brand","embeddable":true,"href":"https:\/\/uj.adatbank.ro\/lexikon\/wp-json\/wp\/v2\/product_brand?post=14646"},{"taxonomy":"product_cat","embeddable":true,"href":"https:\/\/uj.adatbank.ro\/lexikon\/wp-json\/wp\/v2\/product_cat?post=14646"},{"taxonomy":"product_tag","embeddable":true,"href":"https:\/\/uj.adatbank.ro\/lexikon\/wp-json\/wp\/v2\/product_tag?post=14646"}],"curies":[{"name":"wp","href":"https:\/\/api.w.org\/{rel}","templated":true}]}}

MÁRK János László

<p>Mv., 1940. máj. 9., † Mv., 2002. márc. 7.: építészmérnök. – Érettségizett a mv.-i Bolyai Farkas Líc.-ban (1956), majd elvégezte az Építészeti Technikumot (1961), azután a Iaşi.-i műszaki egyetem Építészmérnöki karán szerzett oklevelet (1968). Dolgozott a mv.-i Tervező Intézetben mint technikus (1961–63), a mv.-i Faipari Trőszt Tervező Osztályán (1968–69); a Szatmármegyei Tervező Intézetben (1970–). Kivitelezett tervei. Szatmárnémeti megyei Út- és Hídigazgatóság karbantartó üzeme, tömbházak tartó szerkezete a Május 14 téren, termálstrandok épületeinek és medencéinek tartószerkezete, távolsági autóbuszállomás statikai szerkezete, nagykárolyi üvegház és fóliasátor együttes, buk.-i tömbházak megerősítési terve az 1977 –es földrengés után, Szaniszló 16 tantermes iskola. <br /><strong>Irod.:</strong> KKACs</br></p>

<p>Mv., 1940. máj. 9., † Mv., 2002. márc. 7.: építészmérnök. – Érettségizett a mv.-i Bolyai Farkas Líc.-ban (1956), majd elvégezte az Építészeti Technikumot (1961), azután a Iaşi.-i műszaki egyetem Építészmérnöki karán szerzett oklevelet (1968). Dolgozott a mv.-i Tervező Intézetben mint technikus (1961–63), a mv.-i Faipari Trőszt Tervező Osztályán (1968–69); a Szatmármegyei Tervező Intézetben (1970–). Kivitelezett [&hellip;]</p>
