{"id":14650,"date":"2025-07-15T13:08:50","date_gmt":"2025-07-15T11:08:50","guid":{"rendered":"https:\/\/uj.adatbank.ro\/lexikon\/termek\/mark-mihaly\/"},"modified":"2025-07-15T13:08:50","modified_gmt":"2025-07-15T11:08:50","slug":"mark-mihaly","status":"publish","type":"product","link":"https:\/\/uj.adatbank.ro\/lexikon\/termek\/mark-mihaly\/","title":{"rendered":"M\u00c1RK Mih\u00e1ly"},"content":{"rendered":"<p>Kov\u00e1szna, 1880. dec. 10., \u2020 Parajd, 1965. dec. 7. : lelk\u00e9sz, egyh\u00e1zi \u00edr\u00f3 szerkeszt\u0151. \u2013 Sepsiszentgy\u00f6rgy\u00f6n \u00e9retts\u00e9gizett (1901), majd Kv.-on lelk\u00e9szi diplom\u00e1t szerzett (1905). Lelk\u00e9sz H\u00e9jjasfalv\u00e1n, Csekefalv\u00e1n, Agyagfalv\u00e1n (1908\u201358). A Harangsz\u00f3 c. hetilap munkat\u00e1rsa (1922\u2013) majd felel\u0151s szerkeszt\u0151je (1928\u201338), a Ref. Szemle, K\u00e1lvinista Vil\u00e1g munkat\u00e1rsa. A Ref. Napt\u00e1rban \u00e9s a Hangya Napt\u00e1rban elbesz\u00e9l\u00e9sei jelentek meg. Tev\u00e9kenyen r\u00e9szt vett az Erd\u00e9lyr\u00e9szi Hangya Sz\u00f6vetkezet \u00e9let\u00e9ben mint a fel\u00fcgyel\u0151 bizotts\u00e1g tagja, aleln\u00f6ke, eln\u0151ke (1940\u2013). <br \/><strong>Irod.:<\/strong> RMIL<\/br><\/p>\n","protected":false},"excerpt":{"rendered":"<p>Kov\u00e1szna, 1880. dec. 10., \u2020 Parajd, 1965. dec. 7. : lelk\u00e9sz, egyh\u00e1zi \u00edr\u00f3 szerkeszt\u0151. \u2013 Sepsiszentgy\u00f6rgy\u00f6n \u00e9retts\u00e9gizett (1901), majd Kv.-on lelk\u00e9szi diplom\u00e1t szerzett (1905). Lelk\u00e9sz H\u00e9jjasfalv\u00e1n, Csekefalv\u00e1n, Agyagfalv\u00e1n (1908\u201358). A Harangsz\u00f3 c. hetilap munkat\u00e1rsa (1922\u2013) majd felel\u0151s szerkeszt\u0151je (1928\u201338), a Ref. Szemle, K\u00e1lvinista Vil\u00e1g munkat\u00e1rsa. A Ref. Napt\u00e1rban \u00e9s a Hangya Napt\u00e1rban elbesz\u00e9l\u00e9sei jelentek meg. [&hellip;]<\/p>\n","protected":false},"featured_media":0,"comment_status":"open","ping_status":"closed","template":"","meta":[],"product_brand":[],"product_cat":[137],"product_tag":[],"class_list":{"0":"post-14650","1":"product","2":"type-product","3":"status-publish","5":"product_cat-maros-megyei-eletrajzi-lexikon","7":"first","8":"instock","9":"shipping-taxable","10":"product-type-simple"},"_links":{"self":[{"href":"https:\/\/uj.adatbank.ro\/lexikon\/wp-json\/wp\/v2\/product\/14650","targetHints":{"allow":["GET"]}}],"collection":[{"href":"https:\/\/uj.adatbank.ro\/lexikon\/wp-json\/wp\/v2\/product"}],"about":[{"href":"https:\/\/uj.adatbank.ro\/lexikon\/wp-json\/wp\/v2\/types\/product"}],"replies":[{"embeddable":true,"href":"https:\/\/uj.adatbank.ro\/lexikon\/wp-json\/wp\/v2\/comments?post=14650"}],"wp:attachment":[{"href":"https:\/\/uj.adatbank.ro\/lexikon\/wp-json\/wp\/v2\/media?parent=14650"}],"wp:term":[{"taxonomy":"product_brand","embeddable":true,"href":"https:\/\/uj.adatbank.ro\/lexikon\/wp-json\/wp\/v2\/product_brand?post=14650"},{"taxonomy":"product_cat","embeddable":true,"href":"https:\/\/uj.adatbank.ro\/lexikon\/wp-json\/wp\/v2\/product_cat?post=14650"},{"taxonomy":"product_tag","embeddable":true,"href":"https:\/\/uj.adatbank.ro\/lexikon\/wp-json\/wp\/v2\/product_tag?post=14650"}],"curies":[{"name":"wp","href":"https:\/\/api.w.org\/{rel}","templated":true}]}}

MÁRK Mihály

<p>Kovászna, 1880. dec. 10., † Parajd, 1965. dec. 7. : lelkész, egyházi író szerkesztő. – Sepsiszentgyörgyön érettségizett (1901), majd Kv.-on lelkészi diplomát szerzett (1905). Lelkész Héjjasfalván, Csekefalván, Agyagfalván (1908–58). A Harangszó c. hetilap munkatársa (1922–) majd felelős szerkesztője (1928–38), a Ref. Szemle, Kálvinista Világ munkatársa. A Ref. Naptárban és a Hangya Naptárban elbeszélései jelentek meg. Tevékenyen részt vett az Erdélyrészi Hangya Szövetkezet életében mint a felügyelő bizottság tagja, alelnöke, elnőke (1940–). <br /><strong>Irod.:</strong> RMIL</br></p>

<p>Kovászna, 1880. dec. 10., † Parajd, 1965. dec. 7. : lelkész, egyházi író szerkesztő. – Sepsiszentgyörgyön érettségizett (1901), majd Kv.-on lelkészi diplomát szerzett (1905). Lelkész Héjjasfalván, Csekefalván, Agyagfalván (1908–58). A Harangszó c. hetilap munkatársa (1922–) majd felelős szerkesztője (1928–38), a Ref. Szemle, Kálvinista Világ munkatársa. A Ref. Naptárban és a Hangya Naptárban elbeszélései jelentek meg. [&hellip;]</p>
