{"id":14651,"date":"2025-07-15T13:08:52","date_gmt":"2025-07-15T11:08:52","guid":{"rendered":"https:\/\/uj.adatbank.ro\/lexikon\/termek\/mark-miklos-mark-nicolae\/"},"modified":"2025-07-15T13:08:52","modified_gmt":"2025-07-15T11:08:52","slug":"mark-miklos-mark-nicolae","status":"publish","type":"product","link":"https:\/\/uj.adatbank.ro\/lexikon\/termek\/mark-miklos-mark-nicolae\/","title":{"rendered":"M\u00c1RK Mikl\u00f3s, M\u00e1rk Nicolae"},"content":{"rendered":"<p>Cs\u00edkszentgy\u00f6rgy, 1895., \u2020 ?: \u00fcgyv\u00e9d. \u2013 Keresked\u0151 csal\u00e1db\u00f3l sz\u00e1rmazott. \u2013 A mv.-i ref. koll.-ban \u00e9retts\u00e9gizett, az egyetemet Kv.-on v\u00e9gezte, doktor\u00e1lt (1918), \u00fcgyv\u00e9di vizsg\u00e1t tett (1921).\u00dcgyv\u00e9djel\u00f6ltk\u00e9nt dolgozott Mv.-en, Bp.-en, majd Mv.-en gyakorl\u00f3 \u00fcgyv\u00e9d lett (1921\u2013). A Mv.-i Keresked\u0151k T\u00e1rsulat\u00e1nak titk\u00e1ra, a Kereskedelmi Kamara tagja. Kereskedelmi t\u00e1rgy\u00fa cikkeket \u00edrt napi \u00e9s szaklapokban.<br \/><strong>Irod.:<\/strong> Almanah Tg.M.; Ki kicsoda?<\/br><\/p>\n","protected":false},"excerpt":{"rendered":"<p>Cs\u00edkszentgy\u00f6rgy, 1895., \u2020 ?: \u00fcgyv\u00e9d. \u2013 Keresked\u0151 csal\u00e1db\u00f3l sz\u00e1rmazott. \u2013 A mv.-i ref. koll.-ban \u00e9retts\u00e9gizett, az egyetemet Kv.-on v\u00e9gezte, doktor\u00e1lt (1918), \u00fcgyv\u00e9di vizsg\u00e1t tett (1921).\u00dcgyv\u00e9djel\u00f6ltk\u00e9nt dolgozott Mv.-en, Bp.-en, majd Mv.-en gyakorl\u00f3 \u00fcgyv\u00e9d lett (1921\u2013). A Mv.-i Keresked\u0151k T\u00e1rsulat\u00e1nak titk\u00e1ra, a Kereskedelmi Kamara tagja. Kereskedelmi t\u00e1rgy\u00fa cikkeket \u00edrt napi \u00e9s szaklapokban.Irod.: Almanah Tg.M.; Ki kicsoda?<\/p>\n","protected":false},"featured_media":0,"comment_status":"open","ping_status":"closed","template":"","meta":[],"product_brand":[],"product_cat":[137],"product_tag":[],"class_list":{"0":"post-14651","1":"product","2":"type-product","3":"status-publish","5":"product_cat-maros-megyei-eletrajzi-lexikon","7":"first","8":"instock","9":"shipping-taxable","10":"product-type-simple"},"_links":{"self":[{"href":"https:\/\/uj.adatbank.ro\/lexikon\/wp-json\/wp\/v2\/product\/14651","targetHints":{"allow":["GET"]}}],"collection":[{"href":"https:\/\/uj.adatbank.ro\/lexikon\/wp-json\/wp\/v2\/product"}],"about":[{"href":"https:\/\/uj.adatbank.ro\/lexikon\/wp-json\/wp\/v2\/types\/product"}],"replies":[{"embeddable":true,"href":"https:\/\/uj.adatbank.ro\/lexikon\/wp-json\/wp\/v2\/comments?post=14651"}],"wp:attachment":[{"href":"https:\/\/uj.adatbank.ro\/lexikon\/wp-json\/wp\/v2\/media?parent=14651"}],"wp:term":[{"taxonomy":"product_brand","embeddable":true,"href":"https:\/\/uj.adatbank.ro\/lexikon\/wp-json\/wp\/v2\/product_brand?post=14651"},{"taxonomy":"product_cat","embeddable":true,"href":"https:\/\/uj.adatbank.ro\/lexikon\/wp-json\/wp\/v2\/product_cat?post=14651"},{"taxonomy":"product_tag","embeddable":true,"href":"https:\/\/uj.adatbank.ro\/lexikon\/wp-json\/wp\/v2\/product_tag?post=14651"}],"curies":[{"name":"wp","href":"https:\/\/api.w.org\/{rel}","templated":true}]}}

MÁRK Miklós, Márk Nicolae

<p>Csíkszentgyörgy, 1895., † ?: ügyvéd. – Kereskedő családból származott. – A mv.-i ref. koll.-ban érettségizett, az egyetemet Kv.-on végezte, doktorált (1918), ügyvédi vizsgát tett (1921).Ügyvédjelöltként dolgozott Mv.-en, Bp.-en, majd Mv.-en gyakorló ügyvéd lett (1921–). A Mv.-i Kereskedők Társulatának titkára, a Kereskedelmi Kamara tagja. Kereskedelmi tárgyú cikkeket írt napi és szaklapokban.<br /><strong>Irod.:</strong> Almanah Tg.M.; Ki kicsoda?</br></p>

<p>Csíkszentgyörgy, 1895., † ?: ügyvéd. – Kereskedő családból származott. – A mv.-i ref. koll.-ban érettségizett, az egyetemet Kv.-on végezte, doktorált (1918), ügyvédi vizsgát tett (1921).Ügyvédjelöltként dolgozott Mv.-en, Bp.-en, majd Mv.-en gyakorló ügyvéd lett (1921–). A Mv.-i Kereskedők Társulatának titkára, a Kereskedelmi Kamara tagja. Kereskedelmi tárgyú cikkeket írt napi és szaklapokban.Irod.: Almanah Tg.M.; Ki kicsoda?</p>
