{"id":14658,"date":"2025-07-15T13:09:05","date_gmt":"2025-07-15T11:09:05","guid":{"rendered":"https:\/\/uj.adatbank.ro\/lexikon\/termek\/markaly-antal\/"},"modified":"2025-07-15T13:09:05","modified_gmt":"2025-07-15T11:09:05","slug":"markaly-antal","status":"publish","type":"product","link":"https:\/\/uj.adatbank.ro\/lexikon\/termek\/markaly-antal\/","title":{"rendered":"MARKALY Antal"},"content":{"rendered":"<p>K\u00e1szonalt\u00edz, 1856. m\u00e1rc. 22.., \u2020 1910. dec. 20.: r.k. pap. \u2013 Cs\u00edksomly\u00f3n \u00e9s Gyulafeh\u00e9rv\u00e1ron tanult. Papp\u00e1 szentelt\u00e9k (1879. j\u00fal. 25.). K\u00e1pl\u00e1n Cs\u00edkszentgy\u00f6rgy\u00f6n, Ditr\u00f3ban, Mv.-en (1883\u201385). Pl\u00e9b\u00e1nos Nagyerny\u00e9n (1885), Sz\u00e9kelyhodoson (1889\u201390), Cs\u00edkszentgy\u00f6rgy\u00f6n, K\u00e9zdiszentl\u00e9leken, majd f\u0151esperes (1910). <br \/><strong>Irod.:<\/strong> Ferenczi S\u00e1ndor 2009<\/br><\/p>\n","protected":false},"excerpt":{"rendered":"<p>K\u00e1szonalt\u00edz, 1856. m\u00e1rc. 22.., \u2020 1910. dec. 20.: r.k. pap. \u2013 Cs\u00edksomly\u00f3n \u00e9s Gyulafeh\u00e9rv\u00e1ron tanult. Papp\u00e1 szentelt\u00e9k (1879. j\u00fal. 25.). K\u00e1pl\u00e1n Cs\u00edkszentgy\u00f6rgy\u00f6n, Ditr\u00f3ban, Mv.-en (1883\u201385). Pl\u00e9b\u00e1nos Nagyerny\u00e9n (1885), Sz\u00e9kelyhodoson (1889\u201390), Cs\u00edkszentgy\u00f6rgy\u00f6n, K\u00e9zdiszentl\u00e9leken, majd f\u0151esperes (1910). Irod.: Ferenczi S\u00e1ndor 2009<\/p>\n","protected":false},"featured_media":0,"comment_status":"open","ping_status":"closed","template":"","meta":[],"product_brand":[],"product_cat":[137],"product_tag":[],"class_list":{"0":"post-14658","1":"product","2":"type-product","3":"status-publish","5":"product_cat-maros-megyei-eletrajzi-lexikon","7":"first","8":"instock","9":"shipping-taxable","10":"product-type-simple"},"_links":{"self":[{"href":"https:\/\/uj.adatbank.ro\/lexikon\/wp-json\/wp\/v2\/product\/14658","targetHints":{"allow":["GET"]}}],"collection":[{"href":"https:\/\/uj.adatbank.ro\/lexikon\/wp-json\/wp\/v2\/product"}],"about":[{"href":"https:\/\/uj.adatbank.ro\/lexikon\/wp-json\/wp\/v2\/types\/product"}],"replies":[{"embeddable":true,"href":"https:\/\/uj.adatbank.ro\/lexikon\/wp-json\/wp\/v2\/comments?post=14658"}],"wp:attachment":[{"href":"https:\/\/uj.adatbank.ro\/lexikon\/wp-json\/wp\/v2\/media?parent=14658"}],"wp:term":[{"taxonomy":"product_brand","embeddable":true,"href":"https:\/\/uj.adatbank.ro\/lexikon\/wp-json\/wp\/v2\/product_brand?post=14658"},{"taxonomy":"product_cat","embeddable":true,"href":"https:\/\/uj.adatbank.ro\/lexikon\/wp-json\/wp\/v2\/product_cat?post=14658"},{"taxonomy":"product_tag","embeddable":true,"href":"https:\/\/uj.adatbank.ro\/lexikon\/wp-json\/wp\/v2\/product_tag?post=14658"}],"curies":[{"name":"wp","href":"https:\/\/api.w.org\/{rel}","templated":true}]}}