{"id":14660,"date":"2025-07-15T13:09:11","date_gmt":"2025-07-15T11:09:11","guid":{"rendered":"https:\/\/uj.adatbank.ro\/lexikon\/termek\/marki-anton-de\/"},"modified":"2025-07-15T13:09:11","modified_gmt":"2025-07-15T11:09:11","slug":"marki-anton-de","status":"publish","type":"product","link":"https:\/\/uj.adatbank.ro\/lexikon\/termek\/marki-anton-de\/","title":{"rendered":"MARKI, Anton de"},"content":{"rendered":"<p>Mv., 1759. szept. 16., \u2020 Bukovina, 1819. jan. 10.: tan\u00e1r, iskolaszervez\u0151, filol\u00f3gus. \u2013 Apja Baltazar Demarki. A szebeni tan\u00edt\u00f3k\u00e9pz\u0151ben tanult. Enzenberg korm\u00e1nyz\u00f3 Bukovin\u00e1ba rendelte, latin \u00e9s rom\u00e1nnyelv ismeretei, kult\u00far\u00e1ja alapj\u00e1n megb\u00edzta Franz Thaillingerrel egy\u00fctt, a bukovinai tan\u00fcgy n\u00e9met rendszer szerinti megszervez\u00e9s\u00e9vel (1783). Itt kinevezt\u00e9k a tan\u00edt\u00f3k\u00e9pz\u0151 igazgat\u00f3j\u00e1v\u00e1 (1784) \u00e9s rom\u00e1nnyelv tan\u00e1r\u00e1v\u00e1, majd k\u00f6rzeti fel\u00fcgyel\u0151, f\u0151tanfel\u0171gyel\u0151 (1814\u2013), a rom\u00e1n \u00e9rdekek v\u00e9delmez\u0151je (1814\u201319). Az els\u0151 \u00f3rarendek \u00e9s tank\u00f6nyvek \u00f6ssze\u00e1ll\u00edt\u00f3ja, Cernauti-ban nyomtatt\u00e1k. Leford\u00edtotta Comenius m\u0171veit nyelvre, ez k\u00e9ziratban maradt.\u2013 <strong>F. m.:<\/strong> Aratare a slovelor, a \u00eemp\u0103r\u0163iriilor, a semnelor tonului (Buda, 1815); Auszug aus der f\u00fcr Normal- und Hauptschule vorgeschriebenen deutschen Sprachlehre in deutscher und wallachischer Sprache, enthatend das Wichtigste der deutschen und wallachischen Sprache, damnn die \u00dcbereinstimmung oder Abweichung der letzteren von der erstern (1810). <br \/><strong>Irod.:<\/strong> Ploe\u015fteanu, Gr.: Anton de Marki (St. r., 1. iul. 1984.); Todea 2013<\/br><\/p>\n","protected":false},"excerpt":{"rendered":"<p>Mv., 1759. szept. 16., \u2020 Bukovina, 1819. jan. 10.: tan\u00e1r, iskolaszervez\u0151, filol\u00f3gus. \u2013 Apja Baltazar Demarki. A szebeni tan\u00edt\u00f3k\u00e9pz\u0151ben tanult. Enzenberg korm\u00e1nyz\u00f3 Bukovin\u00e1ba rendelte, latin \u00e9s rom\u00e1nnyelv ismeretei, kult\u00far\u00e1ja alapj\u00e1n megb\u00edzta Franz Thaillingerrel egy\u00fctt, a bukovinai tan\u00fcgy n\u00e9met rendszer szerinti megszervez\u00e9s\u00e9vel (1783). Itt kinevezt\u00e9k a tan\u00edt\u00f3k\u00e9pz\u0151 igazgat\u00f3j\u00e1v\u00e1 (1784) \u00e9s rom\u00e1nnyelv tan\u00e1r\u00e1v\u00e1, majd k\u00f6rzeti fel\u00fcgyel\u0151, f\u0151tanfel\u0171gyel\u0151 [&hellip;]<\/p>\n","protected":false},"featured_media":0,"comment_status":"open","ping_status":"closed","template":"","meta":[],"product_brand":[],"product_cat":[137],"product_tag":[],"class_list":{"0":"post-14660","1":"product","2":"type-product","3":"status-publish","5":"product_cat-maros-megyei-eletrajzi-lexikon","7":"first","8":"instock","9":"shipping-taxable","10":"product-type-simple"},"_links":{"self":[{"href":"https:\/\/uj.adatbank.ro\/lexikon\/wp-json\/wp\/v2\/product\/14660","targetHints":{"allow":["GET"]}}],"collection":[{"href":"https:\/\/uj.adatbank.ro\/lexikon\/wp-json\/wp\/v2\/product"}],"about":[{"href":"https:\/\/uj.adatbank.ro\/lexikon\/wp-json\/wp\/v2\/types\/product"}],"replies":[{"embeddable":true,"href":"https:\/\/uj.adatbank.ro\/lexikon\/wp-json\/wp\/v2\/comments?post=14660"}],"wp:attachment":[{"href":"https:\/\/uj.adatbank.ro\/lexikon\/wp-json\/wp\/v2\/media?parent=14660"}],"wp:term":[{"taxonomy":"product_brand","embeddable":true,"href":"https:\/\/uj.adatbank.ro\/lexikon\/wp-json\/wp\/v2\/product_brand?post=14660"},{"taxonomy":"product_cat","embeddable":true,"href":"https:\/\/uj.adatbank.ro\/lexikon\/wp-json\/wp\/v2\/product_cat?post=14660"},{"taxonomy":"product_tag","embeddable":true,"href":"https:\/\/uj.adatbank.ro\/lexikon\/wp-json\/wp\/v2\/product_tag?post=14660"}],"curies":[{"name":"wp","href":"https:\/\/api.w.org\/{rel}","templated":true}]}}

<p>Mv., 1759. szept. 16., † Bukovina, 1819. jan. 10.: tanár, iskolaszervező, filológus. – Apja Baltazar Demarki. A szebeni tanítóképzőben tanult. Enzenberg kormányzó Bukovinába rendelte, latin és románnyelv ismeretei, kultúrája alapján megbízta Franz Thaillingerrel együtt, a bukovinai tanügy német rendszer szerinti megszervezésével (1783). Itt kinevezték a tanítóképző igazgatójává (1784) és románnyelv tanárává, majd körzeti felügyelő, főtanfelűgyelő (1814–), a román érdekek védelmezője (1814–19). Az első órarendek és tankönyvek összeállítója, Cernauti-ban nyomtatták. Lefordította Comenius műveit nyelvre, ez kéziratban maradt.– <strong>F. m.:</strong> Aratare a slovelor, a împărţiriilor, a semnelor tonului (Buda, 1815); Auszug aus der für Normal- und Hauptschule vorgeschriebenen deutschen Sprachlehre in deutscher und wallachischer Sprache, enthatend das Wichtigste der deutschen und wallachischen Sprache, damnn die Übereinstimmung oder Abweichung der letzteren von der erstern (1810). <br /><strong>Irod.:</strong> Ploeşteanu, Gr.: Anton de Marki (St. r., 1. iul. 1984.); Todea 2013</br></p>

<p>Mv., 1759. szept. 16., † Bukovina, 1819. jan. 10.: tanár, iskolaszervező, filológus. – Apja Baltazar Demarki. A szebeni tanítóképzőben tanult. Enzenberg kormányzó Bukovinába rendelte, latin és románnyelv ismeretei, kultúrája alapján megbízta Franz Thaillingerrel együtt, a bukovinai tanügy német rendszer szerinti megszervezésével (1783). Itt kinevezték a tanítóképző igazgatójává (1784) és románnyelv tanárává, majd körzeti felügyelő, főtanfelűgyelő [&hellip;]</p>
